{"id":822,"date":"2020-03-16T20:13:56","date_gmt":"2020-03-16T20:13:56","guid":{"rendered":"https:\/\/pldistribucion.com.ar\/web\/?post_type=product&#038;p=822"},"modified":"2020-03-17T18:42:15","modified_gmt":"2020-03-17T18:42:15","slug":"filtros-mann-filter","status":"publish","type":"product","link":"https:\/\/pldistribucion.com.ar\/web\/producto\/filtros-mann-filter\/","title":{"rendered":"FILTROS MANN FILTER"},"content":{"rendered":"<div id=\"c2394\" class=\"csc-default\">\n<div class=\"Headline\">\n<h1>Filtros de aire MANN-FILTER<\/h1>\n<p><span class=\"SubTitle\">Aire limpio. M\u00e1xima confiabilidad.<\/span><\/p>\n<\/div>\n<\/div>\n<div id=\"c2388\" class=\"csc-default\">\n<p class=\"bodytext\"><span lang=\"EN-GB\">Para lograr un \u00f3ptimo rendimiento, los motores de combusti\u00f3n requieren la entrada de aire limpio. Si los contaminantes en el aire, como el holl\u00edn o polvo, entran en la c\u00e1mara de combusti\u00f3n, pueden provocarse orificios en la cabeza de los cilindros, causando el desgaste prematuro del motor. La funci\u00f3n de los componentes electr\u00f3nicos situados entre la succi\u00f3n y la c\u00e1mara de combusti\u00f3n puede ser reducida significativamente..\u00a0<\/span><\/p>\n<p class=\"bodytext\"><b><span lang=\"EN-GB\">Los filtros de aire MANN-FILTER\u00a0<\/span><\/b><span lang=\"EN-GB\">\u00a0son el\u00a0<b>final del camino para las part\u00edculas de suciedad<\/b>. Sin importar si se trata incluso de polvo, arena, holl\u00edn e incluso gotas de agua &#8211; gracias al alto grado de separaci\u00f3n y la alta estabilidad mec\u00e1nica, los filtros de aire MANN-FILTER filtran incluso las part\u00edculas m\u00e1s peque\u00f1as de la toma de aire. Esto permite la composici\u00f3n \u00f3ptima de la relaci\u00f3n combustible-aire y asegura que el rendimiento del motor sea constante.<\/span><\/p>\n<p class=\"bodytext\">Con el objeto de asegurar su funcionamiento, los filtros de aire debe ser verificados regularmente, dado que un filtro saturado impedir\u00e1 el suministro de aire al motor. Una consecuencia posible de esto es que el combustible\u00a0 no combustione totalmente\u00a0 y puede en parte ser desechado sin haber sido usado. Este es otro sello distintivo de los filtros de aire MANN-FILTER: la alta capacidad de retenci\u00f3n de polvo asegura la confiabilidad a lo largo de todo el intervalo de servicio completo.<\/p>\n<\/div>\n<div id=\"c2374\" class=\"csc-default\">\n<div class=\"Headline\">\n<h1><\/h1>\n<h1>Filtro de aceite MANN-FILTER<\/h1>\n<p><span class=\"SubTitle\">Filtro de aceite MANN-FILTER<\/span><\/p>\n<\/div>\n<\/div>\n<div id=\"c2368\" class=\"csc-default\">\n<p class=\"bodytext\"><span lang=\"EN-GB\">Cada vez m\u00e1s y m\u00e1s rendimiento, acompa\u00f1ado de menos y menos consumo &#8211; con el fin de satisfacer las altas exigencias de los motores modernos, los fabricantes de autom\u00f3viles exigen los m\u00e1s altos niveles de rendimiento absoluto de los componentes de motor usados\u200b\u200b. El circuito de aceite es de central importancia aqu\u00ed, ya que s\u00f3lo el aceite limpio del motor de forma permanente puede garantizar un rendimiento constante del motor. Si el aceite en circulaci\u00f3n no est\u00e1 permanentemente libre de impurezas y residuos de combusti\u00f3n, la protecci\u00f3n contra el desgaste ya no est\u00e1 garantizada. En el peor de los casos, esto puede incluso da\u00f1ar el motor.\u00a0<\/span><\/p>\n<p class=\"bodytext\">Si quiere ir a lo seguro cuando se elige un filtro de aceite, elija MANN-FILTER. Est\u00e1n dise\u00f1ados para los aceites de alto rendimiento modernos y puede hacer frente incluso a los desaf\u00edos t\u00e9cnicos m\u00e1s exigentes. Como las \u00e1reas de aplicaci\u00f3n de los filtros de aceite y las exigencias que se les imponen pueden variar, los filtros de aceite MANN-FILTER est\u00e1n disponibles en diferentes dise\u00f1os.<\/p>\n<\/div>\n<p>&nbsp;<\/p>\n<div id=\"c2342\" class=\"csc-default\">\n<div class=\"Headline\">\n<h1>Filtros de combustible MANN-FILTER.<\/h1>\n<p><span class=\"SubTitle\">M\u00e1s fiabilidad. Menos desgaste<\/span><\/p>\n<\/div>\n<\/div>\n<div id=\"c2336\" class=\"csc-default\">\n<p class=\"bodytext\"><span lang=\"EN-GB\">Los modernos sistemas de inyecci\u00f3n de alto rendimiento exigen altas demandas en la calidad y la pureza del combustible.\u00a0<b>Los filtros de combustible MANN-FILTER\u00a0<\/b><b>aseguran que las part\u00edculas sucias y cualquier contenido de agua en el combustible no da\u00f1en el motor<\/b>.<\/span><\/p>\n<p class=\"bodytext\"><span lang=\"EN-GB\">Los filtros se adaptan tambi\u00e9n a las altas exigencias de conjuntos de inyecci\u00f3n sensibles, as\u00ed como a las propiedades espec\u00edficas de los combustibles alternativos, por ejemplo biodiesel. Mediante el uso de papeles filtrantes extremadamente finos, el combustible es liberado de manera confiable de las part\u00edculas de suciedad no deseadas. Nuestros filtros protegen los sistemas de inyecci\u00f3n contra el desgaste y la corrosi\u00f3n y por lo tanto ayudan a mantener el buen funcionamiento de todo el motor. Un efecto que tambi\u00e9n se refleja positivamente en los costos de mantenimiento.<\/span><\/p>\n<p class=\"bodytext\">Hay distintos tipos de filtros de combustible MANN-FILTER<\/p>\n<p class=\"bodytext\"><b><span lang=\"EN-GB\"><a class=\"internal-link\" title=\"Opens internal link in current window\" href=\"https:\/\/www.mann-filter.com\/es\/mf-ar\/products\/fuel-filter\/spin-ons\/\">Unidades selladas<\/a><\/span><\/b><\/p>\n<p class=\"bodytext\"><span lang=\"EN-GB\">Carcasa y elemento filtrante como una unidad compacta.<\/span><\/p>\n<p class=\"bodytext\"><b><span lang=\"EN-GB\"><a class=\"internal-link\" title=\"Opens internal link in current window\" href=\"https:\/\/www.mann-filter.com\/es\/mf-ar\/products\/fuel-filter\/inline-filters\/\">Filtro Inline<\/a><\/span><\/b><\/p>\n<p class=\"bodytext\"><span lang=\"EN-GB\">Perfectamente integrado a la l\u00ednea de combustible.<\/span><\/p>\n<p class=\"bodytext\"><b><span lang=\"EN-GB\"><a class=\"internal-link\" title=\"Opens internal link in current window\" href=\"https:\/\/www.mann-filter.com\/es\/mf-ar\/products\/fuel-filter\/filter-elements\/\">Elementos Filtrantes<\/a><\/span><\/b><\/p>\n<p class=\"bodytext\">Alto rendimiento con reducido desgaste.<\/p>\n<\/div>\n<p>&nbsp;<\/p>\n<div id=\"c2316\" class=\"csc-default\">\n<div class=\"Headline\">\n<h1>Filtros de habit\u00e1culo MANN-FILTER<\/h1>\n<p><span class=\"SubTitle\">Atm\u00f3sfera m\u00e1s sana. Mayor confort.<\/span><\/p>\n<\/div>\n<\/div>\n<div id=\"c2310\" class=\"csc-default\">\n<p class=\"bodytext\"><span lang=\"EN-GB\">La mala calidad del aire produce cansancio, irrita los ojos y el tracto respiratorio. Los filtros de\u00a0habit\u00e1culo de\u00a0<b>MANN-FILTER<\/b>\u00a0aseguran un confort mejorado y refresca el aire en su auto, dado que liberan casi completamente\u00a0\u00a0el aire que ingresa a su veh\u00edculo\u00a0<b>de polvo, polen, holl\u00edn y otros contaminantes<\/b>\u00a0\u2013 precisamente de esas sustancias que causan problemas de salud cada vez a m\u00e1s y m\u00e1s personas &#8211; especialmente a la gente asm\u00e1tica y con alergias.<\/span><\/p>\n<p class=\"bodytext\"><span lang=\"EN-GB\">Como todos los dem\u00e1s filtros, los filtros de habit\u00e1culo MANN-FILTER\u00a0\u00a0tambi\u00e9n deben ser reemplazados regularmente. Como regla general, debe realizarse el intervalo de recambio cada a\u00f1o o despu\u00e9s de los 15.000 km. Ventanas empa\u00f1adas, un habit\u00e1culo mal ventilado y un sistema de aire acondicionado que funciona mal tambi\u00e9n son signos claros de que es necesario el reemplazo.\u00a0<\/span><\/p>\n<p class=\"bodytext\">La pr\u00f3xima vez que cambie el filtro de habit\u00e1culo, vaya a lo seguro y elija un filtro de alta tecnolog\u00eda patentada de MANN-FILTER. Nuestros productos son un complemento perfecto y de calidad de equipo original comprobada. Las instrucciones detalladas de instalaci\u00f3n implican que el montaje es r\u00e1pido y sencillo. Los filtros de habit\u00e1culo MANN-FILTER\u00a0 est\u00e1n disponibles en dos versiones:<\/p>\n<p class=\"bodytext\"><b><span lang=\"EN-GB\"><a class=\"internal-link\" title=\"Opens internal link in current window\" href=\"https:\/\/www.mann-filter.com\/es\/mf-ar\/products\/cabin-air-filter\/particle-filters\/\">Filtros para part\u00edculas<\/a><\/span><\/b><\/p>\n<p class=\"bodytext\"><span lang=\"EN-GB\">No deja que ingrese nada s\u00f3lo aire limpio.<\/span><\/p>\n<p class=\"bodytext\"><b><span lang=\"EN-GB\"><a class=\"internal-link\" title=\"Opens internal link in current window\" href=\"https:\/\/www.mann-filter.com\/es\/mf-ar\/products\/cabin-air-filter\/combi-filter\/\">Filtro Combi adsotop\u00ae (con carb\u00f3n activado)<\/a><\/span><\/b><\/p>\n<p class=\"bodytext\"><span lang=\"EN-GB\">Los malos olores no tienen chance.<\/span><\/p>\n<\/div>\n<p>&nbsp;<\/p>\n<p class=\"bodytext\"><span lang=\"EN-GB\">Adem\u00e1s de los filtros est\u00e1ndar para aire, aceite, combustible y habit\u00e1culo, nuestra gama tambi\u00e9n incluye filtros para muchas otras aplicaciones:<\/span><\/p>\n<p class=\"bodytext\"><b><span lang=\"EN-GB\"><a class=\"internal-link\" title=\"Opens internal link in current window\" href=\"https:\/\/www.mann-filter.com\/es\/mf-ar\/products\/other\/dab\/\">Cajas de agenes desecadores<\/a><\/span><\/b><\/p>\n<p class=\"bodytext\"><span lang=\"EN-GB\">Para la deshumidificaci\u00f3n y limpieza del aire comprimido especialmente en los veh\u00edculos comerciales.<\/span><\/p>\n<p class=\"bodytext\"><b><span lang=\"EN-GB\"><a class=\"internal-link\" title=\"Opens internal link in current window\" href=\"https:\/\/www.mann-filter.com\/es\/mf-ar\/products\/other\/cooling-water-filters\/\">Filtros de agua de refrigeraci\u00f3n \u00a0<\/a><\/span><\/b><\/p>\n<p class=\"bodytext\"><span lang=\"EN-GB\">Para proteger los sistemas de circulaci\u00f3n de refrigeraci\u00f3n.<\/span><\/p>\n<p class=\"bodytext\"><b><span lang=\"EN-GB\"><a class=\"internal-link\" title=\"Opens internal link in current window\" href=\"https:\/\/www.mann-filter.com\/es\/mf-ar\/products\/fuel-filter\/preline\/\">Sistema de prefiltros PreLine\u00ae<\/a><\/span><\/b><\/p>\n<p class=\"bodytext\"><span lang=\"EN-GB\">Remueve el agua del combustible diesel y protege el filtro principal.<\/span><\/p>\n<p class=\"bodytext\"><b><span lang=\"EN-GB\"><a class=\"internal-link\" title=\"Opens internal link in current window\" href=\"https:\/\/www.mann-filter.com\/es\/mf-ar\/products\/other\/transmission-oil-filters\/\">Filtros de transmisi\u00f3n de aceite<\/a><\/span><\/b><\/p>\n<p class=\"bodytext\"><span lang=\"EN-GB\">Para un aceite de transmisi\u00f3n limpio, una vida \u00fatil larca y procesos de intercambio seguros.<\/span><\/p>\n<p class=\"bodytext\"><b><span lang=\"EN-GB\"><a class=\"internal-link\" title=\"Opens internal link in current window\" href=\"https:\/\/www.mann-filter.com\/es\/mf-ar\/products\/other\/centrifuges\/\">Centrifugas<\/a><\/span><\/b><\/p>\n<p class=\"bodytext\">Confiable limpieza del aceite del motor a trav\u00e9s del m\u00e9todo de derivaci\u00f3n, eliminando incluso las m\u00e1s peque\u00f1as part\u00edculas s\u00f3lidas, tales como polvo, abrasi\u00f3n y holl\u00edn, con eficiencia de separaci\u00f3n extremadamente alta.<\/p>\n<p>&nbsp;<\/p>\n<p>&nbsp;<\/p>\n<div id=\"c2368\" class=\"csc-default\">\n<p class=\"bodytext\">.<\/p>\n<\/div>\n","protected":false},"excerpt":{"rendered":"<p>Filtros de aire MANN-FILTER Aire limpio. M\u00e1xima confiabilidad. Para lograr un \u00f3ptimo rendimiento, los motores de combusti\u00f3n requieren la entrada de aire limpio. Si los contaminantes en el aire, como el holl\u00edn o polvo, entran en la c\u00e1mara de combusti\u00f3n, pueden provocarse orificios en la cabeza de los cilindros, causando el desgaste prematuro del motor. [Leer m\u00e1s]\n","protected":false},"featured_media":830,"comment_status":"open","ping_status":"closed","template":"","meta":[],"product_cat":[19],"product_tag":[],"yoast_head":"<!-- This site is optimized with the Yoast SEO plugin v23.0 - https:\/\/yoast.com\/wordpress\/plugins\/seo\/ -->\n<title>FILTROS MANN FILTER - Perfomance Lube<\/title>\n<meta name=\"robots\" content=\"index, follow, max-snippet:-1, max-image-preview:large, max-video-preview:-1\" \/>\n<link rel=\"canonical\" href=\"https:\/\/pldistribucion.com.ar\/web\/producto\/filtros-mann-filter\/\" \/>\n<meta property=\"og:locale\" content=\"es_ES\" \/>\n<meta property=\"og:type\" content=\"article\" \/>\n<meta property=\"og:title\" content=\"FILTROS MANN FILTER - Perfomance Lube\" \/>\n<meta property=\"og:description\" content=\"Filtros de aire MANN-FILTER Aire limpio. M\u00e1xima confiabilidad. Para lograr un \u00f3ptimo rendimiento, los motores de combusti\u00f3n requieren la entrada de aire limpio. Si los contaminantes en el aire, como el holl\u00edn o polvo, entran en la c\u00e1mara de combusti\u00f3n, pueden provocarse orificios en la cabeza de los cilindros, causando el desgaste prematuro del motor. [Leer m\u00e1s]\" \/>\n<meta property=\"og:url\" content=\"https:\/\/pldistribucion.com.ar\/web\/producto\/filtros-mann-filter\/\" \/>\n<meta property=\"og:site_name\" content=\"Perfomance Lube\" \/>\n<meta property=\"article:modified_time\" content=\"2020-03-17T18:42:15+00:00\" \/>\n<meta property=\"og:image\" content=\"https:\/\/pldistribucion.com.ar\/web\/wp-content\/uploads\/images-2-1.png\" \/>\n\t<meta property=\"og:image:width\" content=\"200\" \/>\n\t<meta property=\"og:image:height\" content=\"200\" \/>\n\t<meta property=\"og:image:type\" content=\"image\/png\" \/>\n<meta name=\"twitter:card\" content=\"summary_large_image\" \/>\n<meta name=\"twitter:label1\" content=\"Tiempo de lectura\" \/>\n\t<meta name=\"twitter:data1\" content=\"5 minutos\" \/>\n<script type=\"application\/ld+json\" class=\"yoast-schema-graph\">{\"@context\":\"https:\/\/schema.org\",\"@graph\":[{\"@type\":\"WebPage\",\"@id\":\"https:\/\/pldistribucion.com.ar\/web\/producto\/filtros-mann-filter\/\",\"url\":\"https:\/\/pldistribucion.com.ar\/web\/producto\/filtros-mann-filter\/\",\"name\":\"FILTROS MANN FILTER - Perfomance Lube\",\"isPartOf\":{\"@id\":\"https:\/\/pldistribucion.com.ar\/web\/#website\"},\"primaryImageOfPage\":{\"@id\":\"https:\/\/pldistribucion.com.ar\/web\/producto\/filtros-mann-filter\/#primaryimage\"},\"image\":{\"@id\":\"https:\/\/pldistribucion.com.ar\/web\/producto\/filtros-mann-filter\/#primaryimage\"},\"thumbnailUrl\":\"https:\/\/pldistribucion.com.ar\/web\/wp-content\/uploads\/images-2-1.png\",\"datePublished\":\"2020-03-16T20:13:56+00:00\",\"dateModified\":\"2020-03-17T18:42:15+00:00\",\"breadcrumb\":{\"@id\":\"https:\/\/pldistribucion.com.ar\/web\/producto\/filtros-mann-filter\/#breadcrumb\"},\"inLanguage\":\"es\",\"potentialAction\":[{\"@type\":\"ReadAction\",\"target\":[\"https:\/\/pldistribucion.com.ar\/web\/producto\/filtros-mann-filter\/\"]}]},{\"@type\":\"ImageObject\",\"inLanguage\":\"es\",\"@id\":\"https:\/\/pldistribucion.com.ar\/web\/producto\/filtros-mann-filter\/#primaryimage\",\"url\":\"https:\/\/pldistribucion.com.ar\/web\/wp-content\/uploads\/images-2-1.png\",\"contentUrl\":\"https:\/\/pldistribucion.com.ar\/web\/wp-content\/uploads\/images-2-1.png\",\"width\":200,\"height\":200},{\"@type\":\"BreadcrumbList\",\"@id\":\"https:\/\/pldistribucion.com.ar\/web\/producto\/filtros-mann-filter\/#breadcrumb\",\"itemListElement\":[{\"@type\":\"ListItem\",\"position\":1,\"name\":\"Portada\",\"item\":\"https:\/\/pldistribucion.com.ar\/web\/\"},{\"@type\":\"ListItem\",\"position\":2,\"name\":\"Productos\",\"item\":\"https:\/\/pldistribucion.com.ar\/web\/productos\/\"},{\"@type\":\"ListItem\",\"position\":3,\"name\":\"FILTROS MANN FILTER\"}]},{\"@type\":\"WebSite\",\"@id\":\"https:\/\/pldistribucion.com.ar\/web\/#website\",\"url\":\"https:\/\/pldistribucion.com.ar\/web\/\",\"name\":\"Perfomance Lube\",\"description\":\"\",\"publisher\":{\"@id\":\"https:\/\/pldistribucion.com.ar\/web\/#organization\"},\"potentialAction\":[{\"@type\":\"SearchAction\",\"target\":{\"@type\":\"EntryPoint\",\"urlTemplate\":\"https:\/\/pldistribucion.com.ar\/web\/?s={search_term_string}\"},\"query-input\":\"required name=search_term_string\"}],\"inLanguage\":\"es\"},{\"@type\":\"Organization\",\"@id\":\"https:\/\/pldistribucion.com.ar\/web\/#organization\",\"name\":\"PERFORMANCE LUBE\",\"url\":\"https:\/\/pldistribucion.com.ar\/web\/\",\"logo\":{\"@type\":\"ImageObject\",\"inLanguage\":\"es\",\"@id\":\"https:\/\/pldistribucion.com.ar\/web\/#\/schema\/logo\/image\/\",\"url\":\"https:\/\/pldistribucion.com.ar\/web\/wp-content\/uploads\/pld_logo_GB-removebg-preview.png\",\"contentUrl\":\"https:\/\/pldistribucion.com.ar\/web\/wp-content\/uploads\/pld_logo_GB-removebg-preview.png\",\"width\":787,\"height\":317,\"caption\":\"PERFORMANCE LUBE\"},\"image\":{\"@id\":\"https:\/\/pldistribucion.com.ar\/web\/#\/schema\/logo\/image\/\"}}]}<\/script>\n<!-- \/ Yoast SEO plugin. -->","yoast_head_json":{"title":"FILTROS MANN FILTER - Perfomance Lube","robots":{"index":"index","follow":"follow","max-snippet":"max-snippet:-1","max-image-preview":"max-image-preview:large","max-video-preview":"max-video-preview:-1"},"canonical":"https:\/\/pldistribucion.com.ar\/web\/producto\/filtros-mann-filter\/","og_locale":"es_ES","og_type":"article","og_title":"FILTROS MANN FILTER - Perfomance Lube","og_description":"Filtros de aire MANN-FILTER Aire limpio. M\u00e1xima confiabilidad. Para lograr un \u00f3ptimo rendimiento, los motores de combusti\u00f3n requieren la entrada de aire limpio. Si los contaminantes en el aire, como el holl\u00edn o polvo, entran en la c\u00e1mara de combusti\u00f3n, pueden provocarse orificios en la cabeza de los cilindros, causando el desgaste prematuro del motor. [Leer m\u00e1s]","og_url":"https:\/\/pldistribucion.com.ar\/web\/producto\/filtros-mann-filter\/","og_site_name":"Perfomance Lube","article_modified_time":"2020-03-17T18:42:15+00:00","og_image":[{"width":200,"height":200,"url":"https:\/\/pldistribucion.com.ar\/web\/wp-content\/uploads\/images-2-1.png","type":"image\/png"}],"twitter_card":"summary_large_image","twitter_misc":{"Tiempo de lectura":"5 minutos"},"schema":{"@context":"https:\/\/schema.org","@graph":[{"@type":"WebPage","@id":"https:\/\/pldistribucion.com.ar\/web\/producto\/filtros-mann-filter\/","url":"https:\/\/pldistribucion.com.ar\/web\/producto\/filtros-mann-filter\/","name":"FILTROS MANN FILTER - Perfomance Lube","isPartOf":{"@id":"https:\/\/pldistribucion.com.ar\/web\/#website"},"primaryImageOfPage":{"@id":"https:\/\/pldistribucion.com.ar\/web\/producto\/filtros-mann-filter\/#primaryimage"},"image":{"@id":"https:\/\/pldistribucion.com.ar\/web\/producto\/filtros-mann-filter\/#primaryimage"},"thumbnailUrl":"https:\/\/pldistribucion.com.ar\/web\/wp-content\/uploads\/images-2-1.png","datePublished":"2020-03-16T20:13:56+00:00","dateModified":"2020-03-17T18:42:15+00:00","breadcrumb":{"@id":"https:\/\/pldistribucion.com.ar\/web\/producto\/filtros-mann-filter\/#breadcrumb"},"inLanguage":"es","potentialAction":[{"@type":"ReadAction","target":["https:\/\/pldistribucion.com.ar\/web\/producto\/filtros-mann-filter\/"]}]},{"@type":"ImageObject","inLanguage":"es","@id":"https:\/\/pldistribucion.com.ar\/web\/producto\/filtros-mann-filter\/#primaryimage","url":"https:\/\/pldistribucion.com.ar\/web\/wp-content\/uploads\/images-2-1.png","contentUrl":"https:\/\/pldistribucion.com.ar\/web\/wp-content\/uploads\/images-2-1.png","width":200,"height":200},{"@type":"BreadcrumbList","@id":"https:\/\/pldistribucion.com.ar\/web\/producto\/filtros-mann-filter\/#breadcrumb","itemListElement":[{"@type":"ListItem","position":1,"name":"Portada","item":"https:\/\/pldistribucion.com.ar\/web\/"},{"@type":"ListItem","position":2,"name":"Productos","item":"https:\/\/pldistribucion.com.ar\/web\/productos\/"},{"@type":"ListItem","position":3,"name":"FILTROS MANN FILTER"}]},{"@type":"WebSite","@id":"https:\/\/pldistribucion.com.ar\/web\/#website","url":"https:\/\/pldistribucion.com.ar\/web\/","name":"Perfomance Lube","description":"","publisher":{"@id":"https:\/\/pldistribucion.com.ar\/web\/#organization"},"potentialAction":[{"@type":"SearchAction","target":{"@type":"EntryPoint","urlTemplate":"https:\/\/pldistribucion.com.ar\/web\/?s={search_term_string}"},"query-input":"required name=search_term_string"}],"inLanguage":"es"},{"@type":"Organization","@id":"https:\/\/pldistribucion.com.ar\/web\/#organization","name":"PERFORMANCE LUBE","url":"https:\/\/pldistribucion.com.ar\/web\/","logo":{"@type":"ImageObject","inLanguage":"es","@id":"https:\/\/pldistribucion.com.ar\/web\/#\/schema\/logo\/image\/","url":"https:\/\/pldistribucion.com.ar\/web\/wp-content\/uploads\/pld_logo_GB-removebg-preview.png","contentUrl":"https:\/\/pldistribucion.com.ar\/web\/wp-content\/uploads\/pld_logo_GB-removebg-preview.png","width":787,"height":317,"caption":"PERFORMANCE LUBE"},"image":{"@id":"https:\/\/pldistribucion.com.ar\/web\/#\/schema\/logo\/image\/"}}]}},"_links":{"self":[{"href":"https:\/\/pldistribucion.com.ar\/web\/wp-json\/wp\/v2\/product\/822"}],"collection":[{"href":"https:\/\/pldistribucion.com.ar\/web\/wp-json\/wp\/v2\/product"}],"about":[{"href":"https:\/\/pldistribucion.com.ar\/web\/wp-json\/wp\/v2\/types\/product"}],"replies":[{"embeddable":true,"href":"https:\/\/pldistribucion.com.ar\/web\/wp-json\/wp\/v2\/comments?post=822"}],"wp:featuredmedia":[{"embeddable":true,"href":"https:\/\/pldistribucion.com.ar\/web\/wp-json\/wp\/v2\/media\/830"}],"wp:attachment":[{"href":"https:\/\/pldistribucion.com.ar\/web\/wp-json\/wp\/v2\/media?parent=822"}],"wp:term":[{"taxonomy":"product_cat","embeddable":true,"href":"https:\/\/pldistribucion.com.ar\/web\/wp-json\/wp\/v2\/product_cat?post=822"},{"taxonomy":"product_tag","embeddable":true,"href":"https:\/\/pldistribucion.com.ar\/web\/wp-json\/wp\/v2\/product_tag?post=822"}],"curies":[{"name":"wp","href":"https:\/\/api.w.org\/{rel}","templated":true}]}}