{"id":6484,"date":"2023-06-02T15:12:51","date_gmt":"2023-06-02T15:12:51","guid":{"rendered":"https:\/\/pldistribucion.com.ar\/web\/?post_type=product&#038;p=6484"},"modified":"2023-06-06T14:46:35","modified_gmt":"2023-06-06T14:46:35","slug":"ultrafilm-260-lv","status":"publish","type":"product","link":"https:\/\/pldistribucion.com.ar\/web\/producto\/ultrafilm-260-lv\/","title":{"rendered":"ULTRAFILM 260 LV"},"content":{"rendered":"<h1><strong><span style=\"font-size: 80%;\">ULTRAFILM 260 LV.<\/span><\/strong><\/h1>\n<h4><span style=\"color: #000080;\"><strong><a style=\"color: #000080;\" href=\"https:\/\/pldistribucion.com.ar\/web\/wp-content\/uploads\/BT_ULTRAFILM-260-LV_esp-01.pdf\" target=\"_blank\" rel=\"noopener\">Ver ficha t\u00e9cnica<\/a><a style=\"color: #000080;\" href=\"https:\/\/pldistribucion.com.ar\/web\/wp-content\/uploads\/EPA-Ultrafilm-260-LV.pdf\" target=\"_blank\" rel=\"noopener\"> \/ \u00a0Especificaci\u00f3n comercial\u00a0 \/ <\/a><\/strong><strong><a style=\"color: #000080;\" href=\"https:\/\/pldistribucion.com.ar\/web\/wp-content\/uploads\/FDS-Ultrafilm-260-LV.pdf\" target=\"_blank\" rel=\"noopener\">Ver hoja de seguridad<\/a><\/strong><\/span><\/h4>\n<h3><span style=\"font-size: 80%; color: #f99b1c;\"><strong>DESCRIPCI\u00d3N:\u00a0<\/strong><\/span><\/h3>\n<p><span style=\"color: #000000;\">ULTRAFILM 260 LV es un coalescente de bajo VOC y alto rendimiento para revestimientos arquitect\u00f3nicos a base de agua.<\/span><\/p>\n<p><span style=\"color: #000000;\">Es un l\u00edquido incoloro a amarillo claro con un olor suave. Un coalescente de alta eficiencia que reduce la temperatura m\u00ednima de formaci\u00f3n de pel\u00edcula (MFFT) de los recubrimientos a base de agua, lo que resulta en un tiempo de secado m\u00e1s r\u00e1pido y una pel\u00edcula m\u00e1s duradera. Tambi\u00e9n mejora el brillo, la resistencia al agua y la resistencia al frote de los recubrimientos a base de agua.<\/span><\/p>\n<p><span style=\"color: #000000;\">ULTRAFILM 260 LV es compatible con una amplia gama de resinas a base de agua, incluidos acr\u00edlicos, vinilos y poli\u00e9steres. Adem\u00e1s es compatible con una variedad de otros aditivos, como biocidas, absorbentes de UV y pigmentos. Se utiliza en una variedad de recubrimientos arquitect\u00f3nicos a base de agua, que incluyen pinturas, imprimadores y selladores para interiores y exteriores. Tambi\u00e9n se utiliza en revestimientos a base de agua para madera, metal.<\/span><\/p>\n<p><strong>Denominaci\u00f3n: Fenilglicol<\/strong><\/p>\n<h3><span style=\"font-size: 80%; color: #f99b1c;\"><strong>CARACTER\u00cdSTICAS:<\/strong><\/span><\/h3>\n<div class=\"chat-history-scroll-container ng-tns-c586583937-1 show-bottom-shadow ng-trigger ng-trigger-resetChat\">\n<div class=\"chat-history ng-tns-c586583937-1 ng-star-inserted\" data-test-id=\"chat-history-container\">\n<div class=\"conversation-container ng-tns-c586583937-1 ng-star-inserted\">\n<div class=\"ng-tns-c334746017-49 ng-trigger ng-trigger-responsePopulation ng-animate-disabled\">\n<div class=\"response-container response-container-has-multiple-responses ng-star-inserted\">\n<div class=\"presented-response-container\">\n<div class=\"response-container-content\">\n<div class=\"markdown\">\n<ul>\n<li><span style=\"color: #000000;\">Bajo VOC<\/span><\/li>\n<li><span style=\"color: #000000;\">Alto rendimiento<\/span><\/li>\n<li><span style=\"color: #000000;\">L\u00edquido incoloro a amarillo claro<\/span><\/li>\n<li><span style=\"color: #000000;\">Olor suave<\/span><\/li>\n<li><span style=\"color: #000000;\">coalescente de alta eficiencia<\/span><\/li>\n<li><span style=\"color: #000000;\">Reduce MFFT<\/span><\/li>\n<li><span style=\"color: #000000;\">Mejora el brillo, la resistencia al agua y la resistencia al frote<\/span><\/li>\n<li><span style=\"color: #000000;\">Compatible con una amplia gama de resinas a base de agua<\/span><\/li>\n<li><span style=\"color: #000000;\">Compatible con una variedad de otros aditivos.<\/span><\/li>\n<li><span style=\"color: #000000;\">Reduce las emisiones de COV<\/span><\/li>\n<li><span style=\"color: #000000;\">Mejora el rendimiento<\/span><\/li>\n<li><span style=\"color: #000000;\">Acelera el tiempo de secado<\/span><\/li>\n<li><span style=\"color: #000000;\">Mejora la durabilidad<\/span><\/li>\n<li><span style=\"color: #000000;\">Aumenta el brillo<\/span><\/li>\n<li><span style=\"color: #000000;\">Mejora la resistencia al agua<\/span><\/li>\n<li><span style=\"color: #000000;\">Mejora la resistencia al frote<\/span><\/li>\n<li><span style=\"color: #000000;\">Es compatible con una amplia gama de resinas y aditivos.<\/span><\/li>\n<\/ul>\n<\/div>\n<\/div>\n<\/div>\n<\/div>\n<\/div>\n<div class=\"ng-tns-c334746017-49\">\n<h3><span style=\"font-size: 80%; color: #f99b1c;\"><strong>APLICACIONES:<\/strong><\/span><\/h3>\n<ul>\n<li><span style=\"color: #000000;\">Pinturas para interiores y exteriores<\/span><\/li>\n<li><span style=\"color: #000000;\">imprimaciones<\/span><\/li>\n<li><span style=\"color: #000000;\">Selladores<\/span><\/li>\n<li><span style=\"color: #000000;\">Recubrimientos para madera, metal y hormig\u00f3n.<\/span><\/li>\n<\/ul>\n<hr \/>\n<\/div>\n<\/div>\n<\/div>\n<\/div>\n<div class=\"input-area-container ng-tns-c586583937-1\">\n<div class=\"input-area\">\n<div class=\"mat-mdc-text-field-wrapper mdc-text-field ng-tns-c331942969-2 mdc-text-field--outlined mdc-text-field--no-label\">\n<div class=\"mat-mdc-form-field-flex ng-tns-c331942969-2\">\n<div class=\"mdc-notched-outline ng-tns-c331942969-2 mdc-notched-outline--no-label ng-star-inserted\">\n<p><strong>Recuerda que LV es el aliado perfecto para optimizar tus recubrimientos y lograr resultados excepcionales en tus proyectos. Si tienes alguna pregunta adicional o necesitas m\u00e1s informaci\u00f3n, no dudes en contactarnos. Estamos aqu\u00ed para ayudarte.<\/strong><\/p>\n<p><span style=\"color: #000080;\"><strong><a style=\"color: #000080;\" href=\"https:\/\/pldistribucion.com.ar\/web\/categoria-producto\/petroquimicos\/\" target=\"_blank\" rel=\"noopener\">Ver m\u00e1s petroqu\u00edmicos\u00a0<\/a><\/strong><\/span><\/p>\n<\/div>\n<\/div>\n<\/div>\n<\/div>\n<\/div>\n","protected":false},"excerpt":{"rendered":"<p><img loading=\"lazy\" decoding=\"async\" class=\"alignnone size-medium wp-image-5754\" src=\"https:\/\/pldistribucion.com.ar\/web\/wp-content\/uploads\/rsthdf-300x87.png\" alt=\"\" width=\"300\" height=\"87\" srcset=\"https:\/\/pldistribucion.com.ar\/web\/wp-content\/uploads\/rsthdf-300x87.png 300w, https:\/\/pldistribucion.com.ar\/web\/wp-content\/uploads\/rsthdf.png 446w\" sizes=\"(max-width: 300px) 100vw, 300px\" \/><\/p>\n<p><span style=\"color: #000000;\">Somos importadores y representantes de diversas compa\u00f1\u00edas qu\u00edmicas mundiales, como as\u00ed tambi\u00e9n distribuidores de petroleras y qu\u00edmicas nacionales.<\/span><\/p>\n","protected":false},"featured_media":6490,"comment_status":"open","ping_status":"closed","template":"","meta":[],"product_cat":[31],"product_tag":[],"yoast_head":"<!-- This site is optimized with the Yoast SEO plugin v23.0 - https:\/\/yoast.com\/wordpress\/plugins\/seo\/ -->\n<title>ULTRAFILM 260 LV - Perfomance Lube - ULTRAFILM 260 LV<\/title>\n<meta name=\"description\" content=\"Distribuidor de lubricantes de diferentes aplicaciones. Env\u00edos a todo el pa\u00eds. Variedad de productos y stock disponible.ULTRAFILM 260 LV\" \/>\n<meta name=\"robots\" content=\"index, follow, max-snippet:-1, max-image-preview:large, max-video-preview:-1\" \/>\n<link rel=\"canonical\" href=\"https:\/\/pldistribucion.com.ar\/web\/producto\/ultrafilm-260-lv\/\" \/>\n<meta property=\"og:locale\" content=\"es_ES\" \/>\n<meta property=\"og:type\" content=\"article\" \/>\n<meta property=\"og:title\" content=\"ULTRAFILM 260 LV - Perfomance Lube - ULTRAFILM 260 LV\" \/>\n<meta property=\"og:description\" content=\"Distribuidor de lubricantes de diferentes aplicaciones. Env\u00edos a todo el pa\u00eds. Variedad de productos y stock disponible.ULTRAFILM 260 LV\" \/>\n<meta property=\"og:url\" content=\"https:\/\/pldistribucion.com.ar\/web\/producto\/ultrafilm-260-lv\/\" \/>\n<meta property=\"og:site_name\" content=\"Perfomance Lube\" \/>\n<meta property=\"article:modified_time\" content=\"2023-06-06T14:46:35+00:00\" \/>\n<meta property=\"og:image\" content=\"https:\/\/pldistribucion.com.ar\/web\/wp-content\/uploads\/MG_4831.jpg\" \/>\n\t<meta property=\"og:image:width\" content=\"2000\" \/>\n\t<meta property=\"og:image:height\" content=\"1333\" \/>\n\t<meta property=\"og:image:type\" content=\"image\/jpeg\" \/>\n<meta name=\"twitter:card\" content=\"summary_large_image\" \/>\n<meta name=\"twitter:label1\" content=\"Tiempo de lectura\" \/>\n\t<meta name=\"twitter:data1\" content=\"2 minutos\" \/>\n<script type=\"application\/ld+json\" class=\"yoast-schema-graph\">{\"@context\":\"https:\/\/schema.org\",\"@graph\":[{\"@type\":\"WebPage\",\"@id\":\"https:\/\/pldistribucion.com.ar\/web\/producto\/ultrafilm-260-lv\/\",\"url\":\"https:\/\/pldistribucion.com.ar\/web\/producto\/ultrafilm-260-lv\/\",\"name\":\"ULTRAFILM 260 LV - Perfomance Lube - ULTRAFILM 260 LV\",\"isPartOf\":{\"@id\":\"https:\/\/pldistribucion.com.ar\/web\/#website\"},\"primaryImageOfPage\":{\"@id\":\"https:\/\/pldistribucion.com.ar\/web\/producto\/ultrafilm-260-lv\/#primaryimage\"},\"image\":{\"@id\":\"https:\/\/pldistribucion.com.ar\/web\/producto\/ultrafilm-260-lv\/#primaryimage\"},\"thumbnailUrl\":\"https:\/\/pldistribucion.com.ar\/web\/wp-content\/uploads\/MG_4831.jpg\",\"datePublished\":\"2023-06-02T15:12:51+00:00\",\"dateModified\":\"2023-06-06T14:46:35+00:00\",\"description\":\"Distribuidor de lubricantes de diferentes aplicaciones. Env\u00edos a todo el pa\u00eds. Variedad de productos y stock disponible.ULTRAFILM 260 LV\",\"breadcrumb\":{\"@id\":\"https:\/\/pldistribucion.com.ar\/web\/producto\/ultrafilm-260-lv\/#breadcrumb\"},\"inLanguage\":\"es\",\"potentialAction\":[{\"@type\":\"ReadAction\",\"target\":[\"https:\/\/pldistribucion.com.ar\/web\/producto\/ultrafilm-260-lv\/\"]}]},{\"@type\":\"ImageObject\",\"inLanguage\":\"es\",\"@id\":\"https:\/\/pldistribucion.com.ar\/web\/producto\/ultrafilm-260-lv\/#primaryimage\",\"url\":\"https:\/\/pldistribucion.com.ar\/web\/wp-content\/uploads\/MG_4831.jpg\",\"contentUrl\":\"https:\/\/pldistribucion.com.ar\/web\/wp-content\/uploads\/MG_4831.jpg\",\"width\":2000,\"height\":1333,\"caption\":\"ULTRAFILM 260 LV\"},{\"@type\":\"BreadcrumbList\",\"@id\":\"https:\/\/pldistribucion.com.ar\/web\/producto\/ultrafilm-260-lv\/#breadcrumb\",\"itemListElement\":[{\"@type\":\"ListItem\",\"position\":1,\"name\":\"Portada\",\"item\":\"https:\/\/pldistribucion.com.ar\/web\/\"},{\"@type\":\"ListItem\",\"position\":2,\"name\":\"Productos\",\"item\":\"https:\/\/pldistribucion.com.ar\/web\/productos\/\"},{\"@type\":\"ListItem\",\"position\":3,\"name\":\"ULTRAFILM 260 LV\"}]},{\"@type\":\"WebSite\",\"@id\":\"https:\/\/pldistribucion.com.ar\/web\/#website\",\"url\":\"https:\/\/pldistribucion.com.ar\/web\/\",\"name\":\"Perfomance Lube\",\"description\":\"\",\"publisher\":{\"@id\":\"https:\/\/pldistribucion.com.ar\/web\/#organization\"},\"potentialAction\":[{\"@type\":\"SearchAction\",\"target\":{\"@type\":\"EntryPoint\",\"urlTemplate\":\"https:\/\/pldistribucion.com.ar\/web\/?s={search_term_string}\"},\"query-input\":\"required name=search_term_string\"}],\"inLanguage\":\"es\"},{\"@type\":\"Organization\",\"@id\":\"https:\/\/pldistribucion.com.ar\/web\/#organization\",\"name\":\"PERFORMANCE LUBE\",\"url\":\"https:\/\/pldistribucion.com.ar\/web\/\",\"logo\":{\"@type\":\"ImageObject\",\"inLanguage\":\"es\",\"@id\":\"https:\/\/pldistribucion.com.ar\/web\/#\/schema\/logo\/image\/\",\"url\":\"https:\/\/pldistribucion.com.ar\/web\/wp-content\/uploads\/pld_logo_GB-removebg-preview.png\",\"contentUrl\":\"https:\/\/pldistribucion.com.ar\/web\/wp-content\/uploads\/pld_logo_GB-removebg-preview.png\",\"width\":787,\"height\":317,\"caption\":\"PERFORMANCE LUBE\"},\"image\":{\"@id\":\"https:\/\/pldistribucion.com.ar\/web\/#\/schema\/logo\/image\/\"}}]}<\/script>\n<!-- \/ Yoast SEO plugin. -->","yoast_head_json":{"title":"ULTRAFILM 260 LV - Perfomance Lube - ULTRAFILM 260 LV","description":"Distribuidor de lubricantes de diferentes aplicaciones. Env\u00edos a todo el pa\u00eds. Variedad de productos y stock disponible.ULTRAFILM 260 LV","robots":{"index":"index","follow":"follow","max-snippet":"max-snippet:-1","max-image-preview":"max-image-preview:large","max-video-preview":"max-video-preview:-1"},"canonical":"https:\/\/pldistribucion.com.ar\/web\/producto\/ultrafilm-260-lv\/","og_locale":"es_ES","og_type":"article","og_title":"ULTRAFILM 260 LV - Perfomance Lube - ULTRAFILM 260 LV","og_description":"Distribuidor de lubricantes de diferentes aplicaciones. Env\u00edos a todo el pa\u00eds. Variedad de productos y stock disponible.ULTRAFILM 260 LV","og_url":"https:\/\/pldistribucion.com.ar\/web\/producto\/ultrafilm-260-lv\/","og_site_name":"Perfomance Lube","article_modified_time":"2023-06-06T14:46:35+00:00","og_image":[{"width":2000,"height":1333,"url":"https:\/\/pldistribucion.com.ar\/web\/wp-content\/uploads\/MG_4831.jpg","type":"image\/jpeg"}],"twitter_card":"summary_large_image","twitter_misc":{"Tiempo de lectura":"2 minutos"},"schema":{"@context":"https:\/\/schema.org","@graph":[{"@type":"WebPage","@id":"https:\/\/pldistribucion.com.ar\/web\/producto\/ultrafilm-260-lv\/","url":"https:\/\/pldistribucion.com.ar\/web\/producto\/ultrafilm-260-lv\/","name":"ULTRAFILM 260 LV - Perfomance Lube - ULTRAFILM 260 LV","isPartOf":{"@id":"https:\/\/pldistribucion.com.ar\/web\/#website"},"primaryImageOfPage":{"@id":"https:\/\/pldistribucion.com.ar\/web\/producto\/ultrafilm-260-lv\/#primaryimage"},"image":{"@id":"https:\/\/pldistribucion.com.ar\/web\/producto\/ultrafilm-260-lv\/#primaryimage"},"thumbnailUrl":"https:\/\/pldistribucion.com.ar\/web\/wp-content\/uploads\/MG_4831.jpg","datePublished":"2023-06-02T15:12:51+00:00","dateModified":"2023-06-06T14:46:35+00:00","description":"Distribuidor de lubricantes de diferentes aplicaciones. Env\u00edos a todo el pa\u00eds. Variedad de productos y stock disponible.ULTRAFILM 260 LV","breadcrumb":{"@id":"https:\/\/pldistribucion.com.ar\/web\/producto\/ultrafilm-260-lv\/#breadcrumb"},"inLanguage":"es","potentialAction":[{"@type":"ReadAction","target":["https:\/\/pldistribucion.com.ar\/web\/producto\/ultrafilm-260-lv\/"]}]},{"@type":"ImageObject","inLanguage":"es","@id":"https:\/\/pldistribucion.com.ar\/web\/producto\/ultrafilm-260-lv\/#primaryimage","url":"https:\/\/pldistribucion.com.ar\/web\/wp-content\/uploads\/MG_4831.jpg","contentUrl":"https:\/\/pldistribucion.com.ar\/web\/wp-content\/uploads\/MG_4831.jpg","width":2000,"height":1333,"caption":"ULTRAFILM 260 LV"},{"@type":"BreadcrumbList","@id":"https:\/\/pldistribucion.com.ar\/web\/producto\/ultrafilm-260-lv\/#breadcrumb","itemListElement":[{"@type":"ListItem","position":1,"name":"Portada","item":"https:\/\/pldistribucion.com.ar\/web\/"},{"@type":"ListItem","position":2,"name":"Productos","item":"https:\/\/pldistribucion.com.ar\/web\/productos\/"},{"@type":"ListItem","position":3,"name":"ULTRAFILM 260 LV"}]},{"@type":"WebSite","@id":"https:\/\/pldistribucion.com.ar\/web\/#website","url":"https:\/\/pldistribucion.com.ar\/web\/","name":"Perfomance Lube","description":"","publisher":{"@id":"https:\/\/pldistribucion.com.ar\/web\/#organization"},"potentialAction":[{"@type":"SearchAction","target":{"@type":"EntryPoint","urlTemplate":"https:\/\/pldistribucion.com.ar\/web\/?s={search_term_string}"},"query-input":"required name=search_term_string"}],"inLanguage":"es"},{"@type":"Organization","@id":"https:\/\/pldistribucion.com.ar\/web\/#organization","name":"PERFORMANCE LUBE","url":"https:\/\/pldistribucion.com.ar\/web\/","logo":{"@type":"ImageObject","inLanguage":"es","@id":"https:\/\/pldistribucion.com.ar\/web\/#\/schema\/logo\/image\/","url":"https:\/\/pldistribucion.com.ar\/web\/wp-content\/uploads\/pld_logo_GB-removebg-preview.png","contentUrl":"https:\/\/pldistribucion.com.ar\/web\/wp-content\/uploads\/pld_logo_GB-removebg-preview.png","width":787,"height":317,"caption":"PERFORMANCE LUBE"},"image":{"@id":"https:\/\/pldistribucion.com.ar\/web\/#\/schema\/logo\/image\/"}}]}},"_links":{"self":[{"href":"https:\/\/pldistribucion.com.ar\/web\/wp-json\/wp\/v2\/product\/6484"}],"collection":[{"href":"https:\/\/pldistribucion.com.ar\/web\/wp-json\/wp\/v2\/product"}],"about":[{"href":"https:\/\/pldistribucion.com.ar\/web\/wp-json\/wp\/v2\/types\/product"}],"replies":[{"embeddable":true,"href":"https:\/\/pldistribucion.com.ar\/web\/wp-json\/wp\/v2\/comments?post=6484"}],"wp:featuredmedia":[{"embeddable":true,"href":"https:\/\/pldistribucion.com.ar\/web\/wp-json\/wp\/v2\/media\/6490"}],"wp:attachment":[{"href":"https:\/\/pldistribucion.com.ar\/web\/wp-json\/wp\/v2\/media?parent=6484"}],"wp:term":[{"taxonomy":"product_cat","embeddable":true,"href":"https:\/\/pldistribucion.com.ar\/web\/wp-json\/wp\/v2\/product_cat?post=6484"},{"taxonomy":"product_tag","embeddable":true,"href":"https:\/\/pldistribucion.com.ar\/web\/wp-json\/wp\/v2\/product_tag?post=6484"}],"curies":[{"name":"wp","href":"https:\/\/api.w.org\/{rel}","templated":true}]}}