{"id":6441,"date":"2023-05-30T11:57:10","date_gmt":"2023-05-30T11:57:10","guid":{"rendered":"https:\/\/pldistribucion.com.ar\/web\/?post_type=product&#038;p=6441"},"modified":"2023-06-07T15:04:04","modified_gmt":"2023-06-07T15:04:04","slug":"equipos-de-riego","status":"publish","type":"product","link":"https:\/\/pldistribucion.com.ar\/web\/producto\/equipos-de-riego\/","title":{"rendered":"EQUIPOS DE RIEGO"},"content":{"rendered":"<h1><span style=\"font-size: 80%;\"><strong>EQUIPOS DE RIEGO &#8211; Neum\u00e1ticos.<\/strong><\/span><\/h1>\n<h3><span style=\"font-size: 80%; color: #f99b1c;\"><strong>DESCRIPCI\u00d3N:<\/strong><\/span><\/h3>\n<p><span style=\"color: #000000;\">Los neum\u00e1ticos para equipos de riego desempe\u00f1an un papel crucial en el funcionamiento eficiente de los sistemas de riego agr\u00edcola. Estos neum\u00e1ticos est\u00e1n dise\u00f1ados espec\u00edficamente para enfrentar los desaf\u00edos \u00fanicos que se presentan en el entorno de riego y proporcionar un rendimiento \u00f3ptimo en t\u00e9rminos de tracci\u00f3n, flotaci\u00f3n y durabilidad.<\/span><\/p>\n<h3><span style=\"font-size: 80%; color: #f99b1c;\"><strong>CARACTER\u00cdSTICAS:<\/strong><\/span><\/h3>\n<ul>\n<li><strong><span>Llantas neum\u00e1ticas:<\/span><\/strong><span style=\"color: #000000;\">\u00a0Las llantas neum\u00e1ticas son el tipo m\u00e1s com\u00fan de llantas utilizadas para equipos de riego.\u00a0Est\u00e1n llenos de aire y proporcionan una buena amortiguaci\u00f3n para la m\u00e1quina, lo que ayuda a reducir las vibraciones y mejora la comodidad del operador.\u00a0Los neum\u00e1ticos tambi\u00e9n son relativamente econ\u00f3micos y f\u00e1ciles de encontrar.<\/span><\/li>\n<li><strong><span>Neum\u00e1ticos macizos:<\/span><\/strong><span>\u00a0<span style=\"color: #000000;\">los neum\u00e1ticos macizos est\u00e1n hechos de un compuesto de caucho macizo y no tienen aire en su interior.\u00a0Son m\u00e1s duraderos que los neum\u00e1ticos y pueden soportar m\u00e1s desgaste.\u00a0Sin embargo, los neum\u00e1ticos s\u00f3lidos tambi\u00e9n son m\u00e1s caros y pueden ser m\u00e1s dif\u00edciles de encontrar.<\/span><\/span><\/li>\n<li><strong><span>Neum\u00e1ticos sin aire:<\/span><\/strong><span style=\"color: #000000;\">\u00a0los neum\u00e1ticos sin aire son un tipo de neum\u00e1tico m\u00e1s nuevo que est\u00e1 hecho de un material compuesto que no requiere aire.\u00a0Son similares a los neum\u00e1ticos s\u00f3lidos en t\u00e9rminos de durabilidad, pero tambi\u00e9n son m\u00e1s eficientes en combustible y pueden proporcionar una mejor tracci\u00f3n en condiciones h\u00famedas.\u00a0Los neum\u00e1ticos sin aire tambi\u00e9n son m\u00e1s caros que los neum\u00e1ticos.<\/span><\/li>\n<\/ul>\n<p><span style=\"color: #000000;\">A la hora de elegir neum\u00e1ticos para equipos de riego, es importante tener en cuenta los siguientes factores:<\/span><\/p>\n<ul>\n<li><strong><span>El tipo de equipo de riego:<\/span><\/strong><span style=\"color: #000000;\">\u00a0El tipo de equipo de riego determinar\u00e1 el tama\u00f1o y tipo de neum\u00e1tico que se necesita.\u00a0Por ejemplo, un sistema de riego de pivote central requerir\u00e1 llantas m\u00e1s grandes que un sistema de riego de pistola viajera.<\/span><\/li>\n<li><strong><span>El terreno:<\/span><\/strong><span style=\"color: #000000;\">\u00a0El terreno en el que operar\u00e1 el equipo de riego tambi\u00e9n determinar\u00e1 el tama\u00f1o y el tipo de neum\u00e1tico que se necesita.\u00a0Por ejemplo, los neum\u00e1ticos con una banda de rodadura ancha y tacos profundos proporcionar\u00e1n una mejor tracci\u00f3n en suelos blandos, mientras que los neum\u00e1ticos con una banda de rodadura suave proporcionar\u00e1n una mejor eficiencia de combustible en superficies duras.<\/span><\/li>\n<li><strong><span>El presupuesto:<\/span><\/strong><span>\u00a0<span style=\"color: #000000;\">Los neum\u00e1ticos para equipos de riego pueden ser caros, por lo que es importante encontrar un equilibrio entre calidad y precio.<\/span><\/span><\/li>\n<\/ul>\n<hr \/>\n<p><span style=\"color: #000080;\"><strong><a style=\"color: #000080;\" href=\"https:\/\/pldistribucion.com.ar\/web\/categoria-producto\/neumati-cos\/\" target=\"_blank\" rel=\"noopener\">Conoce m\u00e1s NEUM\u00c1TICOS<\/a><\/strong><\/span><\/p>\n","protected":false},"excerpt":{"rendered":"<p><img loading=\"lazy\" decoding=\"async\" class=\"wp-image-6236 alignleft\" src=\"https:\/\/pldistribucion.com.ar\/web\/wp-content\/uploads\/pld5-1-300x257.jpg\" alt=\"\" width=\"174\" height=\"149\" srcset=\"https:\/\/pldistribucion.com.ar\/web\/wp-content\/uploads\/pld5-1-300x257.jpg 300w, https:\/\/pldistribucion.com.ar\/web\/wp-content\/uploads\/pld5-1-768x658.jpg 768w, https:\/\/pldistribucion.com.ar\/web\/wp-content\/uploads\/pld5-1-600x514.jpg 600w, https:\/\/pldistribucion.com.ar\/web\/wp-content\/uploads\/pld5-1.jpg 827w\" sizes=\"(max-width: 174px) 100vw, 174px\" \/><\/p>\n<h2 style=\"text-align: left;\"><span style=\"font-size: 75%;\"><strong><a rel=\"noopener noreferrer\" href=\"https:\/\/performancelube.mercadoshops.com.ar\/listado\/accesorios-vehiculos\/#position=1&#038;search_layout=stack&#038;type=item&#038;tracking_id=bbc8064c-7b0a-4bdf-bbd3-38c8c93e73bd\" target=\"_blank\" class=\"button primary\"  >\n    <span>VER TIENDA ONLINE ?<\/span>\n  <\/a>\n<span style=\"color: #69314d;\">\u00a0<\/span><\/strong><strong>\u00a0<\/strong><\/span><\/h2>\n","protected":false},"featured_media":6443,"comment_status":"open","ping_status":"closed","template":"","meta":[],"product_cat":[201],"product_tag":[],"yoast_head":"<!-- This site is optimized with the Yoast SEO plugin v23.0 - https:\/\/yoast.com\/wordpress\/plugins\/seo\/ -->\n<title>EQUIPOS DE RIEGO - Perfomance Lube - Neum\u00e1ticos<\/title>\n<meta name=\"description\" content=\"Distribuidor de neumaticos de diferentes aplicaciones. Env\u00edos a todo el pa\u00eds. Variedad de productos y stock disponible.EQUIPOS DE RIEGO\" \/>\n<meta name=\"robots\" content=\"index, follow, max-snippet:-1, max-image-preview:large, max-video-preview:-1\" \/>\n<link rel=\"canonical\" href=\"https:\/\/pldistribucion.com.ar\/web\/producto\/equipos-de-riego\/\" \/>\n<meta property=\"og:locale\" content=\"es_ES\" \/>\n<meta property=\"og:type\" content=\"article\" \/>\n<meta property=\"og:title\" content=\"EQUIPOS DE RIEGO - Perfomance Lube - Neum\u00e1ticos\" \/>\n<meta property=\"og:description\" content=\"Distribuidor de neumaticos de diferentes aplicaciones. Env\u00edos a todo el pa\u00eds. Variedad de productos y stock disponible.EQUIPOS DE RIEGO\" \/>\n<meta property=\"og:url\" content=\"https:\/\/pldistribucion.com.ar\/web\/producto\/equipos-de-riego\/\" \/>\n<meta property=\"og:site_name\" content=\"Perfomance Lube\" \/>\n<meta property=\"article:modified_time\" content=\"2023-06-07T15:04:04+00:00\" \/>\n<meta property=\"og:image\" content=\"https:\/\/pldistribucion.com.ar\/web\/wp-content\/uploads\/Diseno-sin-titulo-15.png\" \/>\n\t<meta property=\"og:image:width\" content=\"1200\" \/>\n\t<meta property=\"og:image:height\" content=\"800\" \/>\n\t<meta property=\"og:image:type\" content=\"image\/png\" \/>\n<meta name=\"twitter:card\" content=\"summary_large_image\" \/>\n<meta name=\"twitter:label1\" content=\"Tiempo de lectura\" \/>\n\t<meta name=\"twitter:data1\" content=\"2 minutos\" \/>\n<script type=\"application\/ld+json\" class=\"yoast-schema-graph\">{\"@context\":\"https:\/\/schema.org\",\"@graph\":[{\"@type\":\"WebPage\",\"@id\":\"https:\/\/pldistribucion.com.ar\/web\/producto\/equipos-de-riego\/\",\"url\":\"https:\/\/pldistribucion.com.ar\/web\/producto\/equipos-de-riego\/\",\"name\":\"EQUIPOS DE RIEGO - Perfomance Lube - Neum\u00e1ticos\",\"isPartOf\":{\"@id\":\"https:\/\/pldistribucion.com.ar\/web\/#website\"},\"primaryImageOfPage\":{\"@id\":\"https:\/\/pldistribucion.com.ar\/web\/producto\/equipos-de-riego\/#primaryimage\"},\"image\":{\"@id\":\"https:\/\/pldistribucion.com.ar\/web\/producto\/equipos-de-riego\/#primaryimage\"},\"thumbnailUrl\":\"https:\/\/pldistribucion.com.ar\/web\/wp-content\/uploads\/Diseno-sin-titulo-15.png\",\"datePublished\":\"2023-05-30T11:57:10+00:00\",\"dateModified\":\"2023-06-07T15:04:04+00:00\",\"description\":\"Distribuidor de neumaticos de diferentes aplicaciones. Env\u00edos a todo el pa\u00eds. Variedad de productos y stock disponible.EQUIPOS DE RIEGO\",\"breadcrumb\":{\"@id\":\"https:\/\/pldistribucion.com.ar\/web\/producto\/equipos-de-riego\/#breadcrumb\"},\"inLanguage\":\"es\",\"potentialAction\":[{\"@type\":\"ReadAction\",\"target\":[\"https:\/\/pldistribucion.com.ar\/web\/producto\/equipos-de-riego\/\"]}]},{\"@type\":\"ImageObject\",\"inLanguage\":\"es\",\"@id\":\"https:\/\/pldistribucion.com.ar\/web\/producto\/equipos-de-riego\/#primaryimage\",\"url\":\"https:\/\/pldistribucion.com.ar\/web\/wp-content\/uploads\/Diseno-sin-titulo-15.png\",\"contentUrl\":\"https:\/\/pldistribucion.com.ar\/web\/wp-content\/uploads\/Diseno-sin-titulo-15.png\",\"width\":1200,\"height\":800,\"caption\":\"EQUIPOS DE RIEGO\"},{\"@type\":\"BreadcrumbList\",\"@id\":\"https:\/\/pldistribucion.com.ar\/web\/producto\/equipos-de-riego\/#breadcrumb\",\"itemListElement\":[{\"@type\":\"ListItem\",\"position\":1,\"name\":\"Portada\",\"item\":\"https:\/\/pldistribucion.com.ar\/web\/\"},{\"@type\":\"ListItem\",\"position\":2,\"name\":\"Productos\",\"item\":\"https:\/\/pldistribucion.com.ar\/web\/productos\/\"},{\"@type\":\"ListItem\",\"position\":3,\"name\":\"EQUIPOS DE RIEGO\"}]},{\"@type\":\"WebSite\",\"@id\":\"https:\/\/pldistribucion.com.ar\/web\/#website\",\"url\":\"https:\/\/pldistribucion.com.ar\/web\/\",\"name\":\"Perfomance Lube\",\"description\":\"\",\"publisher\":{\"@id\":\"https:\/\/pldistribucion.com.ar\/web\/#organization\"},\"potentialAction\":[{\"@type\":\"SearchAction\",\"target\":{\"@type\":\"EntryPoint\",\"urlTemplate\":\"https:\/\/pldistribucion.com.ar\/web\/?s={search_term_string}\"},\"query-input\":\"required name=search_term_string\"}],\"inLanguage\":\"es\"},{\"@type\":\"Organization\",\"@id\":\"https:\/\/pldistribucion.com.ar\/web\/#organization\",\"name\":\"PERFORMANCE LUBE\",\"url\":\"https:\/\/pldistribucion.com.ar\/web\/\",\"logo\":{\"@type\":\"ImageObject\",\"inLanguage\":\"es\",\"@id\":\"https:\/\/pldistribucion.com.ar\/web\/#\/schema\/logo\/image\/\",\"url\":\"https:\/\/pldistribucion.com.ar\/web\/wp-content\/uploads\/pld_logo_GB-removebg-preview.png\",\"contentUrl\":\"https:\/\/pldistribucion.com.ar\/web\/wp-content\/uploads\/pld_logo_GB-removebg-preview.png\",\"width\":787,\"height\":317,\"caption\":\"PERFORMANCE LUBE\"},\"image\":{\"@id\":\"https:\/\/pldistribucion.com.ar\/web\/#\/schema\/logo\/image\/\"}}]}<\/script>\n<!-- \/ Yoast SEO plugin. -->","yoast_head_json":{"title":"EQUIPOS DE RIEGO - Perfomance Lube - Neum\u00e1ticos","description":"Distribuidor de neumaticos de diferentes aplicaciones. Env\u00edos a todo el pa\u00eds. Variedad de productos y stock disponible.EQUIPOS DE RIEGO","robots":{"index":"index","follow":"follow","max-snippet":"max-snippet:-1","max-image-preview":"max-image-preview:large","max-video-preview":"max-video-preview:-1"},"canonical":"https:\/\/pldistribucion.com.ar\/web\/producto\/equipos-de-riego\/","og_locale":"es_ES","og_type":"article","og_title":"EQUIPOS DE RIEGO - Perfomance Lube - Neum\u00e1ticos","og_description":"Distribuidor de neumaticos de diferentes aplicaciones. Env\u00edos a todo el pa\u00eds. Variedad de productos y stock disponible.EQUIPOS DE RIEGO","og_url":"https:\/\/pldistribucion.com.ar\/web\/producto\/equipos-de-riego\/","og_site_name":"Perfomance Lube","article_modified_time":"2023-06-07T15:04:04+00:00","og_image":[{"width":1200,"height":800,"url":"https:\/\/pldistribucion.com.ar\/web\/wp-content\/uploads\/Diseno-sin-titulo-15.png","type":"image\/png"}],"twitter_card":"summary_large_image","twitter_misc":{"Tiempo de lectura":"2 minutos"},"schema":{"@context":"https:\/\/schema.org","@graph":[{"@type":"WebPage","@id":"https:\/\/pldistribucion.com.ar\/web\/producto\/equipos-de-riego\/","url":"https:\/\/pldistribucion.com.ar\/web\/producto\/equipos-de-riego\/","name":"EQUIPOS DE RIEGO - Perfomance Lube - Neum\u00e1ticos","isPartOf":{"@id":"https:\/\/pldistribucion.com.ar\/web\/#website"},"primaryImageOfPage":{"@id":"https:\/\/pldistribucion.com.ar\/web\/producto\/equipos-de-riego\/#primaryimage"},"image":{"@id":"https:\/\/pldistribucion.com.ar\/web\/producto\/equipos-de-riego\/#primaryimage"},"thumbnailUrl":"https:\/\/pldistribucion.com.ar\/web\/wp-content\/uploads\/Diseno-sin-titulo-15.png","datePublished":"2023-05-30T11:57:10+00:00","dateModified":"2023-06-07T15:04:04+00:00","description":"Distribuidor de neumaticos de diferentes aplicaciones. Env\u00edos a todo el pa\u00eds. Variedad de productos y stock disponible.EQUIPOS DE RIEGO","breadcrumb":{"@id":"https:\/\/pldistribucion.com.ar\/web\/producto\/equipos-de-riego\/#breadcrumb"},"inLanguage":"es","potentialAction":[{"@type":"ReadAction","target":["https:\/\/pldistribucion.com.ar\/web\/producto\/equipos-de-riego\/"]}]},{"@type":"ImageObject","inLanguage":"es","@id":"https:\/\/pldistribucion.com.ar\/web\/producto\/equipos-de-riego\/#primaryimage","url":"https:\/\/pldistribucion.com.ar\/web\/wp-content\/uploads\/Diseno-sin-titulo-15.png","contentUrl":"https:\/\/pldistribucion.com.ar\/web\/wp-content\/uploads\/Diseno-sin-titulo-15.png","width":1200,"height":800,"caption":"EQUIPOS DE RIEGO"},{"@type":"BreadcrumbList","@id":"https:\/\/pldistribucion.com.ar\/web\/producto\/equipos-de-riego\/#breadcrumb","itemListElement":[{"@type":"ListItem","position":1,"name":"Portada","item":"https:\/\/pldistribucion.com.ar\/web\/"},{"@type":"ListItem","position":2,"name":"Productos","item":"https:\/\/pldistribucion.com.ar\/web\/productos\/"},{"@type":"ListItem","position":3,"name":"EQUIPOS DE RIEGO"}]},{"@type":"WebSite","@id":"https:\/\/pldistribucion.com.ar\/web\/#website","url":"https:\/\/pldistribucion.com.ar\/web\/","name":"Perfomance Lube","description":"","publisher":{"@id":"https:\/\/pldistribucion.com.ar\/web\/#organization"},"potentialAction":[{"@type":"SearchAction","target":{"@type":"EntryPoint","urlTemplate":"https:\/\/pldistribucion.com.ar\/web\/?s={search_term_string}"},"query-input":"required name=search_term_string"}],"inLanguage":"es"},{"@type":"Organization","@id":"https:\/\/pldistribucion.com.ar\/web\/#organization","name":"PERFORMANCE LUBE","url":"https:\/\/pldistribucion.com.ar\/web\/","logo":{"@type":"ImageObject","inLanguage":"es","@id":"https:\/\/pldistribucion.com.ar\/web\/#\/schema\/logo\/image\/","url":"https:\/\/pldistribucion.com.ar\/web\/wp-content\/uploads\/pld_logo_GB-removebg-preview.png","contentUrl":"https:\/\/pldistribucion.com.ar\/web\/wp-content\/uploads\/pld_logo_GB-removebg-preview.png","width":787,"height":317,"caption":"PERFORMANCE LUBE"},"image":{"@id":"https:\/\/pldistribucion.com.ar\/web\/#\/schema\/logo\/image\/"}}]}},"_links":{"self":[{"href":"https:\/\/pldistribucion.com.ar\/web\/wp-json\/wp\/v2\/product\/6441"}],"collection":[{"href":"https:\/\/pldistribucion.com.ar\/web\/wp-json\/wp\/v2\/product"}],"about":[{"href":"https:\/\/pldistribucion.com.ar\/web\/wp-json\/wp\/v2\/types\/product"}],"replies":[{"embeddable":true,"href":"https:\/\/pldistribucion.com.ar\/web\/wp-json\/wp\/v2\/comments?post=6441"}],"wp:featuredmedia":[{"embeddable":true,"href":"https:\/\/pldistribucion.com.ar\/web\/wp-json\/wp\/v2\/media\/6443"}],"wp:attachment":[{"href":"https:\/\/pldistribucion.com.ar\/web\/wp-json\/wp\/v2\/media?parent=6441"}],"wp:term":[{"taxonomy":"product_cat","embeddable":true,"href":"https:\/\/pldistribucion.com.ar\/web\/wp-json\/wp\/v2\/product_cat?post=6441"},{"taxonomy":"product_tag","embeddable":true,"href":"https:\/\/pldistribucion.com.ar\/web\/wp-json\/wp\/v2\/product_tag?post=6441"}],"curies":[{"name":"wp","href":"https:\/\/api.w.org\/{rel}","templated":true}]}}