{"id":6418,"date":"2023-05-29T13:39:44","date_gmt":"2023-05-29T13:39:44","guid":{"rendered":"https:\/\/pldistribucion.com.ar\/web\/?post_type=product&#038;p=6418"},"modified":"2023-06-08T11:31:08","modified_gmt":"2023-06-08T11:31:08","slug":"gruas-telescopicas-neumaticos","status":"publish","type":"product","link":"https:\/\/pldistribucion.com.ar\/web\/producto\/gruas-telescopicas-neumaticos\/","title":{"rendered":"GRUAS TELESC\u00d3PICAS"},"content":{"rendered":"<h1><span style=\"font-size: 80%;\"><strong>GRUAS TELESC\u00d3PICAS &#8211; Neum\u00e1ticos.<\/strong><\/span><\/h1>\n<h3><span style=\"font-size: 80%; color: #f99b1c;\"><strong>DESCRIPCI\u00d3N:<\/strong><\/span><\/h3>\n<p><span style=\"color: #000000;\"> Los neum\u00e1ticos para Gruas telesc\u00f3picas est\u00e1n dise\u00f1ados para brindar estabilidad y tracci\u00f3n a estas m\u00e1quinas de servicio pesado. Por lo general, est\u00e1n hechos de un compuesto de caucho duradero que puede soportar el desgaste del terreno todoterreno. Los neum\u00e1ticos para gr\u00faas telesc\u00f3picas tambi\u00e9n tienen un dibujo profundo de la banda de rodadura que proporciona un buen agarre en condiciones h\u00famedas y resbaladizas.<\/span><\/p>\n<h3><span style=\"font-size: 80%; color: #f99b1c;\"><strong>CARACTER\u00cdSTICAS:<\/strong><\/span><\/h3>\n<ul>\n<li><strong><span>Durabilidad:<\/span><\/strong><span>\u00a0los neum\u00e1ticos para gr\u00faas telesc\u00f3picas est\u00e1n fabricados con un compuesto de caucho duradero que puede resistir el desgaste del terreno todoterreno.<\/span><\/li>\n<li><strong><span>Tracci\u00f3n:<\/span><\/strong><span>\u00a0Los neum\u00e1ticos para gr\u00faas telesc\u00f3picas tienen un dibujo profundo de la banda de rodadura que proporciona un buen agarre en condiciones h\u00famedas y resbaladizas.<\/span><\/li>\n<li><strong><span>Tama\u00f1o:<\/span><\/strong><span>\u00a0Los neum\u00e1ticos para gr\u00faas telesc\u00f3picas vienen en una variedad de tama\u00f1os para adaptarse a diferentes modelos de gr\u00faas.<\/span><\/li>\n<li><strong><span>Capacidad de carga:<\/span><\/strong><span>\u00a0Los neum\u00e1ticos para gr\u00faas telesc\u00f3picas est\u00e1n clasificados para diferentes capacidades de carga.<\/span><\/li>\n<\/ul>\n<h4><strong>Estos son algunos de los factores a considerar al elegir neum\u00e1ticos para gr\u00faas telesc\u00f3picas:<\/strong><\/h4>\n<ul>\n<li><strong><span>El tipo de terreno en el que operar\u00e1 la gr\u00faa:<\/span><\/strong><span>\u00a0si la gr\u00faa operar\u00e1 en terrenos fuera de la carretera, necesitar\u00e1 llantas con un dibujo profundo de la banda de rodadura.<\/span><\/li>\n<li><strong><span>La capacidad de carga de la gr\u00faa:<\/span><\/strong><span>\u00a0Los neum\u00e1ticos deben estar clasificados para el peso de la gr\u00faa y su carga.<\/span><\/li>\n<li><strong><span>El precio:<\/span><\/strong><span>\u00a0los neum\u00e1ticos para gr\u00faas telesc\u00f3picas pueden ser costosos, por lo que debe encontrar un equilibrio entre calidad y asequibilidad.<\/span><\/li>\n<\/ul>\n<h4><strong>Aqu\u00ed hay algunos detalles adicionales sobre los neum\u00e1ticos para gr\u00faas telesc\u00f3picas:<\/strong><\/h4>\n<ul>\n<li><strong><span>Neum\u00e1ticos radiales:<\/span><\/strong><span>\u00a0Los neum\u00e1ticos radiales son el tipo m\u00e1s com\u00fan de neum\u00e1ticos para gr\u00faas telesc\u00f3picas.\u00a0Ofrecen mejor tracci\u00f3n y estabilidad que los neum\u00e1ticos de capas diagonales y tambi\u00e9n duran m\u00e1s.<\/span><\/li>\n<li><strong><span>Neum\u00e1ticos macizos:<\/span><\/strong><span>\u00a0los neum\u00e1ticos macizos son una buena opci\u00f3n para las gr\u00faas que operan en entornos hostiles, como las obras de construcci\u00f3n.\u00a0Son m\u00e1s duraderos que los neum\u00e1ticos y no requieren presi\u00f3n de aire, pero tambi\u00e9n son m\u00e1s caros.<\/span><\/li>\n<li><strong><span>Neum\u00e1ticos con cintur\u00f3n resistente a pinchazos:<\/span><\/strong><span>\u00a0los cinturones resistentes a pinchazos pueden ayudar a proteger sus neum\u00e1ticos de objetos afilados, como clavos y tornillos.\u00a0Tambi\u00e9n pueden ayudar a prolongar la vida \u00fatil de sus neum\u00e1ticos.<\/span><\/li>\n<li><strong><span>Neum\u00e1ticos con dibujo de la banda de rodadura dise\u00f1ado para terrenos espec\u00edficos:<\/span><\/strong><span>\u00a0hay neum\u00e1ticos disponibles con dibujos de la banda de rodadura dise\u00f1ados para terrenos espec\u00edficos, como lodo, nieve o arena.\u00a0Estos neum\u00e1ticos pueden ayudar a mejorar la tracci\u00f3n y la estabilidad en estas condiciones.<\/span><\/li>\n<\/ul>\n<hr \/>\n<p><span style=\"color: #000080;\"><strong><a style=\"color: #000080;\" href=\"https:\/\/pldistribucion.com.ar\/web\/categoria-producto\/neumati-cos\/\" target=\"_blank\" rel=\"noopener\">Conoce m\u00e1s NEUM\u00c1TICOS<\/a><\/strong><\/span><\/p>\n","protected":false},"excerpt":{"rendered":"<p><img loading=\"lazy\" decoding=\"async\" class=\"wp-image-6236 alignleft\" src=\"https:\/\/pldistribucion.com.ar\/web\/wp-content\/uploads\/pld5-1-300x257.jpg\" alt=\"\" width=\"174\" height=\"149\" srcset=\"https:\/\/pldistribucion.com.ar\/web\/wp-content\/uploads\/pld5-1-300x257.jpg 300w, https:\/\/pldistribucion.com.ar\/web\/wp-content\/uploads\/pld5-1-768x658.jpg 768w, https:\/\/pldistribucion.com.ar\/web\/wp-content\/uploads\/pld5-1-600x514.jpg 600w, https:\/\/pldistribucion.com.ar\/web\/wp-content\/uploads\/pld5-1.jpg 827w\" sizes=\"(max-width: 174px) 100vw, 174px\" \/><\/p>\n<h2 style=\"text-align: left;\"><span style=\"font-size: 75%;\"><strong><a rel=\"noopener noreferrer\" href=\"https:\/\/performancelube.mercadoshops.com.ar\/listado\/accesorios-vehiculos\/#position=1&#038;search_layout=stack&#038;type=item&#038;tracking_id=bbc8064c-7b0a-4bdf-bbd3-38c8c93e73bd\" target=\"_blank\" class=\"button primary\"  >\n    <span>VER TIENDA ONLINE ?<\/span>\n  <\/a>\n<span style=\"color: #69314d;\">\u00a0<\/span><\/strong><strong>\u00a0<\/strong><\/span><\/h2>\n","protected":false},"featured_media":6420,"comment_status":"open","ping_status":"closed","template":"","meta":[],"product_cat":[200],"product_tag":[],"yoast_head":"<!-- This site is optimized with the Yoast SEO plugin v23.0 - https:\/\/yoast.com\/wordpress\/plugins\/seo\/ -->\n<title>GRUAS TELESC\u00d3PICAS - Perfomance Lube - Neumaticos<\/title>\n<meta name=\"description\" content=\"Distribuidor de neumaticos de diferentes aplicaciones. Env\u00edos a todo el pa\u00eds. Variedad de productos y stock disponible.GRUAS TELESC\u00d3PICAS\" \/>\n<meta name=\"robots\" content=\"index, follow, max-snippet:-1, max-image-preview:large, max-video-preview:-1\" \/>\n<link rel=\"canonical\" href=\"https:\/\/pldistribucion.com.ar\/web\/producto\/gruas-telescopicas-neumaticos\/\" \/>\n<meta property=\"og:locale\" content=\"es_ES\" \/>\n<meta property=\"og:type\" content=\"article\" \/>\n<meta property=\"og:title\" content=\"GRUAS TELESC\u00d3PICAS - Perfomance Lube - Neumaticos\" \/>\n<meta property=\"og:description\" content=\"Distribuidor de neumaticos de diferentes aplicaciones. Env\u00edos a todo el pa\u00eds. Variedad de productos y stock disponible.GRUAS TELESC\u00d3PICAS\" \/>\n<meta property=\"og:url\" content=\"https:\/\/pldistribucion.com.ar\/web\/producto\/gruas-telescopicas-neumaticos\/\" \/>\n<meta property=\"og:site_name\" content=\"Perfomance Lube\" \/>\n<meta property=\"article:modified_time\" content=\"2023-06-08T11:31:08+00:00\" \/>\n<meta property=\"og:image\" content=\"https:\/\/pldistribucion.com.ar\/web\/wp-content\/uploads\/Diseno-sin-titulo-11.png\" \/>\n\t<meta property=\"og:image:width\" content=\"1200\" \/>\n\t<meta property=\"og:image:height\" content=\"800\" \/>\n\t<meta property=\"og:image:type\" content=\"image\/png\" \/>\n<meta name=\"twitter:card\" content=\"summary_large_image\" \/>\n<meta name=\"twitter:label1\" content=\"Tiempo de lectura\" \/>\n\t<meta name=\"twitter:data1\" content=\"2 minutos\" \/>\n<script type=\"application\/ld+json\" class=\"yoast-schema-graph\">{\"@context\":\"https:\/\/schema.org\",\"@graph\":[{\"@type\":\"WebPage\",\"@id\":\"https:\/\/pldistribucion.com.ar\/web\/producto\/gruas-telescopicas-neumaticos\/\",\"url\":\"https:\/\/pldistribucion.com.ar\/web\/producto\/gruas-telescopicas-neumaticos\/\",\"name\":\"GRUAS TELESC\u00d3PICAS - Perfomance Lube - Neumaticos\",\"isPartOf\":{\"@id\":\"https:\/\/pldistribucion.com.ar\/web\/#website\"},\"primaryImageOfPage\":{\"@id\":\"https:\/\/pldistribucion.com.ar\/web\/producto\/gruas-telescopicas-neumaticos\/#primaryimage\"},\"image\":{\"@id\":\"https:\/\/pldistribucion.com.ar\/web\/producto\/gruas-telescopicas-neumaticos\/#primaryimage\"},\"thumbnailUrl\":\"https:\/\/pldistribucion.com.ar\/web\/wp-content\/uploads\/Diseno-sin-titulo-11.png\",\"datePublished\":\"2023-05-29T13:39:44+00:00\",\"dateModified\":\"2023-06-08T11:31:08+00:00\",\"description\":\"Distribuidor de neumaticos de diferentes aplicaciones. Env\u00edos a todo el pa\u00eds. Variedad de productos y stock disponible.GRUAS TELESC\u00d3PICAS\",\"breadcrumb\":{\"@id\":\"https:\/\/pldistribucion.com.ar\/web\/producto\/gruas-telescopicas-neumaticos\/#breadcrumb\"},\"inLanguage\":\"es\",\"potentialAction\":[{\"@type\":\"ReadAction\",\"target\":[\"https:\/\/pldistribucion.com.ar\/web\/producto\/gruas-telescopicas-neumaticos\/\"]}]},{\"@type\":\"ImageObject\",\"inLanguage\":\"es\",\"@id\":\"https:\/\/pldistribucion.com.ar\/web\/producto\/gruas-telescopicas-neumaticos\/#primaryimage\",\"url\":\"https:\/\/pldistribucion.com.ar\/web\/wp-content\/uploads\/Diseno-sin-titulo-11.png\",\"contentUrl\":\"https:\/\/pldistribucion.com.ar\/web\/wp-content\/uploads\/Diseno-sin-titulo-11.png\",\"width\":1200,\"height\":800,\"caption\":\"GRUAS TELESC\u00d3PICAS\"},{\"@type\":\"BreadcrumbList\",\"@id\":\"https:\/\/pldistribucion.com.ar\/web\/producto\/gruas-telescopicas-neumaticos\/#breadcrumb\",\"itemListElement\":[{\"@type\":\"ListItem\",\"position\":1,\"name\":\"Portada\",\"item\":\"https:\/\/pldistribucion.com.ar\/web\/\"},{\"@type\":\"ListItem\",\"position\":2,\"name\":\"Productos\",\"item\":\"https:\/\/pldistribucion.com.ar\/web\/productos\/\"},{\"@type\":\"ListItem\",\"position\":3,\"name\":\"GRUAS TELESC\u00d3PICAS\"}]},{\"@type\":\"WebSite\",\"@id\":\"https:\/\/pldistribucion.com.ar\/web\/#website\",\"url\":\"https:\/\/pldistribucion.com.ar\/web\/\",\"name\":\"Perfomance Lube\",\"description\":\"\",\"publisher\":{\"@id\":\"https:\/\/pldistribucion.com.ar\/web\/#organization\"},\"potentialAction\":[{\"@type\":\"SearchAction\",\"target\":{\"@type\":\"EntryPoint\",\"urlTemplate\":\"https:\/\/pldistribucion.com.ar\/web\/?s={search_term_string}\"},\"query-input\":\"required name=search_term_string\"}],\"inLanguage\":\"es\"},{\"@type\":\"Organization\",\"@id\":\"https:\/\/pldistribucion.com.ar\/web\/#organization\",\"name\":\"PERFORMANCE LUBE\",\"url\":\"https:\/\/pldistribucion.com.ar\/web\/\",\"logo\":{\"@type\":\"ImageObject\",\"inLanguage\":\"es\",\"@id\":\"https:\/\/pldistribucion.com.ar\/web\/#\/schema\/logo\/image\/\",\"url\":\"https:\/\/pldistribucion.com.ar\/web\/wp-content\/uploads\/pld_logo_GB-removebg-preview.png\",\"contentUrl\":\"https:\/\/pldistribucion.com.ar\/web\/wp-content\/uploads\/pld_logo_GB-removebg-preview.png\",\"width\":787,\"height\":317,\"caption\":\"PERFORMANCE LUBE\"},\"image\":{\"@id\":\"https:\/\/pldistribucion.com.ar\/web\/#\/schema\/logo\/image\/\"}}]}<\/script>\n<!-- \/ Yoast SEO plugin. -->","yoast_head_json":{"title":"GRUAS TELESC\u00d3PICAS - Perfomance Lube - Neumaticos","description":"Distribuidor de neumaticos de diferentes aplicaciones. Env\u00edos a todo el pa\u00eds. Variedad de productos y stock disponible.GRUAS TELESC\u00d3PICAS","robots":{"index":"index","follow":"follow","max-snippet":"max-snippet:-1","max-image-preview":"max-image-preview:large","max-video-preview":"max-video-preview:-1"},"canonical":"https:\/\/pldistribucion.com.ar\/web\/producto\/gruas-telescopicas-neumaticos\/","og_locale":"es_ES","og_type":"article","og_title":"GRUAS TELESC\u00d3PICAS - Perfomance Lube - Neumaticos","og_description":"Distribuidor de neumaticos de diferentes aplicaciones. Env\u00edos a todo el pa\u00eds. Variedad de productos y stock disponible.GRUAS TELESC\u00d3PICAS","og_url":"https:\/\/pldistribucion.com.ar\/web\/producto\/gruas-telescopicas-neumaticos\/","og_site_name":"Perfomance Lube","article_modified_time":"2023-06-08T11:31:08+00:00","og_image":[{"width":1200,"height":800,"url":"https:\/\/pldistribucion.com.ar\/web\/wp-content\/uploads\/Diseno-sin-titulo-11.png","type":"image\/png"}],"twitter_card":"summary_large_image","twitter_misc":{"Tiempo de lectura":"2 minutos"},"schema":{"@context":"https:\/\/schema.org","@graph":[{"@type":"WebPage","@id":"https:\/\/pldistribucion.com.ar\/web\/producto\/gruas-telescopicas-neumaticos\/","url":"https:\/\/pldistribucion.com.ar\/web\/producto\/gruas-telescopicas-neumaticos\/","name":"GRUAS TELESC\u00d3PICAS - Perfomance Lube - Neumaticos","isPartOf":{"@id":"https:\/\/pldistribucion.com.ar\/web\/#website"},"primaryImageOfPage":{"@id":"https:\/\/pldistribucion.com.ar\/web\/producto\/gruas-telescopicas-neumaticos\/#primaryimage"},"image":{"@id":"https:\/\/pldistribucion.com.ar\/web\/producto\/gruas-telescopicas-neumaticos\/#primaryimage"},"thumbnailUrl":"https:\/\/pldistribucion.com.ar\/web\/wp-content\/uploads\/Diseno-sin-titulo-11.png","datePublished":"2023-05-29T13:39:44+00:00","dateModified":"2023-06-08T11:31:08+00:00","description":"Distribuidor de neumaticos de diferentes aplicaciones. Env\u00edos a todo el pa\u00eds. Variedad de productos y stock disponible.GRUAS TELESC\u00d3PICAS","breadcrumb":{"@id":"https:\/\/pldistribucion.com.ar\/web\/producto\/gruas-telescopicas-neumaticos\/#breadcrumb"},"inLanguage":"es","potentialAction":[{"@type":"ReadAction","target":["https:\/\/pldistribucion.com.ar\/web\/producto\/gruas-telescopicas-neumaticos\/"]}]},{"@type":"ImageObject","inLanguage":"es","@id":"https:\/\/pldistribucion.com.ar\/web\/producto\/gruas-telescopicas-neumaticos\/#primaryimage","url":"https:\/\/pldistribucion.com.ar\/web\/wp-content\/uploads\/Diseno-sin-titulo-11.png","contentUrl":"https:\/\/pldistribucion.com.ar\/web\/wp-content\/uploads\/Diseno-sin-titulo-11.png","width":1200,"height":800,"caption":"GRUAS TELESC\u00d3PICAS"},{"@type":"BreadcrumbList","@id":"https:\/\/pldistribucion.com.ar\/web\/producto\/gruas-telescopicas-neumaticos\/#breadcrumb","itemListElement":[{"@type":"ListItem","position":1,"name":"Portada","item":"https:\/\/pldistribucion.com.ar\/web\/"},{"@type":"ListItem","position":2,"name":"Productos","item":"https:\/\/pldistribucion.com.ar\/web\/productos\/"},{"@type":"ListItem","position":3,"name":"GRUAS TELESC\u00d3PICAS"}]},{"@type":"WebSite","@id":"https:\/\/pldistribucion.com.ar\/web\/#website","url":"https:\/\/pldistribucion.com.ar\/web\/","name":"Perfomance Lube","description":"","publisher":{"@id":"https:\/\/pldistribucion.com.ar\/web\/#organization"},"potentialAction":[{"@type":"SearchAction","target":{"@type":"EntryPoint","urlTemplate":"https:\/\/pldistribucion.com.ar\/web\/?s={search_term_string}"},"query-input":"required name=search_term_string"}],"inLanguage":"es"},{"@type":"Organization","@id":"https:\/\/pldistribucion.com.ar\/web\/#organization","name":"PERFORMANCE LUBE","url":"https:\/\/pldistribucion.com.ar\/web\/","logo":{"@type":"ImageObject","inLanguage":"es","@id":"https:\/\/pldistribucion.com.ar\/web\/#\/schema\/logo\/image\/","url":"https:\/\/pldistribucion.com.ar\/web\/wp-content\/uploads\/pld_logo_GB-removebg-preview.png","contentUrl":"https:\/\/pldistribucion.com.ar\/web\/wp-content\/uploads\/pld_logo_GB-removebg-preview.png","width":787,"height":317,"caption":"PERFORMANCE LUBE"},"image":{"@id":"https:\/\/pldistribucion.com.ar\/web\/#\/schema\/logo\/image\/"}}]}},"_links":{"self":[{"href":"https:\/\/pldistribucion.com.ar\/web\/wp-json\/wp\/v2\/product\/6418"}],"collection":[{"href":"https:\/\/pldistribucion.com.ar\/web\/wp-json\/wp\/v2\/product"}],"about":[{"href":"https:\/\/pldistribucion.com.ar\/web\/wp-json\/wp\/v2\/types\/product"}],"replies":[{"embeddable":true,"href":"https:\/\/pldistribucion.com.ar\/web\/wp-json\/wp\/v2\/comments?post=6418"}],"wp:featuredmedia":[{"embeddable":true,"href":"https:\/\/pldistribucion.com.ar\/web\/wp-json\/wp\/v2\/media\/6420"}],"wp:attachment":[{"href":"https:\/\/pldistribucion.com.ar\/web\/wp-json\/wp\/v2\/media?parent=6418"}],"wp:term":[{"taxonomy":"product_cat","embeddable":true,"href":"https:\/\/pldistribucion.com.ar\/web\/wp-json\/wp\/v2\/product_cat?post=6418"},{"taxonomy":"product_tag","embeddable":true,"href":"https:\/\/pldistribucion.com.ar\/web\/wp-json\/wp\/v2\/product_tag?post=6418"}],"curies":[{"name":"wp","href":"https:\/\/api.w.org\/{rel}","templated":true}]}}