{"id":6411,"date":"2023-05-29T12:28:05","date_gmt":"2023-05-29T12:28:05","guid":{"rendered":"https:\/\/pldistribucion.com.ar\/web\/?post_type=product&#038;p=6411"},"modified":"2023-06-08T11:37:11","modified_gmt":"2023-06-08T11:37:11","slug":"autoelevadores-neumaticos","status":"publish","type":"product","link":"https:\/\/pldistribucion.com.ar\/web\/producto\/autoelevadores-neumaticos\/","title":{"rendered":"AUTOELEVADORES"},"content":{"rendered":"<h1><span style=\"font-size: 80%;\"><strong>AUTOELEVADORES &#8211; Neum\u00e1ticos.<\/strong><\/span><\/h1>\n<h3><span style=\"font-size: 80%; color: #f99b1c;\"><strong>DESCRIPCI\u00d3N:<\/strong><\/span><\/h3>\n<p><span style=\"color: #000000;\">Los neum\u00e1ticos para autoelevadores son especialmente dise\u00f1ados para brindar un rendimiento \u00f3ptimo en aplicaciones industriales que involucran el uso de autoelevadores o montacargas. Estos neum\u00e1ticos est\u00e1n dise\u00f1ados para soportar cargas pesadas y operar en entornos industriales exigentes.<\/span><\/p>\n<h3><span style=\"font-size: 80%; color: #f99b1c;\"><strong>CARACTER\u00cdSTICAS:<\/strong><\/span><\/h3>\n<p><strong> Hay tres tipos principales de neum\u00e1ticos para carretillas elevadoras:<\/strong><\/p>\n<ul>\n<li><strong><span>Neum\u00e1ticos:<\/span><\/strong><span>\u00a0son el tipo de neum\u00e1tico m\u00e1s com\u00fan para carretillas elevadoras.\u00a0Est\u00e1n hechos de goma y tienen aire en su interior, lo que proporciona amortiguaci\u00f3n y absorci\u00f3n de impactos.\u00a0Los neum\u00e1ticos son los m\u00e1s adecuados para superficies interiores lisas.<\/span><\/li>\n<li><strong><span>Neum\u00e1ticos macizos:<\/span><\/strong><span>\u00a0estos neum\u00e1ticos est\u00e1n hechos de caucho macizo y no tienen aire en su interior.\u00a0Son m\u00e1s duraderas que las llantas neum\u00e1ticas y pueden soportar m\u00e1s desgaste, pero tambi\u00e9n son menos c\u00f3modas para andar en ellas.\u00a0Los neum\u00e1ticos macizos son los m\u00e1s adecuados para superficies \u00e1speras al aire libre.<\/span><\/li>\n<li><strong><span>Neum\u00e1ticos de coj\u00edn:<\/span><\/strong><span>\u00a0estos neum\u00e1ticos son un h\u00edbrido de neum\u00e1ticos y s\u00f3lidos.\u00a0Tienen una capa de goma con aire en su interior, que proporciona amortiguaci\u00f3n y absorci\u00f3n de impactos.\u00a0Los neum\u00e1ticos de coj\u00edn son los m\u00e1s adecuados para uso mixto, tanto en interiores como en exteriores.<\/span><\/li>\n<\/ul>\n<h4><strong>Estos son algunos de los factores clave a tener en cuenta al elegir neum\u00e1ticos para carretillas elevadoras:<\/strong><\/h4>\n<ul>\n<li><strong><span>El tipo de terreno en el que operar\u00e1 el montacargas:<\/span><\/strong><span>\u00a0si el montacargas operar\u00e1 en superficies interiores lisas, entonces las llantas neum\u00e1ticas son la mejor opci\u00f3n.\u00a0Si el montacargas operar\u00e1 en superficies exteriores irregulares, los neum\u00e1ticos s\u00f3lidos son la mejor opci\u00f3n.\u00a0Si el montacargas operar\u00e1 tanto en superficies lisas como rugosas, entonces las llantas con amortiguaci\u00f3n son la mejor opci\u00f3n.<\/span><\/li>\n<li><strong><span>La capacidad de carga de la carretilla elevadora:<\/span><\/strong><span>\u00a0Los neum\u00e1ticos deben estar clasificados para el peso de la carretilla elevadora y su carga.<\/span><\/li>\n<li><strong><span>El precio:<\/span><\/strong><span>\u00a0los neum\u00e1ticos para carretillas elevadoras pueden ser caros, por lo que debe encontrar un equilibrio entre calidad y asequibilidad.<\/span><\/li>\n<\/ul>\n<hr \/>\n<p><span style=\"color: #000080;\"><strong><a style=\"color: #000080;\" href=\"https:\/\/pldistribucion.com.ar\/web\/categoria-producto\/neumati-cos\/\" target=\"_blank\" rel=\"noopener\">Conoce m\u00e1s NEUM\u00c1TICOS<\/a><\/strong><\/span><\/p>\n","protected":false},"excerpt":{"rendered":"<p><img loading=\"lazy\" decoding=\"async\" class=\"wp-image-6236 alignleft\" src=\"https:\/\/pldistribucion.com.ar\/web\/wp-content\/uploads\/pld5-1-300x257.jpg\" alt=\"\" width=\"174\" height=\"149\" srcset=\"https:\/\/pldistribucion.com.ar\/web\/wp-content\/uploads\/pld5-1-300x257.jpg 300w, https:\/\/pldistribucion.com.ar\/web\/wp-content\/uploads\/pld5-1-768x658.jpg 768w, https:\/\/pldistribucion.com.ar\/web\/wp-content\/uploads\/pld5-1-600x514.jpg 600w, https:\/\/pldistribucion.com.ar\/web\/wp-content\/uploads\/pld5-1.jpg 827w\" sizes=\"(max-width: 174px) 100vw, 174px\" \/><\/p>\n<h2 style=\"text-align: left;\"><span style=\"font-size: 75%;\"><strong><a rel=\"noopener noreferrer\" href=\"https:\/\/performancelube.mercadoshops.com.ar\/listado\/accesorios-vehiculos\/#position=1&#038;search_layout=stack&#038;type=item&#038;tracking_id=bbc8064c-7b0a-4bdf-bbd3-38c8c93e73bd\" target=\"_blank\" class=\"button primary\"  >\n    <span>VER TIENDA ONLINE ?<\/span>\n  <\/a>\n<span style=\"color: #69314d;\">\u00a0<\/span><\/strong><strong>\u00a0<\/strong><\/span><\/h2>\n","protected":false},"featured_media":6414,"comment_status":"open","ping_status":"closed","template":"","meta":[],"product_cat":[200],"product_tag":[],"yoast_head":"<!-- This site is optimized with the Yoast SEO plugin v23.0 - https:\/\/yoast.com\/wordpress\/plugins\/seo\/ -->\n<title>AUTOELEVADORES - Perfomance Lube - Neum\u00e1ticos<\/title>\n<meta name=\"description\" content=\"Distribuidor de neumaticos de diferentes aplicaciones. Env\u00edos a todo el pa\u00eds. Variedad de productos y stock disponible.AUTOELEVADORES\" \/>\n<meta name=\"robots\" content=\"index, follow, max-snippet:-1, max-image-preview:large, max-video-preview:-1\" \/>\n<link rel=\"canonical\" href=\"https:\/\/pldistribucion.com.ar\/web\/producto\/autoelevadores-neumaticos\/\" \/>\n<meta property=\"og:locale\" content=\"es_ES\" \/>\n<meta property=\"og:type\" content=\"article\" \/>\n<meta property=\"og:title\" content=\"AUTOELEVADORES - Perfomance Lube - Neum\u00e1ticos\" \/>\n<meta property=\"og:description\" content=\"Distribuidor de neumaticos de diferentes aplicaciones. Env\u00edos a todo el pa\u00eds. Variedad de productos y stock disponible.AUTOELEVADORES\" \/>\n<meta property=\"og:url\" content=\"https:\/\/pldistribucion.com.ar\/web\/producto\/autoelevadores-neumaticos\/\" \/>\n<meta property=\"og:site_name\" content=\"Perfomance Lube\" \/>\n<meta property=\"article:modified_time\" content=\"2023-06-08T11:37:11+00:00\" \/>\n<meta property=\"og:image\" content=\"https:\/\/pldistribucion.com.ar\/web\/wp-content\/uploads\/Diseno-sin-titulo-9.png\" \/>\n\t<meta property=\"og:image:width\" content=\"1200\" \/>\n\t<meta property=\"og:image:height\" content=\"800\" \/>\n\t<meta property=\"og:image:type\" content=\"image\/png\" \/>\n<meta name=\"twitter:card\" content=\"summary_large_image\" \/>\n<meta name=\"twitter:label1\" content=\"Tiempo de lectura\" \/>\n\t<meta name=\"twitter:data1\" content=\"2 minutos\" \/>\n<script type=\"application\/ld+json\" class=\"yoast-schema-graph\">{\"@context\":\"https:\/\/schema.org\",\"@graph\":[{\"@type\":\"WebPage\",\"@id\":\"https:\/\/pldistribucion.com.ar\/web\/producto\/autoelevadores-neumaticos\/\",\"url\":\"https:\/\/pldistribucion.com.ar\/web\/producto\/autoelevadores-neumaticos\/\",\"name\":\"AUTOELEVADORES - Perfomance Lube - Neum\u00e1ticos\",\"isPartOf\":{\"@id\":\"https:\/\/pldistribucion.com.ar\/web\/#website\"},\"primaryImageOfPage\":{\"@id\":\"https:\/\/pldistribucion.com.ar\/web\/producto\/autoelevadores-neumaticos\/#primaryimage\"},\"image\":{\"@id\":\"https:\/\/pldistribucion.com.ar\/web\/producto\/autoelevadores-neumaticos\/#primaryimage\"},\"thumbnailUrl\":\"https:\/\/pldistribucion.com.ar\/web\/wp-content\/uploads\/Diseno-sin-titulo-9.png\",\"datePublished\":\"2023-05-29T12:28:05+00:00\",\"dateModified\":\"2023-06-08T11:37:11+00:00\",\"description\":\"Distribuidor de neumaticos de diferentes aplicaciones. Env\u00edos a todo el pa\u00eds. Variedad de productos y stock disponible.AUTOELEVADORES\",\"breadcrumb\":{\"@id\":\"https:\/\/pldistribucion.com.ar\/web\/producto\/autoelevadores-neumaticos\/#breadcrumb\"},\"inLanguage\":\"es\",\"potentialAction\":[{\"@type\":\"ReadAction\",\"target\":[\"https:\/\/pldistribucion.com.ar\/web\/producto\/autoelevadores-neumaticos\/\"]}]},{\"@type\":\"ImageObject\",\"inLanguage\":\"es\",\"@id\":\"https:\/\/pldistribucion.com.ar\/web\/producto\/autoelevadores-neumaticos\/#primaryimage\",\"url\":\"https:\/\/pldistribucion.com.ar\/web\/wp-content\/uploads\/Diseno-sin-titulo-9.png\",\"contentUrl\":\"https:\/\/pldistribucion.com.ar\/web\/wp-content\/uploads\/Diseno-sin-titulo-9.png\",\"width\":1200,\"height\":800,\"caption\":\"AUTOELEVADORES\"},{\"@type\":\"BreadcrumbList\",\"@id\":\"https:\/\/pldistribucion.com.ar\/web\/producto\/autoelevadores-neumaticos\/#breadcrumb\",\"itemListElement\":[{\"@type\":\"ListItem\",\"position\":1,\"name\":\"Portada\",\"item\":\"https:\/\/pldistribucion.com.ar\/web\/\"},{\"@type\":\"ListItem\",\"position\":2,\"name\":\"Productos\",\"item\":\"https:\/\/pldistribucion.com.ar\/web\/productos\/\"},{\"@type\":\"ListItem\",\"position\":3,\"name\":\"AUTOELEVADORES\"}]},{\"@type\":\"WebSite\",\"@id\":\"https:\/\/pldistribucion.com.ar\/web\/#website\",\"url\":\"https:\/\/pldistribucion.com.ar\/web\/\",\"name\":\"Perfomance Lube\",\"description\":\"\",\"publisher\":{\"@id\":\"https:\/\/pldistribucion.com.ar\/web\/#organization\"},\"potentialAction\":[{\"@type\":\"SearchAction\",\"target\":{\"@type\":\"EntryPoint\",\"urlTemplate\":\"https:\/\/pldistribucion.com.ar\/web\/?s={search_term_string}\"},\"query-input\":\"required name=search_term_string\"}],\"inLanguage\":\"es\"},{\"@type\":\"Organization\",\"@id\":\"https:\/\/pldistribucion.com.ar\/web\/#organization\",\"name\":\"PERFORMANCE LUBE\",\"url\":\"https:\/\/pldistribucion.com.ar\/web\/\",\"logo\":{\"@type\":\"ImageObject\",\"inLanguage\":\"es\",\"@id\":\"https:\/\/pldistribucion.com.ar\/web\/#\/schema\/logo\/image\/\",\"url\":\"https:\/\/pldistribucion.com.ar\/web\/wp-content\/uploads\/pld_logo_GB-removebg-preview.png\",\"contentUrl\":\"https:\/\/pldistribucion.com.ar\/web\/wp-content\/uploads\/pld_logo_GB-removebg-preview.png\",\"width\":787,\"height\":317,\"caption\":\"PERFORMANCE LUBE\"},\"image\":{\"@id\":\"https:\/\/pldistribucion.com.ar\/web\/#\/schema\/logo\/image\/\"}}]}<\/script>\n<!-- \/ Yoast SEO plugin. -->","yoast_head_json":{"title":"AUTOELEVADORES - Perfomance Lube - Neum\u00e1ticos","description":"Distribuidor de neumaticos de diferentes aplicaciones. Env\u00edos a todo el pa\u00eds. Variedad de productos y stock disponible.AUTOELEVADORES","robots":{"index":"index","follow":"follow","max-snippet":"max-snippet:-1","max-image-preview":"max-image-preview:large","max-video-preview":"max-video-preview:-1"},"canonical":"https:\/\/pldistribucion.com.ar\/web\/producto\/autoelevadores-neumaticos\/","og_locale":"es_ES","og_type":"article","og_title":"AUTOELEVADORES - Perfomance Lube - Neum\u00e1ticos","og_description":"Distribuidor de neumaticos de diferentes aplicaciones. Env\u00edos a todo el pa\u00eds. Variedad de productos y stock disponible.AUTOELEVADORES","og_url":"https:\/\/pldistribucion.com.ar\/web\/producto\/autoelevadores-neumaticos\/","og_site_name":"Perfomance Lube","article_modified_time":"2023-06-08T11:37:11+00:00","og_image":[{"width":1200,"height":800,"url":"https:\/\/pldistribucion.com.ar\/web\/wp-content\/uploads\/Diseno-sin-titulo-9.png","type":"image\/png"}],"twitter_card":"summary_large_image","twitter_misc":{"Tiempo de lectura":"2 minutos"},"schema":{"@context":"https:\/\/schema.org","@graph":[{"@type":"WebPage","@id":"https:\/\/pldistribucion.com.ar\/web\/producto\/autoelevadores-neumaticos\/","url":"https:\/\/pldistribucion.com.ar\/web\/producto\/autoelevadores-neumaticos\/","name":"AUTOELEVADORES - Perfomance Lube - Neum\u00e1ticos","isPartOf":{"@id":"https:\/\/pldistribucion.com.ar\/web\/#website"},"primaryImageOfPage":{"@id":"https:\/\/pldistribucion.com.ar\/web\/producto\/autoelevadores-neumaticos\/#primaryimage"},"image":{"@id":"https:\/\/pldistribucion.com.ar\/web\/producto\/autoelevadores-neumaticos\/#primaryimage"},"thumbnailUrl":"https:\/\/pldistribucion.com.ar\/web\/wp-content\/uploads\/Diseno-sin-titulo-9.png","datePublished":"2023-05-29T12:28:05+00:00","dateModified":"2023-06-08T11:37:11+00:00","description":"Distribuidor de neumaticos de diferentes aplicaciones. Env\u00edos a todo el pa\u00eds. Variedad de productos y stock disponible.AUTOELEVADORES","breadcrumb":{"@id":"https:\/\/pldistribucion.com.ar\/web\/producto\/autoelevadores-neumaticos\/#breadcrumb"},"inLanguage":"es","potentialAction":[{"@type":"ReadAction","target":["https:\/\/pldistribucion.com.ar\/web\/producto\/autoelevadores-neumaticos\/"]}]},{"@type":"ImageObject","inLanguage":"es","@id":"https:\/\/pldistribucion.com.ar\/web\/producto\/autoelevadores-neumaticos\/#primaryimage","url":"https:\/\/pldistribucion.com.ar\/web\/wp-content\/uploads\/Diseno-sin-titulo-9.png","contentUrl":"https:\/\/pldistribucion.com.ar\/web\/wp-content\/uploads\/Diseno-sin-titulo-9.png","width":1200,"height":800,"caption":"AUTOELEVADORES"},{"@type":"BreadcrumbList","@id":"https:\/\/pldistribucion.com.ar\/web\/producto\/autoelevadores-neumaticos\/#breadcrumb","itemListElement":[{"@type":"ListItem","position":1,"name":"Portada","item":"https:\/\/pldistribucion.com.ar\/web\/"},{"@type":"ListItem","position":2,"name":"Productos","item":"https:\/\/pldistribucion.com.ar\/web\/productos\/"},{"@type":"ListItem","position":3,"name":"AUTOELEVADORES"}]},{"@type":"WebSite","@id":"https:\/\/pldistribucion.com.ar\/web\/#website","url":"https:\/\/pldistribucion.com.ar\/web\/","name":"Perfomance Lube","description":"","publisher":{"@id":"https:\/\/pldistribucion.com.ar\/web\/#organization"},"potentialAction":[{"@type":"SearchAction","target":{"@type":"EntryPoint","urlTemplate":"https:\/\/pldistribucion.com.ar\/web\/?s={search_term_string}"},"query-input":"required name=search_term_string"}],"inLanguage":"es"},{"@type":"Organization","@id":"https:\/\/pldistribucion.com.ar\/web\/#organization","name":"PERFORMANCE LUBE","url":"https:\/\/pldistribucion.com.ar\/web\/","logo":{"@type":"ImageObject","inLanguage":"es","@id":"https:\/\/pldistribucion.com.ar\/web\/#\/schema\/logo\/image\/","url":"https:\/\/pldistribucion.com.ar\/web\/wp-content\/uploads\/pld_logo_GB-removebg-preview.png","contentUrl":"https:\/\/pldistribucion.com.ar\/web\/wp-content\/uploads\/pld_logo_GB-removebg-preview.png","width":787,"height":317,"caption":"PERFORMANCE LUBE"},"image":{"@id":"https:\/\/pldistribucion.com.ar\/web\/#\/schema\/logo\/image\/"}}]}},"_links":{"self":[{"href":"https:\/\/pldistribucion.com.ar\/web\/wp-json\/wp\/v2\/product\/6411"}],"collection":[{"href":"https:\/\/pldistribucion.com.ar\/web\/wp-json\/wp\/v2\/product"}],"about":[{"href":"https:\/\/pldistribucion.com.ar\/web\/wp-json\/wp\/v2\/types\/product"}],"replies":[{"embeddable":true,"href":"https:\/\/pldistribucion.com.ar\/web\/wp-json\/wp\/v2\/comments?post=6411"}],"wp:featuredmedia":[{"embeddable":true,"href":"https:\/\/pldistribucion.com.ar\/web\/wp-json\/wp\/v2\/media\/6414"}],"wp:attachment":[{"href":"https:\/\/pldistribucion.com.ar\/web\/wp-json\/wp\/v2\/media?parent=6411"}],"wp:term":[{"taxonomy":"product_cat","embeddable":true,"href":"https:\/\/pldistribucion.com.ar\/web\/wp-json\/wp\/v2\/product_cat?post=6411"},{"taxonomy":"product_tag","embeddable":true,"href":"https:\/\/pldistribucion.com.ar\/web\/wp-json\/wp\/v2\/product_tag?post=6411"}],"curies":[{"name":"wp","href":"https:\/\/api.w.org\/{rel}","templated":true}]}}