{"id":623,"date":"2020-02-11T19:34:22","date_gmt":"2020-02-11T19:34:22","guid":{"rendered":"https:\/\/pldistribucion.com.ar\/web\/?post_type=product&#038;p=623"},"modified":"2023-01-30T12:02:24","modified_gmt":"2023-01-30T12:02:24","slug":"grasa-shell-gadus-s2-high-speed-coupling","status":"publish","type":"product","link":"https:\/\/pldistribucion.com.ar\/web\/producto\/grasa-shell-gadus-s2-high-speed-coupling\/","title":{"rendered":"SHELL GADUS S2 High Speed Coupling"},"content":{"rendered":"<h1><strong style=\"font-size: 80%;\">SHELL GADUS S2 High Speed Coupling \/<\/strong><strong style=\"font-size: 80%;\">Lubricantes industriales y grasas.<\/strong><\/h1>\n<h2><span style=\"font-size: 75%; color: #ff0000;\"><strong>Nombre previo: Shell Alvania CG.<\/strong><\/span><\/h2>\n<h3><span style=\"background-color: #bee8e8;\"><strong>DESCRIPCI\u00d3N DEL PRODUCTO<\/strong><\/span><\/h3>\n<p><span style=\"color: #000000;\">SHELL GADUS S2 High Speed Coupling &#8211; Grasa de acoplamiento de engranajes de alto rendimiento.<\/span><\/p>\n<p><span style=\"color: #000000;\">La grasa para acoples de alta velocidad Shell Gadus S2 est\u00e1 especialmente formulada con un espesante de pol\u00edmero\/jab\u00f3n de litio, que tiene una resistencia superior a la separaci\u00f3n del aceite cuando se somete a las altas fuerzas centr\u00edfugas que normalmente se encuentran en los acoples.<\/span><\/p>\n<h3><span style=\"background-color: #bee8e8;\"><strong>CARACTER\u00cdSTICAS Y BENEFICIOS<\/strong><\/span><\/h3>\n<ul>\n<li><span style=\"color: #000000;\">Resistencia a la separaci\u00f3n centr\u00edfuga. <\/span><\/li>\n<li><span style=\"color: #000000;\">Frecuencia de relubricaci\u00f3n extendida. <\/span><\/li>\n<li><span style=\"color: #000000;\">Gran capacidad de carga. <\/span><\/li>\n<li><span style=\"color: #000000;\">Resistencia al lavado con agua. <\/span><\/li>\n<li><span style=\"color: #000000;\">Permanecer en su lugar a altas velocidades. <\/span><\/li>\n<li><span style=\"color: #000000;\">Protecci\u00f3n contra la corrosi\u00f3n y el \u00f3xido. <\/span><\/li>\n<li><span style=\"color: #000000;\">Minimizaci\u00f3n del desgaste del acoplamiento. <\/span><\/li>\n<li><span style=\"color: #000000;\">Reducci\u00f3n del tiempo de inactividad y de los costes de mantenimiento.<\/span><\/li>\n<li><span style=\"color: #000000;\"> Minimizaci\u00f3n del congelamiento del acoplamiento. \u00daselo a temperaturas de hasta 3250F<\/span><\/li>\n<li><span style=\"color: #000000;\">Shell Gadus S2 High Speed \u200b\u200bCoupling Grease tiene una grasa One para todos los tipos de acoplamientos de grasa.<\/span><\/li>\n<\/ul>\n<p><span style=\"color: #000000;\">Su aceite base de alta viscosidad y su adhesivo se combinan para mantener la grasa en su lugar y evitar la separaci\u00f3n. En la prueba centr\u00edfuga de alta velocidad ASTM D 4425, que desarrolla fuerzas G superiores a 36 000 a 15 000 rpm. Shell Gadus S2 High Speed \u200b\u200bCoupling Grease exhibe poca o ninguna separaci\u00f3n de aceite. Consistencia que se superpone a los grados NLGI 0 y 1. Esta grasa est\u00e1 especialmente formulada con un espesante de litio\/pol\u00edmero y reforzada con corrosi\u00f3n, oxidaci\u00f3n, presi\u00f3n extrema y un aditivo inhibidor de oxidaci\u00f3n eficaz. paquete.<\/span><\/p>\n<p><span style=\"color: #000000;\">Con base en las pruebas de torque de las normas ASTM D 1478 y D 4693, el servicio m\u00ednimo recomendado de lubricaci\u00f3n de rodamientos ser\u00eda &#8211; 100F. Para el servicio de acoplamiento, la temperatura m\u00ednima utilizable no depende de la facilidad de bombeo ni de la fuerza de arranque del cojinete. El servicio de campo confirma un servicio de acoplamiento sin problemas a -200F y menos. La temperatura m\u00ednima real para el servicio de acoplamiento ser\u00eda inferior a -200F.<\/span><\/p>\n<h3><span style=\"background-color: #bee8e8;\"><strong>APLICACI\u00d3N<\/strong><\/span><\/h3>\n<p><span style=\"color: #000000;\">La grasa para acoplamientos de alta velocidad Shell Gadus S2 se recomienda para todos los tipos de acoplamientos lubricados con grasa utilizados en equipos industriales. Los acoplamientos comunes lubricados con grasa incluyen:<\/span><\/p>\n<ol>\n<li><span style=\"color: #000000;\">Engranados que tienen engranajes rectos internos y externos que engranan dentro de un cubo giratorio com\u00fan que conecta los ejes.<\/span><\/li>\n<li><span style=\"color: #000000;\">De rejilla de acero que tienen una banda contorneada de acero flexible para resortes que une f\u00edsicamente los cubos entre s\u00ed. <\/span><\/li>\n<li><span style=\"color: #000000;\">De cadena flexibles que tienen una cadena de rodillos que engrana con un corte de rueda dentada en cada cubo de acoplamiento.<\/span><\/li>\n<\/ol>\n<p><span style=\"color: #000000;\">La tecnolog\u00eda avanzada ha permitido que Shell Gadus S2 High Speed \u200b\u200bCoupling Grease funcione m\u00e1s all\u00e1 del intervalo normal de cambio de 6 meses. En la experiencia de campo real, esta grasa ha demostrado su capacidad para funcionar satisfactoriamente m\u00e1s de 3 a\u00f1os. <\/span><\/p>\n<p><span style=\"color: #000000;\">Este producto debe usarse en todos los acoplamientos de grasa, especialmente en aquellos de dif\u00edcil mantenimiento o que operan en condiciones severas. Debido a la alta viscosidad del aceite base, la grasa de acoplamiento de alta velocidad Shell Gadus S2 tambi\u00e9n es adecuada para su uso en otras aplicaciones industriales donde el equipo est\u00e1 sujeto a un alto lavado con agua, bajas velocidades y cargas pesadas o de impacto.<\/span><\/p>\n<p><strong><span style=\"color: #0000ff;\"><a style=\"color: #0000ff;\" href=\"https:\/\/pldistribucion.com.ar\/web\/wp-content\/uploads\/FICHA-3-7.pdf\" target=\"_blank\" rel=\"noopener\">Ver ficha t\u00e9cnica<\/a><\/span><\/strong><\/p>\n<p><strong><span style=\"color: #0000ff;\"><a style=\"color: #0000ff;\" href=\"https:\/\/pldistribucion.com.ar\/web\/categoria-producto\/lubricantes\/?filter_marcas=shell\" target=\"_blank\" rel=\"noopener\">Ver m\u00e1s productos SHELL<\/a><\/span><\/strong><\/p>\n<p><span style=\"color: #000000;\">(Shell fabrica y comercializa lubricantes y grasas para uso en motos, veh\u00edculos de transporte, construcci\u00f3n, agricultura e industria. Constantemente reaccionamos a las necesidades cambiantes de cada sector para que usted disponga de los lubricantes de calidad que le permitan optimizar la eficiencia de sus equipos y a\u00f1adir valor a su negocio).<\/span><\/p>\n<p><span style=\"color: #0000ff;\"><strong><a style=\"color: #0000ff;\" href=\"https:\/\/www.shell.com.ar\/acerca-de-shell\/la-marca-shell.html#:~:text=La%20palabra%20Shell%20se%20utiliz%C3%B3,conchas%20marinas%20procedentes%20de%20Oriente.\" target=\"_blank\" rel=\"noopener\">Conoce m\u00e1s sobre SHELL<\/a><\/strong><\/span><\/p>\n","protected":false},"excerpt":{"rendered":"<p><img loading=\"lazy\" decoding=\"async\" class=\"alignnone size-full wp-image-284\" src=\"https:\/\/pldistribucion.com.ar\/web\/wp-content\/uploads\/shell.png\" alt=\"\" width=\"200\" height=\"200\" \/><\/p>\n<h1>Shell Lubricantes<\/h1>\n<p>Shell vende una amplia variedad de lubricantes para satisfacer las necesidades de los clientes a trav\u00e9s de una gama de productos para el autom\u00f3vil de calle, el transporte pesado, la miner\u00eda, la generaci\u00f3n de energ\u00eda y la ingenier\u00eda general. La cartera de productos de lubricantes Shell incluye Shell Helix, Shell Rimula y Shell Spirax. Con 70 plantas en todo el mundo, somos productores de aceites que se distribuyen, comercializan y venden en m\u00e1s de 100 pa\u00edses.<\/p>\n","protected":false},"featured_media":3041,"comment_status":"open","ping_status":"closed","template":"","meta":[],"product_cat":[16,34],"product_tag":[],"yoast_head":"<!-- This site is optimized with the Yoast SEO plugin v23.0 - https:\/\/yoast.com\/wordpress\/plugins\/seo\/ -->\n<title>SHELL GADUS S2 High Speed Coupling - Perfomance Lube - Aceites<\/title>\n<meta name=\"description\" content=\"Distribuidor de lubricantes SHELL de diferentes aplicaciones. Env\u00edos a todo el pa\u00eds. Variedad de productos y stock disponible.\" \/>\n<meta name=\"robots\" content=\"index, follow, max-snippet:-1, max-image-preview:large, max-video-preview:-1\" \/>\n<link rel=\"canonical\" href=\"https:\/\/pldistribucion.com.ar\/web\/producto\/grasa-shell-gadus-s2-high-speed-coupling\/\" \/>\n<meta property=\"og:locale\" content=\"es_ES\" \/>\n<meta property=\"og:type\" content=\"article\" \/>\n<meta property=\"og:title\" content=\"SHELL GADUS S2 High Speed Coupling - Perfomance Lube - Aceites\" \/>\n<meta property=\"og:description\" content=\"Distribuidor de lubricantes SHELL de diferentes aplicaciones. Env\u00edos a todo el pa\u00eds. Variedad de productos y stock disponible.\" \/>\n<meta property=\"og:url\" content=\"https:\/\/pldistribucion.com.ar\/web\/producto\/grasa-shell-gadus-s2-high-speed-coupling\/\" \/>\n<meta property=\"og:site_name\" content=\"Perfomance Lube\" \/>\n<meta property=\"article:modified_time\" content=\"2023-01-30T12:02:24+00:00\" \/>\n<meta property=\"og:image\" content=\"https:\/\/pldistribucion.com.ar\/web\/wp-content\/uploads\/doto-6.png\" \/>\n\t<meta property=\"og:image:width\" content=\"900\" \/>\n\t<meta property=\"og:image:height\" content=\"900\" \/>\n\t<meta property=\"og:image:type\" content=\"image\/png\" \/>\n<meta name=\"twitter:card\" content=\"summary_large_image\" \/>\n<meta name=\"twitter:label1\" content=\"Tiempo de lectura\" \/>\n\t<meta name=\"twitter:data1\" content=\"3 minutos\" \/>\n<script type=\"application\/ld+json\" class=\"yoast-schema-graph\">{\"@context\":\"https:\/\/schema.org\",\"@graph\":[{\"@type\":\"WebPage\",\"@id\":\"https:\/\/pldistribucion.com.ar\/web\/producto\/grasa-shell-gadus-s2-high-speed-coupling\/\",\"url\":\"https:\/\/pldistribucion.com.ar\/web\/producto\/grasa-shell-gadus-s2-high-speed-coupling\/\",\"name\":\"SHELL GADUS S2 High Speed Coupling - Perfomance Lube - Aceites\",\"isPartOf\":{\"@id\":\"https:\/\/pldistribucion.com.ar\/web\/#website\"},\"primaryImageOfPage\":{\"@id\":\"https:\/\/pldistribucion.com.ar\/web\/producto\/grasa-shell-gadus-s2-high-speed-coupling\/#primaryimage\"},\"image\":{\"@id\":\"https:\/\/pldistribucion.com.ar\/web\/producto\/grasa-shell-gadus-s2-high-speed-coupling\/#primaryimage\"},\"thumbnailUrl\":\"https:\/\/pldistribucion.com.ar\/web\/wp-content\/uploads\/doto-6.png\",\"datePublished\":\"2020-02-11T19:34:22+00:00\",\"dateModified\":\"2023-01-30T12:02:24+00:00\",\"description\":\"Distribuidor de lubricantes SHELL de diferentes aplicaciones. Env\u00edos a todo el pa\u00eds. Variedad de productos y stock disponible.\",\"breadcrumb\":{\"@id\":\"https:\/\/pldistribucion.com.ar\/web\/producto\/grasa-shell-gadus-s2-high-speed-coupling\/#breadcrumb\"},\"inLanguage\":\"es\",\"potentialAction\":[{\"@type\":\"ReadAction\",\"target\":[\"https:\/\/pldistribucion.com.ar\/web\/producto\/grasa-shell-gadus-s2-high-speed-coupling\/\"]}]},{\"@type\":\"ImageObject\",\"inLanguage\":\"es\",\"@id\":\"https:\/\/pldistribucion.com.ar\/web\/producto\/grasa-shell-gadus-s2-high-speed-coupling\/#primaryimage\",\"url\":\"https:\/\/pldistribucion.com.ar\/web\/wp-content\/uploads\/doto-6.png\",\"contentUrl\":\"https:\/\/pldistribucion.com.ar\/web\/wp-content\/uploads\/doto-6.png\",\"width\":900,\"height\":900,\"caption\":\"SHELL GADUS S2\"},{\"@type\":\"BreadcrumbList\",\"@id\":\"https:\/\/pldistribucion.com.ar\/web\/producto\/grasa-shell-gadus-s2-high-speed-coupling\/#breadcrumb\",\"itemListElement\":[{\"@type\":\"ListItem\",\"position\":1,\"name\":\"Portada\",\"item\":\"https:\/\/pldistribucion.com.ar\/web\/\"},{\"@type\":\"ListItem\",\"position\":2,\"name\":\"Productos\",\"item\":\"https:\/\/pldistribucion.com.ar\/web\/productos\/\"},{\"@type\":\"ListItem\",\"position\":3,\"name\":\"SHELL GADUS S2 High Speed Coupling\"}]},{\"@type\":\"WebSite\",\"@id\":\"https:\/\/pldistribucion.com.ar\/web\/#website\",\"url\":\"https:\/\/pldistribucion.com.ar\/web\/\",\"name\":\"Perfomance Lube\",\"description\":\"\",\"publisher\":{\"@id\":\"https:\/\/pldistribucion.com.ar\/web\/#organization\"},\"potentialAction\":[{\"@type\":\"SearchAction\",\"target\":{\"@type\":\"EntryPoint\",\"urlTemplate\":\"https:\/\/pldistribucion.com.ar\/web\/?s={search_term_string}\"},\"query-input\":\"required name=search_term_string\"}],\"inLanguage\":\"es\"},{\"@type\":\"Organization\",\"@id\":\"https:\/\/pldistribucion.com.ar\/web\/#organization\",\"name\":\"PERFORMANCE LUBE\",\"url\":\"https:\/\/pldistribucion.com.ar\/web\/\",\"logo\":{\"@type\":\"ImageObject\",\"inLanguage\":\"es\",\"@id\":\"https:\/\/pldistribucion.com.ar\/web\/#\/schema\/logo\/image\/\",\"url\":\"https:\/\/pldistribucion.com.ar\/web\/wp-content\/uploads\/pld_logo_GB-removebg-preview.png\",\"contentUrl\":\"https:\/\/pldistribucion.com.ar\/web\/wp-content\/uploads\/pld_logo_GB-removebg-preview.png\",\"width\":787,\"height\":317,\"caption\":\"PERFORMANCE LUBE\"},\"image\":{\"@id\":\"https:\/\/pldistribucion.com.ar\/web\/#\/schema\/logo\/image\/\"}}]}<\/script>\n<!-- \/ Yoast SEO plugin. -->","yoast_head_json":{"title":"SHELL GADUS S2 High Speed Coupling - Perfomance Lube - Aceites","description":"Distribuidor de lubricantes SHELL de diferentes aplicaciones. Env\u00edos a todo el pa\u00eds. Variedad de productos y stock disponible.","robots":{"index":"index","follow":"follow","max-snippet":"max-snippet:-1","max-image-preview":"max-image-preview:large","max-video-preview":"max-video-preview:-1"},"canonical":"https:\/\/pldistribucion.com.ar\/web\/producto\/grasa-shell-gadus-s2-high-speed-coupling\/","og_locale":"es_ES","og_type":"article","og_title":"SHELL GADUS S2 High Speed Coupling - Perfomance Lube - Aceites","og_description":"Distribuidor de lubricantes SHELL de diferentes aplicaciones. Env\u00edos a todo el pa\u00eds. Variedad de productos y stock disponible.","og_url":"https:\/\/pldistribucion.com.ar\/web\/producto\/grasa-shell-gadus-s2-high-speed-coupling\/","og_site_name":"Perfomance Lube","article_modified_time":"2023-01-30T12:02:24+00:00","og_image":[{"width":900,"height":900,"url":"https:\/\/pldistribucion.com.ar\/web\/wp-content\/uploads\/doto-6.png","type":"image\/png"}],"twitter_card":"summary_large_image","twitter_misc":{"Tiempo de lectura":"3 minutos"},"schema":{"@context":"https:\/\/schema.org","@graph":[{"@type":"WebPage","@id":"https:\/\/pldistribucion.com.ar\/web\/producto\/grasa-shell-gadus-s2-high-speed-coupling\/","url":"https:\/\/pldistribucion.com.ar\/web\/producto\/grasa-shell-gadus-s2-high-speed-coupling\/","name":"SHELL GADUS S2 High Speed Coupling - Perfomance Lube - Aceites","isPartOf":{"@id":"https:\/\/pldistribucion.com.ar\/web\/#website"},"primaryImageOfPage":{"@id":"https:\/\/pldistribucion.com.ar\/web\/producto\/grasa-shell-gadus-s2-high-speed-coupling\/#primaryimage"},"image":{"@id":"https:\/\/pldistribucion.com.ar\/web\/producto\/grasa-shell-gadus-s2-high-speed-coupling\/#primaryimage"},"thumbnailUrl":"https:\/\/pldistribucion.com.ar\/web\/wp-content\/uploads\/doto-6.png","datePublished":"2020-02-11T19:34:22+00:00","dateModified":"2023-01-30T12:02:24+00:00","description":"Distribuidor de lubricantes SHELL de diferentes aplicaciones. Env\u00edos a todo el pa\u00eds. Variedad de productos y stock disponible.","breadcrumb":{"@id":"https:\/\/pldistribucion.com.ar\/web\/producto\/grasa-shell-gadus-s2-high-speed-coupling\/#breadcrumb"},"inLanguage":"es","potentialAction":[{"@type":"ReadAction","target":["https:\/\/pldistribucion.com.ar\/web\/producto\/grasa-shell-gadus-s2-high-speed-coupling\/"]}]},{"@type":"ImageObject","inLanguage":"es","@id":"https:\/\/pldistribucion.com.ar\/web\/producto\/grasa-shell-gadus-s2-high-speed-coupling\/#primaryimage","url":"https:\/\/pldistribucion.com.ar\/web\/wp-content\/uploads\/doto-6.png","contentUrl":"https:\/\/pldistribucion.com.ar\/web\/wp-content\/uploads\/doto-6.png","width":900,"height":900,"caption":"SHELL GADUS S2"},{"@type":"BreadcrumbList","@id":"https:\/\/pldistribucion.com.ar\/web\/producto\/grasa-shell-gadus-s2-high-speed-coupling\/#breadcrumb","itemListElement":[{"@type":"ListItem","position":1,"name":"Portada","item":"https:\/\/pldistribucion.com.ar\/web\/"},{"@type":"ListItem","position":2,"name":"Productos","item":"https:\/\/pldistribucion.com.ar\/web\/productos\/"},{"@type":"ListItem","position":3,"name":"SHELL GADUS S2 High Speed Coupling"}]},{"@type":"WebSite","@id":"https:\/\/pldistribucion.com.ar\/web\/#website","url":"https:\/\/pldistribucion.com.ar\/web\/","name":"Perfomance Lube","description":"","publisher":{"@id":"https:\/\/pldistribucion.com.ar\/web\/#organization"},"potentialAction":[{"@type":"SearchAction","target":{"@type":"EntryPoint","urlTemplate":"https:\/\/pldistribucion.com.ar\/web\/?s={search_term_string}"},"query-input":"required name=search_term_string"}],"inLanguage":"es"},{"@type":"Organization","@id":"https:\/\/pldistribucion.com.ar\/web\/#organization","name":"PERFORMANCE LUBE","url":"https:\/\/pldistribucion.com.ar\/web\/","logo":{"@type":"ImageObject","inLanguage":"es","@id":"https:\/\/pldistribucion.com.ar\/web\/#\/schema\/logo\/image\/","url":"https:\/\/pldistribucion.com.ar\/web\/wp-content\/uploads\/pld_logo_GB-removebg-preview.png","contentUrl":"https:\/\/pldistribucion.com.ar\/web\/wp-content\/uploads\/pld_logo_GB-removebg-preview.png","width":787,"height":317,"caption":"PERFORMANCE LUBE"},"image":{"@id":"https:\/\/pldistribucion.com.ar\/web\/#\/schema\/logo\/image\/"}}]}},"_links":{"self":[{"href":"https:\/\/pldistribucion.com.ar\/web\/wp-json\/wp\/v2\/product\/623"}],"collection":[{"href":"https:\/\/pldistribucion.com.ar\/web\/wp-json\/wp\/v2\/product"}],"about":[{"href":"https:\/\/pldistribucion.com.ar\/web\/wp-json\/wp\/v2\/types\/product"}],"replies":[{"embeddable":true,"href":"https:\/\/pldistribucion.com.ar\/web\/wp-json\/wp\/v2\/comments?post=623"}],"wp:featuredmedia":[{"embeddable":true,"href":"https:\/\/pldistribucion.com.ar\/web\/wp-json\/wp\/v2\/media\/3041"}],"wp:attachment":[{"href":"https:\/\/pldistribucion.com.ar\/web\/wp-json\/wp\/v2\/media?parent=623"}],"wp:term":[{"taxonomy":"product_cat","embeddable":true,"href":"https:\/\/pldistribucion.com.ar\/web\/wp-json\/wp\/v2\/product_cat?post=623"},{"taxonomy":"product_tag","embeddable":true,"href":"https:\/\/pldistribucion.com.ar\/web\/wp-json\/wp\/v2\/product_tag?post=623"}],"curies":[{"name":"wp","href":"https:\/\/api.w.org\/{rel}","templated":true}]}}