{"id":6216,"date":"2023-05-04T16:01:44","date_gmt":"2023-05-04T16:01:44","guid":{"rendered":"https:\/\/pldistribucion.com.ar\/web\/?post_type=product&#038;p=6216"},"modified":"2023-05-05T11:35:28","modified_gmt":"2023-05-05T11:35:28","slug":"ypf-elaion-auro-fe-530","status":"publish","type":"product","link":"https:\/\/pldistribucion.com.ar\/web\/producto\/ypf-elaion-auro-fe-530\/","title":{"rendered":"YPF ELAION AURO FE 530"},"content":{"rendered":"<h1><strong><span style=\"font-size: 80%;\">YPF ELAION AURO FE 530\u00a0<\/span><\/strong><\/h1>\n<div class=\"product__features\">\n<p><span style=\"color: #000000;\">YPF Elaion Auro FE 530 &#8211; API SN, ACEA A5\/B5<\/span><\/p>\n<\/div>\n<p class=\"product__description\"><span style=\"color: #000000;\">Es un lubricante 100% sintetico especialmente formulado para cubrir con las exigencias de la mayoria de los vehiculos comercializados en la region por Ford. Dentro de sus caracter\u00edsticas principales\u00a0 se destaca una probada econom\u00eda de combustible y un excelente control frente al desgaste. Por nivel de calidad y caracter\u00edsticas viscocimetricas satrisface ademas las exigencias de otras terminales automotrices tales como Toyota, Nissan y mitsubishi<\/span>.<\/p>\n<h3><span style=\"font-size: 80%;\"><strong>APLICACI\u00d3N<\/strong><\/span><\/h3>\n<p><span style=\"color: #000000;\">Est\u00e1 dise\u00f1ado <span class=\"styles_wordWithSynonyms__8M9z7\">para<\/span> motores <span class=\"styles_wordWithSynonyms__8M9z7\">que<\/span> deben <span class=\"styles_wordWithSynonyms__8M9z7\">cumplir<\/span> <span class=\"styles_wordWithSynonyms__8M9z7\">con<\/span> las especificaciones Ford WSS-M2C913-D. Est\u00e1 homologado <span class=\"styles_wordWithSynonyms__8M9z7\">por<\/span> Ford <span class=\"styles_wordWithSynonyms__8M9z7\">como<\/span> <span class=\"styles_wordWithSynonyms__8M9z7\">recambio<\/span> <span class=\"styles_wordWithSynonyms__8M9z7\">original<\/span> <span class=\"styles_wordWithSynonyms__8M9z7\">para<\/span> sus veh\u00edculos.<\/span><\/p>\n<h3><span style=\"font-size: 80%;\"><strong>ATRIBUTOS\u00a0<\/strong><\/span><\/h3>\n<p><span style=\"color: #000000;\">Toda la linea ELAION AURO se destaca por su compatibilidad con cualquier tipo de combustible, nafta, gasoil, GNC, y biocombustibles con distintas proporciones de etanol o FAME (Sujetas a normativas gubernamentales)<\/span><\/p>\n<p><span style=\"color: #000000;\">Su tecnologia en evolucion constante TEC le promociona:<\/span><\/p>\n<ul>\n<li><span style=\"color: #000000;\">Economia de combustible\u00a0 y reduccion de emisiones contaminantes del medio ambiente.<\/span><\/li>\n<li><span style=\"color: #000000;\">Maxima proteccion contra el desgaste en zonas de alta presion de contacto .<\/span><\/li>\n<li><span style=\"color: #000000;\">Gran resisitencia a la oxidaci\u00f3n y menor consumo de aceite lo que se traduce en una mayor vida util del lurbricante.<\/span><\/li>\n<li><span style=\"color: #000000;\">Control total de hollin y otros contaminantes, impidiendo que se depositen en los componentes del motor.<\/span><\/li>\n<\/ul>\n<p>&nbsp;<\/p>\n<hr \/>\n<p><strong><span style=\"color: #000080;\"><a style=\"color: #000080;\" href=\"https:\/\/www.ypf.com\/productosyservicios\/Descargas\/elaion-auro-fe-530.pdf\" target=\"_blank\" rel=\"noopener\">Ver ficha t\u00e9cnica<\/a><\/span><\/strong><\/p>\n<p><span style=\"color: #000080;\"><strong><a style=\"color: #000080;\" href=\"https:\/\/www.ypf.com\/productosyservicios\/Descargas\/elaion-auro-fe-530-fds.pdf\" target=\"_blank\" rel=\"noopener\">Ver hoja de seguridad<\/a><\/strong><\/span><\/p>\n<hr \/>\n<p><strong><span style=\"color: #000080;\"><a style=\"color: #000080;\" href=\"https:\/\/pldistribucion.com.ar\/web\/productos\/?filter_marcas=ypf\">Ver m\u00e1s productos YPF<\/a><\/span><\/strong><\/p>\n<p>(YPF es la <span class=\"styles_wordWithSynonyms__8M9z7\">empresa<\/span> m\u00e1s <span class=\"styles_wordWithSynonyms__8M9z7\">grande<\/span> de Argentina y la <span class=\"styles_wordWithSynonyms__8M9z7\">quinta<\/span> <span class=\"styles_wordWithSynonyms__8M9z7\">empresa<\/span> petrolera m\u00e1s <span class=\"styles_wordWithSynonyms__8M9z7\">grande<\/span> de la regi\u00f3n, y <span class=\"styles_wordWithSynonyms__8M9z7\">emplea<\/span> <span class=\"styles_wordWithSynonyms__8M9z7\">directa<\/span> o indirectamente a m\u00e1s de 72.000 personas en <span class=\"styles_wordWithSynonyms__8M9z7\">todo<\/span> el pa\u00eds. En la <span class=\"styles_wordWithSynonyms__8M9z7\">lista<\/span> Forbes <span class=\"styles_wordWithSynonyms__8M9z7\">Global<\/span> 2000 de 2020, YPF se ubica <span class=\"styles_wordWithSynonyms__8M9z7\">como<\/span> la <span class=\"styles_wordWithSynonyms__8M9z7\">empresa<\/span> n\u00famero 1.360 m\u00e1s <span class=\"styles_wordWithSynonyms__8M9z7\">grande<\/span>. Tambi\u00e9n <span class=\"styles_wordWithSynonyms__8M9z7\">Cuenca<\/span> <span class=\"styles_wordWithSynonyms__8M9z7\">con<\/span> noventa y <span class=\"styles_wordWithSynonyms__8M9z7\">dos<\/span> bloques productores distribuidos en <span class=\"styles_wordWithSynonyms__8M9z7\">todo<\/span> el <span class=\"styles_wordWithSynonyms__8M9z7\">territorio<\/span> <span class=\"styles_wordWithSynonyms__8M9z7\">argentino<\/span> y cuarenta y ocho bloques de exploraci\u00f3n&#8230;)<\/p>\n<p><span style=\"color: #000080;\"><strong><a style=\"color: #000080;\" href=\"https:\/\/www.ypf.com\/YPFHoy\/YPFSalaPrensa\/Paginas\/Noticias\/90-a%C3%B1os.aspx\" target=\"_blank\" rel=\"noopener\">Conoce m\u00e1s sobre YPF<\/a><\/strong><\/span><\/p>\n","protected":false},"excerpt":{"rendered":"<p><img loading=\"lazy\" decoding=\"async\" class=\"alignnone wp-image-864\" src=\"https:\/\/pldistribucion.com.ar\/web\/wp-content\/uploads\/1024px-Logo_de_YPF.svg-300x118.png\" alt=\"\" width=\"219\" height=\"86\" srcset=\"https:\/\/pldistribucion.com.ar\/web\/wp-content\/uploads\/1024px-Logo_de_YPF.svg-300x118.png 300w, https:\/\/pldistribucion.com.ar\/web\/wp-content\/uploads\/1024px-Logo_de_YPF.svg-768x302.png 768w, https:\/\/pldistribucion.com.ar\/web\/wp-content\/uploads\/1024px-Logo_de_YPF.svg.png 1024w, https:\/\/pldistribucion.com.ar\/web\/wp-content\/uploads\/1024px-Logo_de_YPF.svg-600x236.png 600w\" sizes=\"(max-width: 219px) 100vw, 219px\" \/><span style=\"font-size: 75%;\"><strong>\u00a0<\/strong><\/span><\/p>\n<p><strong>YPF ELAION AURO FE 530 x1L<\/strong><\/p>\n<h2 style=\"text-align: left;\"><span style=\"font-size: 75%;\"><strong><a rel=\"noopener noreferrer\" href=\"https:\/\/performancelube.mercadoshops.com.ar\/MLA-1377669022-aceite-ypf-elaion-auro-fe-530-x1l-_JM#position=1&#038;search_layout=stack&#038;type=item&#038;tracking_id=bbc8064c-7b0a-4bdf-bbd3-38c8c93e73bd\" target=\"_blank\" class=\"button primary\"  >\n    <span>VER EN TIENDA ?<\/span>\n  <\/a>\n<span style=\"color: #69314d;\">\u00a0<\/span><\/strong><strong>\u00a0<\/strong><\/span><\/h2>\n<p><strong>\u00a0 YPF ELAION AURO FE 530 x4L<\/strong><\/p>\n<h2 style=\"text-align: left;\"><span style=\"font-size: 75%;\"><strong><a rel=\"noopener noreferrer\" href=\"https:\/\/performancelube.mercadoshops.com.ar\/MLA-1287989358-aceite-ypf-elaion-auro-fe-530-sintetico-5w-30-x4-litros-_JM#position=1&#038;search_layout=stack&#038;type=item&#038;tracking_id=bbc8064c-7b0a-4bdf-bbd3-38c8c93e73bd\" target=\"_blank\" class=\"button primary\"  >\n    <span>VER EN TIENDA ?<\/span>\n  <\/a>\n<span style=\"color: #69314d;\">\u00a0<\/span><\/strong><strong>\u00a0<\/strong><\/span><\/h2>\n<p><span style=\"color: #000000;\">YPF\u200b\u200b es una empresa argentina\u200b de energ\u00eda dedicada a la exploraci\u00f3n, explotaci\u00f3n, destilaci\u00f3n, distribuci\u00f3n y producci\u00f3n de energ\u00eda el\u00e9ctrica, gas, petr\u00f3leo y derivados de los hidrocarburos y venta de combustibles, lubricantes, fertilizantes, pl\u00e1sticos y otros productos relacionados con la industria. Por otro lado es el mayor productor de bases lubricantes en la Argentina.<\/span><\/p>\n","protected":false},"featured_media":6218,"comment_status":"open","ping_status":"closed","template":"","meta":[],"product_cat":[16,35],"product_tag":[],"yoast_head":"<!-- This site is optimized with the Yoast SEO plugin v23.0 - https:\/\/yoast.com\/wordpress\/plugins\/seo\/ -->\n<title>YPF ELAION AURO FE 530 - Perfomance Lube - Lubricantes<\/title>\n<meta name=\"description\" content=\"Distribuidor de lubricantes de diferentes aplicaciones. Env\u00edos a todo el pa\u00eds. Variedad de productos y stock disponible.\" \/>\n<meta name=\"robots\" content=\"index, follow, max-snippet:-1, max-image-preview:large, max-video-preview:-1\" \/>\n<link rel=\"canonical\" href=\"https:\/\/pldistribucion.com.ar\/web\/producto\/ypf-elaion-auro-fe-530\/\" \/>\n<meta property=\"og:locale\" content=\"es_ES\" \/>\n<meta property=\"og:type\" content=\"article\" \/>\n<meta property=\"og:title\" content=\"YPF ELAION AURO FE 530 - Perfomance Lube - Lubricantes\" \/>\n<meta property=\"og:description\" content=\"Distribuidor de lubricantes de diferentes aplicaciones. Env\u00edos a todo el pa\u00eds. Variedad de productos y stock disponible.\" \/>\n<meta property=\"og:url\" content=\"https:\/\/pldistribucion.com.ar\/web\/producto\/ypf-elaion-auro-fe-530\/\" \/>\n<meta property=\"og:site_name\" content=\"Perfomance Lube\" \/>\n<meta property=\"article:modified_time\" content=\"2023-05-05T11:35:28+00:00\" \/>\n<meta property=\"og:image\" content=\"https:\/\/pldistribucion.com.ar\/web\/wp-content\/uploads\/fe50.png\" \/>\n\t<meta property=\"og:image:width\" content=\"683\" \/>\n\t<meta property=\"og:image:height\" content=\"826\" \/>\n\t<meta property=\"og:image:type\" content=\"image\/png\" \/>\n<meta name=\"twitter:card\" content=\"summary_large_image\" \/>\n<meta name=\"twitter:label1\" content=\"Tiempo de lectura\" \/>\n\t<meta name=\"twitter:data1\" content=\"1 minuto\" \/>\n<script type=\"application\/ld+json\" class=\"yoast-schema-graph\">{\"@context\":\"https:\/\/schema.org\",\"@graph\":[{\"@type\":\"WebPage\",\"@id\":\"https:\/\/pldistribucion.com.ar\/web\/producto\/ypf-elaion-auro-fe-530\/\",\"url\":\"https:\/\/pldistribucion.com.ar\/web\/producto\/ypf-elaion-auro-fe-530\/\",\"name\":\"YPF ELAION AURO FE 530 - Perfomance Lube - Lubricantes\",\"isPartOf\":{\"@id\":\"https:\/\/pldistribucion.com.ar\/web\/#website\"},\"primaryImageOfPage\":{\"@id\":\"https:\/\/pldistribucion.com.ar\/web\/producto\/ypf-elaion-auro-fe-530\/#primaryimage\"},\"image\":{\"@id\":\"https:\/\/pldistribucion.com.ar\/web\/producto\/ypf-elaion-auro-fe-530\/#primaryimage\"},\"thumbnailUrl\":\"https:\/\/pldistribucion.com.ar\/web\/wp-content\/uploads\/fe50.png\",\"datePublished\":\"2023-05-04T16:01:44+00:00\",\"dateModified\":\"2023-05-05T11:35:28+00:00\",\"description\":\"Distribuidor de lubricantes de diferentes aplicaciones. Env\u00edos a todo el pa\u00eds. Variedad de productos y stock disponible.\",\"breadcrumb\":{\"@id\":\"https:\/\/pldistribucion.com.ar\/web\/producto\/ypf-elaion-auro-fe-530\/#breadcrumb\"},\"inLanguage\":\"es\",\"potentialAction\":[{\"@type\":\"ReadAction\",\"target\":[\"https:\/\/pldistribucion.com.ar\/web\/producto\/ypf-elaion-auro-fe-530\/\"]}]},{\"@type\":\"ImageObject\",\"inLanguage\":\"es\",\"@id\":\"https:\/\/pldistribucion.com.ar\/web\/producto\/ypf-elaion-auro-fe-530\/#primaryimage\",\"url\":\"https:\/\/pldistribucion.com.ar\/web\/wp-content\/uploads\/fe50.png\",\"contentUrl\":\"https:\/\/pldistribucion.com.ar\/web\/wp-content\/uploads\/fe50.png\",\"width\":683,\"height\":826,\"caption\":\"YPF ELAION AURO FE 530\"},{\"@type\":\"BreadcrumbList\",\"@id\":\"https:\/\/pldistribucion.com.ar\/web\/producto\/ypf-elaion-auro-fe-530\/#breadcrumb\",\"itemListElement\":[{\"@type\":\"ListItem\",\"position\":1,\"name\":\"Portada\",\"item\":\"https:\/\/pldistribucion.com.ar\/web\/\"},{\"@type\":\"ListItem\",\"position\":2,\"name\":\"Productos\",\"item\":\"https:\/\/pldistribucion.com.ar\/web\/productos\/\"},{\"@type\":\"ListItem\",\"position\":3,\"name\":\"YPF ELAION AURO FE 530\"}]},{\"@type\":\"WebSite\",\"@id\":\"https:\/\/pldistribucion.com.ar\/web\/#website\",\"url\":\"https:\/\/pldistribucion.com.ar\/web\/\",\"name\":\"Perfomance Lube\",\"description\":\"\",\"publisher\":{\"@id\":\"https:\/\/pldistribucion.com.ar\/web\/#organization\"},\"potentialAction\":[{\"@type\":\"SearchAction\",\"target\":{\"@type\":\"EntryPoint\",\"urlTemplate\":\"https:\/\/pldistribucion.com.ar\/web\/?s={search_term_string}\"},\"query-input\":\"required name=search_term_string\"}],\"inLanguage\":\"es\"},{\"@type\":\"Organization\",\"@id\":\"https:\/\/pldistribucion.com.ar\/web\/#organization\",\"name\":\"PERFORMANCE LUBE\",\"url\":\"https:\/\/pldistribucion.com.ar\/web\/\",\"logo\":{\"@type\":\"ImageObject\",\"inLanguage\":\"es\",\"@id\":\"https:\/\/pldistribucion.com.ar\/web\/#\/schema\/logo\/image\/\",\"url\":\"https:\/\/pldistribucion.com.ar\/web\/wp-content\/uploads\/pld_logo_GB-removebg-preview.png\",\"contentUrl\":\"https:\/\/pldistribucion.com.ar\/web\/wp-content\/uploads\/pld_logo_GB-removebg-preview.png\",\"width\":787,\"height\":317,\"caption\":\"PERFORMANCE LUBE\"},\"image\":{\"@id\":\"https:\/\/pldistribucion.com.ar\/web\/#\/schema\/logo\/image\/\"}}]}<\/script>\n<!-- \/ Yoast SEO plugin. -->","yoast_head_json":{"title":"YPF ELAION AURO FE 530 - Perfomance Lube - Lubricantes","description":"Distribuidor de lubricantes de diferentes aplicaciones. Env\u00edos a todo el pa\u00eds. Variedad de productos y stock disponible.","robots":{"index":"index","follow":"follow","max-snippet":"max-snippet:-1","max-image-preview":"max-image-preview:large","max-video-preview":"max-video-preview:-1"},"canonical":"https:\/\/pldistribucion.com.ar\/web\/producto\/ypf-elaion-auro-fe-530\/","og_locale":"es_ES","og_type":"article","og_title":"YPF ELAION AURO FE 530 - Perfomance Lube - Lubricantes","og_description":"Distribuidor de lubricantes de diferentes aplicaciones. Env\u00edos a todo el pa\u00eds. Variedad de productos y stock disponible.","og_url":"https:\/\/pldistribucion.com.ar\/web\/producto\/ypf-elaion-auro-fe-530\/","og_site_name":"Perfomance Lube","article_modified_time":"2023-05-05T11:35:28+00:00","og_image":[{"width":683,"height":826,"url":"https:\/\/pldistribucion.com.ar\/web\/wp-content\/uploads\/fe50.png","type":"image\/png"}],"twitter_card":"summary_large_image","twitter_misc":{"Tiempo de lectura":"1 minuto"},"schema":{"@context":"https:\/\/schema.org","@graph":[{"@type":"WebPage","@id":"https:\/\/pldistribucion.com.ar\/web\/producto\/ypf-elaion-auro-fe-530\/","url":"https:\/\/pldistribucion.com.ar\/web\/producto\/ypf-elaion-auro-fe-530\/","name":"YPF ELAION AURO FE 530 - Perfomance Lube - Lubricantes","isPartOf":{"@id":"https:\/\/pldistribucion.com.ar\/web\/#website"},"primaryImageOfPage":{"@id":"https:\/\/pldistribucion.com.ar\/web\/producto\/ypf-elaion-auro-fe-530\/#primaryimage"},"image":{"@id":"https:\/\/pldistribucion.com.ar\/web\/producto\/ypf-elaion-auro-fe-530\/#primaryimage"},"thumbnailUrl":"https:\/\/pldistribucion.com.ar\/web\/wp-content\/uploads\/fe50.png","datePublished":"2023-05-04T16:01:44+00:00","dateModified":"2023-05-05T11:35:28+00:00","description":"Distribuidor de lubricantes de diferentes aplicaciones. Env\u00edos a todo el pa\u00eds. Variedad de productos y stock disponible.","breadcrumb":{"@id":"https:\/\/pldistribucion.com.ar\/web\/producto\/ypf-elaion-auro-fe-530\/#breadcrumb"},"inLanguage":"es","potentialAction":[{"@type":"ReadAction","target":["https:\/\/pldistribucion.com.ar\/web\/producto\/ypf-elaion-auro-fe-530\/"]}]},{"@type":"ImageObject","inLanguage":"es","@id":"https:\/\/pldistribucion.com.ar\/web\/producto\/ypf-elaion-auro-fe-530\/#primaryimage","url":"https:\/\/pldistribucion.com.ar\/web\/wp-content\/uploads\/fe50.png","contentUrl":"https:\/\/pldistribucion.com.ar\/web\/wp-content\/uploads\/fe50.png","width":683,"height":826,"caption":"YPF ELAION AURO FE 530"},{"@type":"BreadcrumbList","@id":"https:\/\/pldistribucion.com.ar\/web\/producto\/ypf-elaion-auro-fe-530\/#breadcrumb","itemListElement":[{"@type":"ListItem","position":1,"name":"Portada","item":"https:\/\/pldistribucion.com.ar\/web\/"},{"@type":"ListItem","position":2,"name":"Productos","item":"https:\/\/pldistribucion.com.ar\/web\/productos\/"},{"@type":"ListItem","position":3,"name":"YPF ELAION AURO FE 530"}]},{"@type":"WebSite","@id":"https:\/\/pldistribucion.com.ar\/web\/#website","url":"https:\/\/pldistribucion.com.ar\/web\/","name":"Perfomance Lube","description":"","publisher":{"@id":"https:\/\/pldistribucion.com.ar\/web\/#organization"},"potentialAction":[{"@type":"SearchAction","target":{"@type":"EntryPoint","urlTemplate":"https:\/\/pldistribucion.com.ar\/web\/?s={search_term_string}"},"query-input":"required name=search_term_string"}],"inLanguage":"es"},{"@type":"Organization","@id":"https:\/\/pldistribucion.com.ar\/web\/#organization","name":"PERFORMANCE LUBE","url":"https:\/\/pldistribucion.com.ar\/web\/","logo":{"@type":"ImageObject","inLanguage":"es","@id":"https:\/\/pldistribucion.com.ar\/web\/#\/schema\/logo\/image\/","url":"https:\/\/pldistribucion.com.ar\/web\/wp-content\/uploads\/pld_logo_GB-removebg-preview.png","contentUrl":"https:\/\/pldistribucion.com.ar\/web\/wp-content\/uploads\/pld_logo_GB-removebg-preview.png","width":787,"height":317,"caption":"PERFORMANCE LUBE"},"image":{"@id":"https:\/\/pldistribucion.com.ar\/web\/#\/schema\/logo\/image\/"}}]}},"_links":{"self":[{"href":"https:\/\/pldistribucion.com.ar\/web\/wp-json\/wp\/v2\/product\/6216"}],"collection":[{"href":"https:\/\/pldistribucion.com.ar\/web\/wp-json\/wp\/v2\/product"}],"about":[{"href":"https:\/\/pldistribucion.com.ar\/web\/wp-json\/wp\/v2\/types\/product"}],"replies":[{"embeddable":true,"href":"https:\/\/pldistribucion.com.ar\/web\/wp-json\/wp\/v2\/comments?post=6216"}],"wp:featuredmedia":[{"embeddable":true,"href":"https:\/\/pldistribucion.com.ar\/web\/wp-json\/wp\/v2\/media\/6218"}],"wp:attachment":[{"href":"https:\/\/pldistribucion.com.ar\/web\/wp-json\/wp\/v2\/media?parent=6216"}],"wp:term":[{"taxonomy":"product_cat","embeddable":true,"href":"https:\/\/pldistribucion.com.ar\/web\/wp-json\/wp\/v2\/product_cat?post=6216"},{"taxonomy":"product_tag","embeddable":true,"href":"https:\/\/pldistribucion.com.ar\/web\/wp-json\/wp\/v2\/product_tag?post=6216"}],"curies":[{"name":"wp","href":"https:\/\/api.w.org\/{rel}","templated":true}]}}