{"id":6169,"date":"2023-04-26T13:40:51","date_gmt":"2023-04-26T13:40:51","guid":{"rendered":"https:\/\/pldistribucion.com.ar\/web\/?post_type=product&#038;p=6169"},"modified":"2023-04-26T13:40:51","modified_gmt":"2023-04-26T13:40:51","slug":"filtros-john-deere","status":"publish","type":"product","link":"https:\/\/pldistribucion.com.ar\/web\/producto\/filtros-john-deere\/","title":{"rendered":"FILTROS JOHN DEERE"},"content":{"rendered":"<h1><span style=\"font-size: 80%;\"><strong>FILTROS JOHN DEERE<\/strong><\/span><\/h1>\n<p>FILTROS JOHN DEERE<\/p>\n<div class=\"row-fluid\" data-bind=\"css: {'no-gutters': data.noGutters} \">\n<div class=\"span6\" data-bind=\" css : $parent.getColumnClass($data) + ' ' + css(), template : {name: 'template-columna', data: $data} \">\n<h2 class=\"restore-pointer-events\" data-bind=\" style : $root.getSnippetStyle ? $root.getSnippetStyle( $parent ) : $parent.getStyle(), fontsize: ( $root.getSnippetStyle ? $root.getSnippetStyle( $parent ) : $parent.getStyle() ).fontSize, css: $parent.fixBtnCss(ko.unwrap($data.css)), template: { name: 'template-variants', data: { snippet: $parent, formattingElements: $parent.formattingElements() } }, textfill: false &amp;&amp; $root.window.visiblePhone()\"><span data-bind=\"text: ko.unwrap( snippet.data.contenido )\">Filtros de Aceite y combustible<\/span><\/h2>\n<ul>\n<li class=\"pre restore-pointer-events\" data-bind=\" style: $root.getSnippetStyle ? $root.getSnippetStyle( $parent ) : $parent.getStyle(), fontsize: ( $root.getSnippetStyle ? $root.getSnippetStyle( $parent ) : $parent.getStyle() ).fontSize, css: $parent.fixBtnCss(ko.unwrap($data.css)), template: { name: 'template-variants', data: { snippet: $parent, formattingElements: $parent.formattingElements() } }, textfill: false &amp;&amp; $root.window.visiblePhone()\"><span data-bind=\"text: ko.unwrap( snippet.data.contenido )\">Los filtros John Deere se someten continuamente a monitoreos y pruebas intensivas de control de calidad durante el proceso de fabricaci\u00f3n. Estos est\u00e1ndares altos son necesarios para proteger la inversi\u00f3n valiosa en su motor John Deere. Las pruebas que se realizan a los filtros de aceite y combsutible John Deere son las siguientes: Calidad del medio de filtraci\u00f3n Evaluaci\u00f3n de la eficacia del filtro Capacidad de presi\u00f3n del filtro Espaciamiento de los pliegues del medio de filtraci\u00f3n Fuerza de adherencia entre el medio de filtraci\u00f3n y el casquillo de extremo de elemento Ciclo de fatiga del recipiente Capacidad de presi\u00f3n del sellado del filtro al motor <\/span><\/li>\n<\/ul>\n<\/div>\n<div class=\"span6\" data-bind=\" css : $parent.getColumnClass($data) + ' ' + css(), template : {name: 'template-columna', data: $data} \">\n<h2 class=\"restore-pointer-events\" data-bind=\" style : $root.getSnippetStyle ? $root.getSnippetStyle( $parent ) : $parent.getStyle(), fontsize: ( $root.getSnippetStyle ? $root.getSnippetStyle( $parent ) : $parent.getStyle() ).fontSize, css: $parent.fixBtnCss(ko.unwrap($data.css)), template: { name: 'template-variants', data: { snippet: $parent, formattingElements: $parent.formattingElements() } }, textfill: false &amp;&amp; $root.window.visiblePhone()\"><span data-bind=\"text: ko.unwrap( snippet.data.contenido )\">Filtros Hidr\u00e1ulicos<\/span><\/h2>\n<ul>\n<li class=\"pre restore-pointer-events\" data-bind=\" style: $root.getSnippetStyle ? $root.getSnippetStyle( $parent ) : $parent.getStyle(), fontsize: ( $root.getSnippetStyle ? $root.getSnippetStyle( $parent ) : $parent.getStyle() ).fontSize, css: $parent.fixBtnCss(ko.unwrap($data.css)), template: { name: 'template-variants', data: { snippet: $parent, formattingElements: $parent.formattingElements() } }, textfill: false &amp;&amp; $root.window.visiblePhone()\"><span data-bind=\"text: ko.unwrap( snippet.data.contenido )\">El sistema hidr\u00e1ulico y la transmisi\u00f3n Deere deben satisfacer las especificaciones que probablemente sean las m\u00e1s estrictas en la industria de OEM de equipo fuera de la carretera. El medio de filtraci\u00f3n de fibra de vidrio sint\u00e9tica cuenta con un refuerzo de alambre doble. Esto mantiene el medio en el lugar en fluctuaciones de presi\u00f3n alta que son t\u00edpicas en los sistemas hidr\u00e1ulicos. Si se permite que el medio se mueva, esto deteriorar\u00e1 y reducir\u00e1 la eficacia de la filtraci\u00f3n. Los tubos interiores y los envoltorios exteriores de elemento Deere no est\u00e1n soldados por puntos, sino doblados y prensados a lo largo de toda la costura para otorgar m\u00e1s fuerza. Adem\u00e1s, los envoltorios externos son muy resistentes y ayudan a mantener el medio en su lugar durante los cambios de presi\u00f3n en el aceite.<\/span><\/li>\n<\/ul>\n<\/div>\n<\/div>\n<div class=\"wdg-caja\" data-widget=\"caja\">\n<div class=\"wdg-caja-v5\">\n<div class=\"\" data-role=\"extendfull\" data-bind=\" extendfull : shouldExtendFull(), extendfullOptions : { 'parent' : $($element).closest('.window')[0] || window }, css : { 'width-extend-full' : shouldExtendFull(), 'container' : shouldExtendContent() }, style: getV5StyleByRoles( $element ) \">\n<div data-role=\"onscreen-detector\" data-bind=\"onScreen: shouldActivateOnScreen(), onScreenOptions: { css: 'onscreen' }, 'style': getV5StyleByRoles( $element )\">\n<div class=\"\" data-role=\"animation\" data-bind=\" class : [ !window.G_esCuttyCapt &amp;&amp; data.animationName(), $onScreen.active() &amp;&amp; !animationIsPaused() ? 'animated go' : '' ].join(' '), style : $.extend(getAnimationStyle(), getV5StyleByRoles( $element )) \">\n<div class=\"clearfix transitionable\" data-role=\"margin\" data-bind=\"css: fixBtnCss(data.css()), style: getV5StyleByRoles( $element )\">\n<div class=\"transitionable\" data-role=\"align-self-horizontal border-radius width min-width overflow background-container rotate\" data-bind=\"style: getV5StyleByRoles( $element )\">\n<div class=\"transitionable\" data-role=\"height-sizer\" data-bind=\"style: getV5StyleByRoles( $element )\"><span style=\"font-size: 23.04px;\">Filtros de Aire<\/span><\/div>\n<div class=\"transitionable vertical-align-\" data-role=\"content overflow padding height color vertical-align border-transparent hw-accel-parallax\" data-bind=\" style: getV5StyleByRoles( $element ), css: 'vertical-align-' + data.verticalAlign(), elementResize : tieneSnippetConAltoEnPorcentaje(), elementResizeOptions : { 'as' : '$dimensions' } \">\n<div data-role=\"vertical-align-child\" data-bind=\"style: getV5StyleByRoles( $element )\">\n<div class=\"align-null\" data-role=\"align\" data-bind=\" css: [shouldExtendBackgroundFull() ? 'container' : '', 'align-' + data.align()].join(' '), style : $.extend({ 'maxWidth' : '100%' },getV5StyleByRoles( $element ))\">\n<ul>\n<li class=\"pre restore-pointer-events\" data-bind=\" style: $root.getSnippetStyle ? $root.getSnippetStyle( $parent ) : $parent.getStyle(), fontsize: ( $root.getSnippetStyle ? $root.getSnippetStyle( $parent ) : $parent.getStyle() ).fontSize, css: $parent.fixBtnCss(ko.unwrap($data.css)), template: { name: 'template-variants', data: { snippet: $parent, formattingElements: $parent.formattingElements() } }, textfill: false &amp;&amp; $root.window.visiblePhone()\"><span data-bind=\"text: ko.unwrap( snippet.data.contenido )\">Los filtros John Deere se someten continuamente a monitoreos y pruebas intensivas de control de calidad durante el proceso de fabricaci\u00f3n. Estos est\u00e1ndares altos son necesarios para proteger la inversi\u00f3n valiosa en su motor John Deere. Las pruebas que se realizan a los filtros de aceite y combsutible John Deere son las siguientes: Calidad del medio de filtraci\u00f3n Evaluaci\u00f3n de la eficacia del filtro Capacidad de presi\u00f3n del filtro Espaciamiento de los pliegues del medio de filtraci\u00f3n Fuerza de adherencia entre el medio de filtraci\u00f3n y el casquillo de extremo de elemento Ciclo de fatiga del recipiente Capacidad de presi\u00f3n del sellado del filtro al motor<\/span><\/li>\n<\/ul>\n<p>&nbsp;<\/p>\n<\/div>\n<\/div>\n<\/div>\n<\/div>\n<\/div>\n<\/div>\n<\/div>\n<\/div>\n<\/div>\n<\/div>\n","protected":false},"excerpt":{"rendered":"<p><img loading=\"lazy\" decoding=\"async\" class=\"alignnone size-medium wp-image-6168\" src=\"https:\/\/pldistribucion.com.ar\/web\/wp-content\/uploads\/JHVMJHGVJ-e1682515779794-300x146.png\" alt=\"\" width=\"300\" height=\"146\" srcset=\"https:\/\/pldistribucion.com.ar\/web\/wp-content\/uploads\/JHVMJHGVJ-e1682515779794-300x146.png 300w, https:\/\/pldistribucion.com.ar\/web\/wp-content\/uploads\/JHVMJHGVJ-e1682515779794-768x373.png 768w, https:\/\/pldistribucion.com.ar\/web\/wp-content\/uploads\/JHVMJHGVJ-e1682515779794-600x291.png 600w, https:\/\/pldistribucion.com.ar\/web\/wp-content\/uploads\/JHVMJHGVJ-e1682515779794.png 921w\" sizes=\"(max-width: 300px) 100vw, 300px\" \/><\/p>\n","protected":false},"featured_media":6172,"comment_status":"open","ping_status":"closed","template":"","meta":[],"product_cat":[19],"product_tag":[],"yoast_head":"<!-- This site is optimized with the Yoast SEO plugin v23.0 - https:\/\/yoast.com\/wordpress\/plugins\/seo\/ -->\n<title>FILTROS JOHN DEERE - Perfomance Lube - Filtros<\/title>\n<meta name=\"description\" content=\"Distribuidor de filtros JOHN DEERE de diferentes aplicaciones. Env\u00edos a todo el pa\u00eds. Variedad de productos y stock disponible.\" \/>\n<meta name=\"robots\" content=\"index, follow, max-snippet:-1, max-image-preview:large, max-video-preview:-1\" \/>\n<link rel=\"canonical\" href=\"https:\/\/pldistribucion.com.ar\/web\/producto\/filtros-john-deere\/\" \/>\n<meta property=\"og:locale\" content=\"es_ES\" \/>\n<meta property=\"og:type\" content=\"article\" \/>\n<meta property=\"og:title\" content=\"FILTROS JOHN DEERE - Perfomance Lube - Filtros\" \/>\n<meta property=\"og:description\" content=\"Distribuidor de filtros JOHN DEERE de diferentes aplicaciones. Env\u00edos a todo el pa\u00eds. Variedad de productos y stock disponible.\" \/>\n<meta property=\"og:url\" content=\"https:\/\/pldistribucion.com.ar\/web\/producto\/filtros-john-deere\/\" \/>\n<meta property=\"og:site_name\" content=\"Perfomance Lube\" \/>\n<meta property=\"og:image\" content=\"https:\/\/pldistribucion.com.ar\/web\/wp-content\/uploads\/DGHDFGHFGH.png\" \/>\n\t<meta property=\"og:image:width\" content=\"407\" \/>\n\t<meta property=\"og:image:height\" content=\"338\" \/>\n\t<meta property=\"og:image:type\" content=\"image\/png\" \/>\n<meta name=\"twitter:card\" content=\"summary_large_image\" \/>\n<meta name=\"twitter:label1\" content=\"Tiempo de lectura\" \/>\n\t<meta name=\"twitter:data1\" content=\"2 minutos\" \/>\n<script type=\"application\/ld+json\" class=\"yoast-schema-graph\">{\"@context\":\"https:\/\/schema.org\",\"@graph\":[{\"@type\":\"WebPage\",\"@id\":\"https:\/\/pldistribucion.com.ar\/web\/producto\/filtros-john-deere\/\",\"url\":\"https:\/\/pldistribucion.com.ar\/web\/producto\/filtros-john-deere\/\",\"name\":\"FILTROS JOHN DEERE - Perfomance Lube - Filtros\",\"isPartOf\":{\"@id\":\"https:\/\/pldistribucion.com.ar\/web\/#website\"},\"primaryImageOfPage\":{\"@id\":\"https:\/\/pldistribucion.com.ar\/web\/producto\/filtros-john-deere\/#primaryimage\"},\"image\":{\"@id\":\"https:\/\/pldistribucion.com.ar\/web\/producto\/filtros-john-deere\/#primaryimage\"},\"thumbnailUrl\":\"https:\/\/pldistribucion.com.ar\/web\/wp-content\/uploads\/DGHDFGHFGH.png\",\"datePublished\":\"2023-04-26T13:40:51+00:00\",\"dateModified\":\"2023-04-26T13:40:51+00:00\",\"description\":\"Distribuidor de filtros JOHN DEERE de diferentes aplicaciones. Env\u00edos a todo el pa\u00eds. Variedad de productos y stock disponible.\",\"breadcrumb\":{\"@id\":\"https:\/\/pldistribucion.com.ar\/web\/producto\/filtros-john-deere\/#breadcrumb\"},\"inLanguage\":\"es\",\"potentialAction\":[{\"@type\":\"ReadAction\",\"target\":[\"https:\/\/pldistribucion.com.ar\/web\/producto\/filtros-john-deere\/\"]}]},{\"@type\":\"ImageObject\",\"inLanguage\":\"es\",\"@id\":\"https:\/\/pldistribucion.com.ar\/web\/producto\/filtros-john-deere\/#primaryimage\",\"url\":\"https:\/\/pldistribucion.com.ar\/web\/wp-content\/uploads\/DGHDFGHFGH.png\",\"contentUrl\":\"https:\/\/pldistribucion.com.ar\/web\/wp-content\/uploads\/DGHDFGHFGH.png\",\"width\":407,\"height\":338},{\"@type\":\"BreadcrumbList\",\"@id\":\"https:\/\/pldistribucion.com.ar\/web\/producto\/filtros-john-deere\/#breadcrumb\",\"itemListElement\":[{\"@type\":\"ListItem\",\"position\":1,\"name\":\"Portada\",\"item\":\"https:\/\/pldistribucion.com.ar\/web\/\"},{\"@type\":\"ListItem\",\"position\":2,\"name\":\"Productos\",\"item\":\"https:\/\/pldistribucion.com.ar\/web\/productos\/\"},{\"@type\":\"ListItem\",\"position\":3,\"name\":\"FILTROS JOHN DEERE\"}]},{\"@type\":\"WebSite\",\"@id\":\"https:\/\/pldistribucion.com.ar\/web\/#website\",\"url\":\"https:\/\/pldistribucion.com.ar\/web\/\",\"name\":\"Perfomance Lube\",\"description\":\"\",\"publisher\":{\"@id\":\"https:\/\/pldistribucion.com.ar\/web\/#organization\"},\"potentialAction\":[{\"@type\":\"SearchAction\",\"target\":{\"@type\":\"EntryPoint\",\"urlTemplate\":\"https:\/\/pldistribucion.com.ar\/web\/?s={search_term_string}\"},\"query-input\":\"required name=search_term_string\"}],\"inLanguage\":\"es\"},{\"@type\":\"Organization\",\"@id\":\"https:\/\/pldistribucion.com.ar\/web\/#organization\",\"name\":\"PERFORMANCE LUBE\",\"url\":\"https:\/\/pldistribucion.com.ar\/web\/\",\"logo\":{\"@type\":\"ImageObject\",\"inLanguage\":\"es\",\"@id\":\"https:\/\/pldistribucion.com.ar\/web\/#\/schema\/logo\/image\/\",\"url\":\"https:\/\/pldistribucion.com.ar\/web\/wp-content\/uploads\/pld_logo_GB-removebg-preview.png\",\"contentUrl\":\"https:\/\/pldistribucion.com.ar\/web\/wp-content\/uploads\/pld_logo_GB-removebg-preview.png\",\"width\":787,\"height\":317,\"caption\":\"PERFORMANCE LUBE\"},\"image\":{\"@id\":\"https:\/\/pldistribucion.com.ar\/web\/#\/schema\/logo\/image\/\"}}]}<\/script>\n<!-- \/ Yoast SEO plugin. -->","yoast_head_json":{"title":"FILTROS JOHN DEERE - Perfomance Lube - Filtros","description":"Distribuidor de filtros JOHN DEERE de diferentes aplicaciones. Env\u00edos a todo el pa\u00eds. Variedad de productos y stock disponible.","robots":{"index":"index","follow":"follow","max-snippet":"max-snippet:-1","max-image-preview":"max-image-preview:large","max-video-preview":"max-video-preview:-1"},"canonical":"https:\/\/pldistribucion.com.ar\/web\/producto\/filtros-john-deere\/","og_locale":"es_ES","og_type":"article","og_title":"FILTROS JOHN DEERE - Perfomance Lube - Filtros","og_description":"Distribuidor de filtros JOHN DEERE de diferentes aplicaciones. Env\u00edos a todo el pa\u00eds. Variedad de productos y stock disponible.","og_url":"https:\/\/pldistribucion.com.ar\/web\/producto\/filtros-john-deere\/","og_site_name":"Perfomance Lube","og_image":[{"width":407,"height":338,"url":"https:\/\/pldistribucion.com.ar\/web\/wp-content\/uploads\/DGHDFGHFGH.png","type":"image\/png"}],"twitter_card":"summary_large_image","twitter_misc":{"Tiempo de lectura":"2 minutos"},"schema":{"@context":"https:\/\/schema.org","@graph":[{"@type":"WebPage","@id":"https:\/\/pldistribucion.com.ar\/web\/producto\/filtros-john-deere\/","url":"https:\/\/pldistribucion.com.ar\/web\/producto\/filtros-john-deere\/","name":"FILTROS JOHN DEERE - Perfomance Lube - Filtros","isPartOf":{"@id":"https:\/\/pldistribucion.com.ar\/web\/#website"},"primaryImageOfPage":{"@id":"https:\/\/pldistribucion.com.ar\/web\/producto\/filtros-john-deere\/#primaryimage"},"image":{"@id":"https:\/\/pldistribucion.com.ar\/web\/producto\/filtros-john-deere\/#primaryimage"},"thumbnailUrl":"https:\/\/pldistribucion.com.ar\/web\/wp-content\/uploads\/DGHDFGHFGH.png","datePublished":"2023-04-26T13:40:51+00:00","dateModified":"2023-04-26T13:40:51+00:00","description":"Distribuidor de filtros JOHN DEERE de diferentes aplicaciones. Env\u00edos a todo el pa\u00eds. Variedad de productos y stock disponible.","breadcrumb":{"@id":"https:\/\/pldistribucion.com.ar\/web\/producto\/filtros-john-deere\/#breadcrumb"},"inLanguage":"es","potentialAction":[{"@type":"ReadAction","target":["https:\/\/pldistribucion.com.ar\/web\/producto\/filtros-john-deere\/"]}]},{"@type":"ImageObject","inLanguage":"es","@id":"https:\/\/pldistribucion.com.ar\/web\/producto\/filtros-john-deere\/#primaryimage","url":"https:\/\/pldistribucion.com.ar\/web\/wp-content\/uploads\/DGHDFGHFGH.png","contentUrl":"https:\/\/pldistribucion.com.ar\/web\/wp-content\/uploads\/DGHDFGHFGH.png","width":407,"height":338},{"@type":"BreadcrumbList","@id":"https:\/\/pldistribucion.com.ar\/web\/producto\/filtros-john-deere\/#breadcrumb","itemListElement":[{"@type":"ListItem","position":1,"name":"Portada","item":"https:\/\/pldistribucion.com.ar\/web\/"},{"@type":"ListItem","position":2,"name":"Productos","item":"https:\/\/pldistribucion.com.ar\/web\/productos\/"},{"@type":"ListItem","position":3,"name":"FILTROS JOHN DEERE"}]},{"@type":"WebSite","@id":"https:\/\/pldistribucion.com.ar\/web\/#website","url":"https:\/\/pldistribucion.com.ar\/web\/","name":"Perfomance Lube","description":"","publisher":{"@id":"https:\/\/pldistribucion.com.ar\/web\/#organization"},"potentialAction":[{"@type":"SearchAction","target":{"@type":"EntryPoint","urlTemplate":"https:\/\/pldistribucion.com.ar\/web\/?s={search_term_string}"},"query-input":"required name=search_term_string"}],"inLanguage":"es"},{"@type":"Organization","@id":"https:\/\/pldistribucion.com.ar\/web\/#organization","name":"PERFORMANCE LUBE","url":"https:\/\/pldistribucion.com.ar\/web\/","logo":{"@type":"ImageObject","inLanguage":"es","@id":"https:\/\/pldistribucion.com.ar\/web\/#\/schema\/logo\/image\/","url":"https:\/\/pldistribucion.com.ar\/web\/wp-content\/uploads\/pld_logo_GB-removebg-preview.png","contentUrl":"https:\/\/pldistribucion.com.ar\/web\/wp-content\/uploads\/pld_logo_GB-removebg-preview.png","width":787,"height":317,"caption":"PERFORMANCE LUBE"},"image":{"@id":"https:\/\/pldistribucion.com.ar\/web\/#\/schema\/logo\/image\/"}}]}},"_links":{"self":[{"href":"https:\/\/pldistribucion.com.ar\/web\/wp-json\/wp\/v2\/product\/6169"}],"collection":[{"href":"https:\/\/pldistribucion.com.ar\/web\/wp-json\/wp\/v2\/product"}],"about":[{"href":"https:\/\/pldistribucion.com.ar\/web\/wp-json\/wp\/v2\/types\/product"}],"replies":[{"embeddable":true,"href":"https:\/\/pldistribucion.com.ar\/web\/wp-json\/wp\/v2\/comments?post=6169"}],"wp:featuredmedia":[{"embeddable":true,"href":"https:\/\/pldistribucion.com.ar\/web\/wp-json\/wp\/v2\/media\/6172"}],"wp:attachment":[{"href":"https:\/\/pldistribucion.com.ar\/web\/wp-json\/wp\/v2\/media?parent=6169"}],"wp:term":[{"taxonomy":"product_cat","embeddable":true,"href":"https:\/\/pldistribucion.com.ar\/web\/wp-json\/wp\/v2\/product_cat?post=6169"},{"taxonomy":"product_tag","embeddable":true,"href":"https:\/\/pldistribucion.com.ar\/web\/wp-json\/wp\/v2\/product_tag?post=6169"}],"curies":[{"name":"wp","href":"https:\/\/api.w.org\/{rel}","templated":true}]}}