{"id":6080,"date":"2023-04-24T14:56:09","date_gmt":"2023-04-24T14:56:09","guid":{"rendered":"https:\/\/pldistribucion.com.ar\/web\/?post_type=product&#038;p=6080"},"modified":"2023-04-24T14:57:37","modified_gmt":"2023-04-24T14:57:37","slug":"bateria-kaise-12v-7ah","status":"publish","type":"product","link":"https:\/\/pldistribucion.com.ar\/web\/producto\/bateria-kaise-12v-7ah\/","title":{"rendered":"BATERIA KAISE 12V 7AH"},"content":{"rendered":"<h1><span style=\"font-size: 80%;\"><strong>BATERIA KAISE 12V 7AH<\/strong><\/span><\/h1>\n<div class=\"left-inside\">\n<p><span style=\"color: #000000;\">BATERIA KAISE 12V 7AH : KB127<\/span><\/p>\n<p><span style=\"color: #000000;\">Selladas, libres de mantenimiento y utilizables en cualquier posici\u00f3n.<\/span><\/p>\n<ul>\n<li><span style=\"color: #000000;\">Vida \u00fatil 3-5 a\u00f1os en uso estacionario<\/span><\/li>\n<li><span style=\"color: #000000;\">Muy baja resistencia interna (12-25 mOhms).<\/span><\/li>\n<li><span style=\"color: #000000;\">Tecnolog\u00eda AGM con \u00e1cido inmovilizado en delgadas capas de fibra de vidrio.<\/span><\/li>\n<li><span style=\"color: #000000;\">Placas de aleaci\u00f3n plomo-calcio de baja descarga interna, lo que posibilita su almacenamiento por largos per\u00edodos sin necesidad de recarga.<\/span><\/li>\n<li><span style=\"color: #000000;\">Selladas, libres de mantenimiento, y utilizables en cualquier posici\u00f3n.<\/span><\/li>\n<li><span style=\"color: #000000;\">V\u00e1lvula de seguridad que libera la presi\u00f3n interna cuando \u00e9sta es excesiva (tras lo cual el sistema vuelve a autosellarse).<\/span><\/li>\n<\/ul>\n<\/div>\n<div class=\"left-inside\">\n<h3><strong><span style=\"font-size: 80%;\">DETALLES:<\/span><\/strong><\/h3>\n<table class=\"woocommerce-product-attributes shop_attributes\">\n<tbody>\n<tr class=\"woocommerce-product-attributes-item woocommerce-product-attributes-item--weight\">\n<th class=\"woocommerce-product-attributes-item__label\">Peso<\/th>\n<td class=\"woocommerce-product-attributes-item__value\">1,9 kg<\/td>\n<\/tr>\n<tr class=\"woocommerce-product-attributes-item woocommerce-product-attributes-item--dimensions\">\n<th class=\"woocommerce-product-attributes-item__label\">Dimensiones<\/th>\n<td class=\"woocommerce-product-attributes-item__value\">151 \u00d7 65 \u00d7 100 mm<\/td>\n<\/tr>\n<tr class=\"woocommerce-product-attributes-item woocommerce-product-attributes-item--attribute_pa_marca\">\n<th class=\"woocommerce-product-attributes-item__label\">Marca<\/th>\n<td class=\"woocommerce-product-attributes-item__value\">Kaise<\/td>\n<\/tr>\n<tr class=\"woocommerce-product-attributes-item woocommerce-product-attributes-item--attribute_pa_voltaje\">\n<th class=\"woocommerce-product-attributes-item__label\">Voltaje<\/th>\n<td class=\"woocommerce-product-attributes-item__value\">12V<\/td>\n<\/tr>\n<tr class=\"woocommerce-product-attributes-item woocommerce-product-attributes-item--attribute_pa_capacidad\">\n<th class=\"woocommerce-product-attributes-item__label\">Capacidad<\/th>\n<td class=\"woocommerce-product-attributes-item__value\">7Ah<\/td>\n<\/tr>\n<tr class=\"woocommerce-product-attributes-item woocommerce-product-attributes-item--attribute_pa_clasificacion\">\n<th class=\"woocommerce-product-attributes-item__label\">Clasificaci\u00f3n<\/th>\n<td class=\"woocommerce-product-attributes-item__value\">AGM<\/td>\n<\/tr>\n<tr class=\"woocommerce-product-attributes-item woocommerce-product-attributes-item--attribute_pa_usos\">\n<th class=\"woocommerce-product-attributes-item__label\">Usos<\/th>\n<td class=\"woocommerce-product-attributes-item__value\">Prop\u00f3sito General,\u00a0UPS<\/td>\n<\/tr>\n<\/tbody>\n<\/table>\n<p><strong>Aplicaciones:<\/strong><\/p>\n<ul>\n<li>Sistemas de Alarmas<\/li>\n<li>TV por cable<\/li>\n<li>Equipo de comunicaciones<\/li>\n<li>Equipo de control<\/li>\n<li>Ordenadores<\/li>\n<li>Cajas registradoras electr\u00f3nicas<\/li>\n<li>Sistemas de iluminaci\u00f3n de emergencia<\/li>\n<li>Equipos geof\u00edsicos<\/li>\n<li>Equipos m\u00e9dicos<\/li>\n<li>Microprocesadores<\/li>\n<li>Herramientas el\u00e9ctricas<\/li>\n<li>Juguetes<\/li>\n<li>M\u00e1quinas de venta autom\u00e1tica<\/li>\n<\/ul>\n<\/div>\n<hr \/>\n<p><span style=\"color: #000080;\"><strong><a style=\"color: #000080;\" href=\"https:\/\/pldistribucion.com.ar\/web\/categoria-producto\/baterias\/kaise-s\/\" target=\"_blank\" rel=\"noopener\">Ver m\u00e1s bater\u00edas KAISE<\/a><\/strong><\/span><\/p>\n<p><span style=\"color: #000000;\">Kaise es una marca respaldada por un equipo de ingenierios y t\u00e9cnicos especializados en investigaci\u00f3n y desarrollo de nuevas tecnolog\u00edas. Esta peculiaridad, nos distingue de la mayor\u00eda de fabricantes de<\/span><br \/>\n<span style=\"color: #000000;\">bater\u00edas VRLA. Ofrecemos una amplia gama de modelos con diferentes tecnolog\u00edas<\/span>\u00a0<strong>electroqu\u00edmicas<\/strong>.<\/p>\n<p><span style=\"color: #000080;\"><strong><a style=\"color: #000080;\" href=\"https:\/\/pldistribucion.com.ar\/web\/categoria-producto\/baterias\/\" target=\"_blank\" rel=\"noopener\">Ver m\u00e1s marcas de bater\u00edas<\/a><\/strong><\/span><\/p>\n","protected":false},"excerpt":{"rendered":"<p><img loading=\"lazy\" decoding=\"async\" class=\"alignnone  wp-image-6042\" src=\"https:\/\/pldistribucion.com.ar\/web\/wp-content\/uploads\/uohio-e1682085090229-300x184.png\" alt=\"\" width=\"228\" height=\"140\" srcset=\"https:\/\/pldistribucion.com.ar\/web\/wp-content\/uploads\/uohio-e1682085090229-300x184.png 300w, https:\/\/pldistribucion.com.ar\/web\/wp-content\/uploads\/uohio-e1682085090229.png 511w\" sizes=\"(max-width: 228px) 100vw, 228px\" \/><\/p>\n<p><strong>BATERIA KAISE 12V 7AH<\/strong><\/p>\n<h2 style=\"text-align: left;\"><span style=\"font-size: 75%;\"><strong><a rel=\"noopener noreferrer\" href=\"https:\/\/performancelube.mercadoshops.com.ar\/MLA-1110944202-bateria-kaise-ciclo-profundo-gel-12v-7ah-ups-solar-_JM#position=1&#038;search_layout=stack&#038;type=item&#038;tracking_id=bbc8064c-7b0a-4bdf-bbd3-38c8c93e73bd\" target=\"_blank\" class=\"button primary\"  >\n    <span>VER EN TIENDA ?<\/span>\n  <\/a>\n<span style=\"color: #69314d;\">\u00a0<\/span><\/strong><\/span><\/h2>\n<p>&nbsp;<\/p>\n<p>&nbsp;<\/p>\n","protected":false},"featured_media":6082,"comment_status":"open","ping_status":"closed","template":"","meta":[],"product_cat":[20],"product_tag":[],"yoast_head":"<!-- This site is optimized with the Yoast SEO plugin v23.0 - https:\/\/yoast.com\/wordpress\/plugins\/seo\/ -->\n<title>BATERIA KAISE 12V 7AH - Perfomance Lube - Bater\u00edas<\/title>\n<meta name=\"description\" content=\"Distribuidor de bater\u00edas de diferentes marcas y aplicaciones. Env\u00edos a todo el pa\u00eds. Variedad de productos y stock disponible.\" \/>\n<meta name=\"robots\" content=\"index, follow, max-snippet:-1, max-image-preview:large, max-video-preview:-1\" \/>\n<link rel=\"canonical\" href=\"https:\/\/pldistribucion.com.ar\/web\/producto\/bateria-kaise-12v-7ah\/\" \/>\n<meta property=\"og:locale\" content=\"es_ES\" \/>\n<meta property=\"og:type\" content=\"article\" \/>\n<meta property=\"og:title\" content=\"BATERIA KAISE 12V 7AH - Perfomance Lube - Bater\u00edas\" \/>\n<meta property=\"og:description\" content=\"Distribuidor de bater\u00edas de diferentes marcas y aplicaciones. Env\u00edos a todo el pa\u00eds. Variedad de productos y stock disponible.\" \/>\n<meta property=\"og:url\" content=\"https:\/\/pldistribucion.com.ar\/web\/producto\/bateria-kaise-12v-7ah\/\" \/>\n<meta property=\"og:site_name\" content=\"Perfomance Lube\" \/>\n<meta property=\"article:modified_time\" content=\"2023-04-24T14:57:37+00:00\" \/>\n<meta property=\"og:image\" content=\"https:\/\/pldistribucion.com.ar\/web\/wp-content\/uploads\/GCHJCGHJ.png\" \/>\n\t<meta property=\"og:image:width\" content=\"546\" \/>\n\t<meta property=\"og:image:height\" content=\"367\" \/>\n\t<meta property=\"og:image:type\" content=\"image\/png\" \/>\n<meta name=\"twitter:card\" content=\"summary_large_image\" \/>\n<meta name=\"twitter:label1\" content=\"Tiempo de lectura\" \/>\n\t<meta name=\"twitter:data1\" content=\"1 minuto\" \/>\n<script type=\"application\/ld+json\" class=\"yoast-schema-graph\">{\"@context\":\"https:\/\/schema.org\",\"@graph\":[{\"@type\":\"WebPage\",\"@id\":\"https:\/\/pldistribucion.com.ar\/web\/producto\/bateria-kaise-12v-7ah\/\",\"url\":\"https:\/\/pldistribucion.com.ar\/web\/producto\/bateria-kaise-12v-7ah\/\",\"name\":\"BATERIA KAISE 12V 7AH - Perfomance Lube - Bater\u00edas\",\"isPartOf\":{\"@id\":\"https:\/\/pldistribucion.com.ar\/web\/#website\"},\"primaryImageOfPage\":{\"@id\":\"https:\/\/pldistribucion.com.ar\/web\/producto\/bateria-kaise-12v-7ah\/#primaryimage\"},\"image\":{\"@id\":\"https:\/\/pldistribucion.com.ar\/web\/producto\/bateria-kaise-12v-7ah\/#primaryimage\"},\"thumbnailUrl\":\"https:\/\/pldistribucion.com.ar\/web\/wp-content\/uploads\/GCHJCGHJ.png\",\"datePublished\":\"2023-04-24T14:56:09+00:00\",\"dateModified\":\"2023-04-24T14:57:37+00:00\",\"description\":\"Distribuidor de bater\u00edas de diferentes marcas y aplicaciones. Env\u00edos a todo el pa\u00eds. Variedad de productos y stock disponible.\",\"breadcrumb\":{\"@id\":\"https:\/\/pldistribucion.com.ar\/web\/producto\/bateria-kaise-12v-7ah\/#breadcrumb\"},\"inLanguage\":\"es\",\"potentialAction\":[{\"@type\":\"ReadAction\",\"target\":[\"https:\/\/pldistribucion.com.ar\/web\/producto\/bateria-kaise-12v-7ah\/\"]}]},{\"@type\":\"ImageObject\",\"inLanguage\":\"es\",\"@id\":\"https:\/\/pldistribucion.com.ar\/web\/producto\/bateria-kaise-12v-7ah\/#primaryimage\",\"url\":\"https:\/\/pldistribucion.com.ar\/web\/wp-content\/uploads\/GCHJCGHJ.png\",\"contentUrl\":\"https:\/\/pldistribucion.com.ar\/web\/wp-content\/uploads\/GCHJCGHJ.png\",\"width\":546,\"height\":367,\"caption\":\"BATERIA KAISE 12V 7AH\"},{\"@type\":\"BreadcrumbList\",\"@id\":\"https:\/\/pldistribucion.com.ar\/web\/producto\/bateria-kaise-12v-7ah\/#breadcrumb\",\"itemListElement\":[{\"@type\":\"ListItem\",\"position\":1,\"name\":\"Portada\",\"item\":\"https:\/\/pldistribucion.com.ar\/web\/\"},{\"@type\":\"ListItem\",\"position\":2,\"name\":\"Productos\",\"item\":\"https:\/\/pldistribucion.com.ar\/web\/productos\/\"},{\"@type\":\"ListItem\",\"position\":3,\"name\":\"BATERIA KAISE 12V 7AH\"}]},{\"@type\":\"WebSite\",\"@id\":\"https:\/\/pldistribucion.com.ar\/web\/#website\",\"url\":\"https:\/\/pldistribucion.com.ar\/web\/\",\"name\":\"Perfomance Lube\",\"description\":\"\",\"publisher\":{\"@id\":\"https:\/\/pldistribucion.com.ar\/web\/#organization\"},\"potentialAction\":[{\"@type\":\"SearchAction\",\"target\":{\"@type\":\"EntryPoint\",\"urlTemplate\":\"https:\/\/pldistribucion.com.ar\/web\/?s={search_term_string}\"},\"query-input\":\"required name=search_term_string\"}],\"inLanguage\":\"es\"},{\"@type\":\"Organization\",\"@id\":\"https:\/\/pldistribucion.com.ar\/web\/#organization\",\"name\":\"PERFORMANCE LUBE\",\"url\":\"https:\/\/pldistribucion.com.ar\/web\/\",\"logo\":{\"@type\":\"ImageObject\",\"inLanguage\":\"es\",\"@id\":\"https:\/\/pldistribucion.com.ar\/web\/#\/schema\/logo\/image\/\",\"url\":\"https:\/\/pldistribucion.com.ar\/web\/wp-content\/uploads\/pld_logo_GB-removebg-preview.png\",\"contentUrl\":\"https:\/\/pldistribucion.com.ar\/web\/wp-content\/uploads\/pld_logo_GB-removebg-preview.png\",\"width\":787,\"height\":317,\"caption\":\"PERFORMANCE LUBE\"},\"image\":{\"@id\":\"https:\/\/pldistribucion.com.ar\/web\/#\/schema\/logo\/image\/\"}}]}<\/script>\n<!-- \/ Yoast SEO plugin. -->","yoast_head_json":{"title":"BATERIA KAISE 12V 7AH - Perfomance Lube - Bater\u00edas","description":"Distribuidor de bater\u00edas de diferentes marcas y aplicaciones. Env\u00edos a todo el pa\u00eds. Variedad de productos y stock disponible.","robots":{"index":"index","follow":"follow","max-snippet":"max-snippet:-1","max-image-preview":"max-image-preview:large","max-video-preview":"max-video-preview:-1"},"canonical":"https:\/\/pldistribucion.com.ar\/web\/producto\/bateria-kaise-12v-7ah\/","og_locale":"es_ES","og_type":"article","og_title":"BATERIA KAISE 12V 7AH - Perfomance Lube - Bater\u00edas","og_description":"Distribuidor de bater\u00edas de diferentes marcas y aplicaciones. Env\u00edos a todo el pa\u00eds. Variedad de productos y stock disponible.","og_url":"https:\/\/pldistribucion.com.ar\/web\/producto\/bateria-kaise-12v-7ah\/","og_site_name":"Perfomance Lube","article_modified_time":"2023-04-24T14:57:37+00:00","og_image":[{"width":546,"height":367,"url":"https:\/\/pldistribucion.com.ar\/web\/wp-content\/uploads\/GCHJCGHJ.png","type":"image\/png"}],"twitter_card":"summary_large_image","twitter_misc":{"Tiempo de lectura":"1 minuto"},"schema":{"@context":"https:\/\/schema.org","@graph":[{"@type":"WebPage","@id":"https:\/\/pldistribucion.com.ar\/web\/producto\/bateria-kaise-12v-7ah\/","url":"https:\/\/pldistribucion.com.ar\/web\/producto\/bateria-kaise-12v-7ah\/","name":"BATERIA KAISE 12V 7AH - Perfomance Lube - Bater\u00edas","isPartOf":{"@id":"https:\/\/pldistribucion.com.ar\/web\/#website"},"primaryImageOfPage":{"@id":"https:\/\/pldistribucion.com.ar\/web\/producto\/bateria-kaise-12v-7ah\/#primaryimage"},"image":{"@id":"https:\/\/pldistribucion.com.ar\/web\/producto\/bateria-kaise-12v-7ah\/#primaryimage"},"thumbnailUrl":"https:\/\/pldistribucion.com.ar\/web\/wp-content\/uploads\/GCHJCGHJ.png","datePublished":"2023-04-24T14:56:09+00:00","dateModified":"2023-04-24T14:57:37+00:00","description":"Distribuidor de bater\u00edas de diferentes marcas y aplicaciones. Env\u00edos a todo el pa\u00eds. Variedad de productos y stock disponible.","breadcrumb":{"@id":"https:\/\/pldistribucion.com.ar\/web\/producto\/bateria-kaise-12v-7ah\/#breadcrumb"},"inLanguage":"es","potentialAction":[{"@type":"ReadAction","target":["https:\/\/pldistribucion.com.ar\/web\/producto\/bateria-kaise-12v-7ah\/"]}]},{"@type":"ImageObject","inLanguage":"es","@id":"https:\/\/pldistribucion.com.ar\/web\/producto\/bateria-kaise-12v-7ah\/#primaryimage","url":"https:\/\/pldistribucion.com.ar\/web\/wp-content\/uploads\/GCHJCGHJ.png","contentUrl":"https:\/\/pldistribucion.com.ar\/web\/wp-content\/uploads\/GCHJCGHJ.png","width":546,"height":367,"caption":"BATERIA KAISE 12V 7AH"},{"@type":"BreadcrumbList","@id":"https:\/\/pldistribucion.com.ar\/web\/producto\/bateria-kaise-12v-7ah\/#breadcrumb","itemListElement":[{"@type":"ListItem","position":1,"name":"Portada","item":"https:\/\/pldistribucion.com.ar\/web\/"},{"@type":"ListItem","position":2,"name":"Productos","item":"https:\/\/pldistribucion.com.ar\/web\/productos\/"},{"@type":"ListItem","position":3,"name":"BATERIA KAISE 12V 7AH"}]},{"@type":"WebSite","@id":"https:\/\/pldistribucion.com.ar\/web\/#website","url":"https:\/\/pldistribucion.com.ar\/web\/","name":"Perfomance Lube","description":"","publisher":{"@id":"https:\/\/pldistribucion.com.ar\/web\/#organization"},"potentialAction":[{"@type":"SearchAction","target":{"@type":"EntryPoint","urlTemplate":"https:\/\/pldistribucion.com.ar\/web\/?s={search_term_string}"},"query-input":"required name=search_term_string"}],"inLanguage":"es"},{"@type":"Organization","@id":"https:\/\/pldistribucion.com.ar\/web\/#organization","name":"PERFORMANCE LUBE","url":"https:\/\/pldistribucion.com.ar\/web\/","logo":{"@type":"ImageObject","inLanguage":"es","@id":"https:\/\/pldistribucion.com.ar\/web\/#\/schema\/logo\/image\/","url":"https:\/\/pldistribucion.com.ar\/web\/wp-content\/uploads\/pld_logo_GB-removebg-preview.png","contentUrl":"https:\/\/pldistribucion.com.ar\/web\/wp-content\/uploads\/pld_logo_GB-removebg-preview.png","width":787,"height":317,"caption":"PERFORMANCE LUBE"},"image":{"@id":"https:\/\/pldistribucion.com.ar\/web\/#\/schema\/logo\/image\/"}}]}},"_links":{"self":[{"href":"https:\/\/pldistribucion.com.ar\/web\/wp-json\/wp\/v2\/product\/6080"}],"collection":[{"href":"https:\/\/pldistribucion.com.ar\/web\/wp-json\/wp\/v2\/product"}],"about":[{"href":"https:\/\/pldistribucion.com.ar\/web\/wp-json\/wp\/v2\/types\/product"}],"replies":[{"embeddable":true,"href":"https:\/\/pldistribucion.com.ar\/web\/wp-json\/wp\/v2\/comments?post=6080"}],"wp:featuredmedia":[{"embeddable":true,"href":"https:\/\/pldistribucion.com.ar\/web\/wp-json\/wp\/v2\/media\/6082"}],"wp:attachment":[{"href":"https:\/\/pldistribucion.com.ar\/web\/wp-json\/wp\/v2\/media?parent=6080"}],"wp:term":[{"taxonomy":"product_cat","embeddable":true,"href":"https:\/\/pldistribucion.com.ar\/web\/wp-json\/wp\/v2\/product_cat?post=6080"},{"taxonomy":"product_tag","embeddable":true,"href":"https:\/\/pldistribucion.com.ar\/web\/wp-json\/wp\/v2\/product_tag?post=6080"}],"curies":[{"name":"wp","href":"https:\/\/api.w.org\/{rel}","templated":true}]}}