{"id":5877,"date":"2023-04-14T12:14:23","date_gmt":"2023-04-14T12:14:23","guid":{"rendered":"https:\/\/pldistribucion.com.ar\/web\/?post_type=product&#038;p=5877"},"modified":"2023-06-09T12:08:26","modified_gmt":"2023-06-09T12:08:26","slug":"formiato-de-potasio","status":"publish","type":"product","link":"https:\/\/pldistribucion.com.ar\/web\/producto\/formiato-de-potasio\/","title":{"rendered":"FORMIATO DE POTASIO"},"content":{"rendered":"<h1><span style=\"font-size: 80%;\"><strong>FORMIATO DE POTASIO<\/strong><\/span><\/h1>\n<h3><span style=\"font-size: 80%; color: #f99b1c;\"><strong>DESCRIPCI\u00d3N:<\/strong><\/span><\/h3>\n<p><strong>El Formiato de Potasio <\/strong><span style=\"color: #000000;\">\u00a0se utilizan como l\u00edquido de alta densidad para proporcionar control de la presi\u00f3n durante la construcci\u00f3n o reparaci\u00f3n de pozos de petr\u00f3leo o de gas.<\/span><\/p>\n<p><span style=\"color: #000000;\">La presi\u00f3n de los l\u00edquidos y los gases atrapados en las rocas es muy elevado, ya que se han enterrado muy profundo a trav\u00e9s de millones de a\u00f1os. <\/span><\/p>\n<p><span style=\"color: #000000;\">Es ideal para esta aplicaci\u00f3n y proporciona muchas otras funcionalidades necesarias en las operaciones de construcci\u00f3n de pozos.<\/span><\/p>\n<p><span style=\"color: #000000;\">La principal salmuera de formiato utilizado por la industria del petr\u00f3leo es un 75 % w \/ soluci\u00f3n de formiato de potasio en agua. Esta salmuera de formiato de potasio tiene una densidad m\u00e1xima de alrededor de 1.57 de gravedad espec\u00edfica.<\/span><\/p>\n<p><strong><span style=\"color: #333333; font-size: 14.4px;\">\u00bfC\u00f3mo se forma el formiato?<\/span><\/strong><\/p>\n<div id=\"_BT85ZN_qIf_J1sQP9bq-iA0_52\" class=\"bCOlv\" data-ved=\"2ahUKEwifgYqPqKn-AhX_pJUCHXWdD9EQ7NUEegQIZhAE\">\n<div class=\"IZE3Td\">\n<div class=\"t0bRye r2fjmd\" data-hveid=\"CGYQBQ\" data-ved=\"2ahUKEwifgYqPqKn-AhX_pJUCHXWdD9EQu04oAHoECGYQBQ\">\n<div id=\"BT85ZN_qIf_J1sQP9bq-iA0__100\">\n<div class=\"wDYxhc NFQFxe oHglmf xzPb7d\" data-md=\"32\" data-hveid=\"CGkQAA\" data-ved=\"2ahUKEwifgYqPqKn-AhX_pJUCHXWdD9EQ4dMGegQIaRAA\">\n<div id=\"media_result_group\" class=\"kno-mrg-si kno-mrg kno-swp\" data-hveid=\"CGkQAQ\">\n<div class=\"kno-fiu kno-liu\">\n<div data-count=\"1\" data-hveid=\"CGIQAA\">\n<div>\n<div>\n<div class=\"RYdNQb\" data-h=\"130\" data-nr=\"1\" data-ved=\"2ahUKEwifgYqPqKn-AhX_pJUCHXWdD9EQyQ0oAHoECGIQAg\">\n<div class=\"eA0Zlc WghbWd ivg-i PZPZlf img-kc-m GMCzAd\" aria-hidden=\"true\" data-attrid=\"image\" data-docid=\"ISpsdlbQwZLbHM\" data-lpage=\"https:\/\/es.wikipedia.org\/wiki\/Formiato\" data-ni=\"1\" data-ref-docid=\"hYKD7I0trqQk5M\" data-vc=\"1\" data-hveid=\"CGUQAA\" data-ved=\"2ahUKEwifgYqPqKn-AhX_pJUCHXWdD9EQzkx6BAhlEAA\">\n<div>\n<div tabindex=\"0\" role=\"button\">\n<div>\n<div class=\"uhHOwf BYbUcd\" data-bla=\"\"><img decoding=\"async\" src=\"https:\/\/encrypted-tbn0.gstatic.com\/images?q=tbn:ANd9GcQD-D50FyuXxfj7CPkdcLZuHRhvM6Kihxmsp3LJy6PCvQ&amp;s\" alt=\"Resultado de imagen para Formiato de Potasio\" \/><\/div>\n<\/div>\n<\/div>\n<div><\/div>\n<\/div>\n<\/div>\n<\/div>\n<\/div>\n<\/div>\n<\/div>\n<\/div>\n<\/div>\n<\/div>\n<\/div>\n<div id=\"BT85ZN_qIf_J1sQP9bq-iA0__103\">\n<div class=\"wDYxhc\" data-md=\"61\">\n<div class=\"LGOjhe\" role=\"heading\" data-attrid=\"wa:\/description\" aria-level=\"3\" data-hveid=\"CGQQAA\"><span class=\"ILfuVd\" lang=\"es\"><span class=\"hgKElc\"><span style=\"color: #000000;\">Los formiatos o metanoatos son\u00a0<\/span><b>sales resultantes de la combinaci\u00f3n del \u00e1cido f\u00f3rmico con diversas bases y alcaloides<\/b>. <span style=\"color: #000000;\">Algunos ejemplos son el formiato de hierro, de litina, de mercurio, de sodio, de potasio, de coca\u00edna, de teobromina, de quinina o de amon\u00edaco.<\/span><\/span><\/span><\/div>\n<div role=\"heading\" data-attrid=\"wa:\/description\" aria-level=\"3\" data-hveid=\"CGQQAA\">\n<div>\n<div class=\"dnXCYb\" tabindex=\"0\" role=\"button\" aria-controls=\"_BT85ZN_qIf_J1sQP9bq-iA0_46\" aria-expanded=\"true\" data-hveid=\"CGAQAQ\">\n<div class=\"JlqpRe\"><strong><span class=\"JCzEY ZwRhJd\">\u00bfQu\u00e9 es gluconato de potasio y para qu\u00e9 sirve?<\/span><\/strong><\/div>\n<div class=\"L3Ezfd\" data-ved=\"2ahUKEwifgYqPqKn-AhX_pJUCHXWdD9EQuk56BAhgEAI\"><span style=\"font-size: 14.4px;\">\u00bf<span style=\"color: #000000;\">Qu\u00e9 es potassium gluconate? Potasio es un mineral que se encuentra en forma natural en las comidas y es necesario para la funci\u00f3n normal del coraz\u00f3n, los m\u00fasculos y los nervios. Potassium gluconate <\/span><\/span><span style=\"color: #000000;\">se usa para prevenir el potasio bajo (hipopotasemia)<span style=\"font-size: 14.4px;\">.<\/span><\/span><\/div>\n<\/div>\n<div data-ved=\"2ahUKEwifgYqPqKn-AhX_pJUCHXWdD9EQuk56BAhgEAI\">\n<hr \/>\n<p><span style=\"color: #000080;\"><strong><a style=\"color: #000080;\" href=\"https:\/\/copsa.net.ar\/nosotros\/\" target=\"_blank\" rel=\"noopener\">Conoce m\u00e1s sobre COPSA<\/a><\/strong><\/span><\/p>\n<p><span style=\"color: #000000;\">Somos una empresa familiar dedicada a brindar soluciones a las distintas industrias. Con experiencia en la distribuci\u00f3n de qu\u00edmicos, petroqu\u00edmicos y combustibles brindamos soluciones integrales para que cada cliente pueda desarrollarse y poner en foco su negocio.<\/span><\/p>\n<p><span style=\"color: #000080;\"><strong><a style=\"color: #000080;\" href=\"https:\/\/pldistribucion.com.ar\/web\/categoria-producto\/petroquimicos\/\" target=\"_blank\" rel=\"noopener\">Ver m\u00e1s petroqu\u00edmicos\u00a0<\/a><\/strong><\/span><\/p>\n<\/div>\n<\/div>\n<div id=\"_BT85ZN_qIf_J1sQP9bq-iA0_46\" class=\"bCOlv\" data-ved=\"2ahUKEwifgYqPqKn-AhX_pJUCHXWdD9EQ7NUEegQIYBAE\">\n<div class=\"IZE3Td\">\n<div role=\"heading\" data-attrid=\"wa:\/description\" aria-level=\"3\" data-hveid=\"CF4QAA\"><\/div>\n<\/div>\n<\/div>\n<\/div>\n<\/div>\n<\/div>\n<\/div>\n<\/div>\n<\/div>\n","protected":false},"excerpt":{"rendered":"<p><img loading=\"lazy\" decoding=\"async\" class=\"alignnone size-medium wp-image-5754\" src=\"https:\/\/pldistribucion.com.ar\/web\/wp-content\/uploads\/rsthdf-300x87.png\" alt=\"\" width=\"300\" height=\"87\" srcset=\"https:\/\/pldistribucion.com.ar\/web\/wp-content\/uploads\/rsthdf-300x87.png 300w, https:\/\/pldistribucion.com.ar\/web\/wp-content\/uploads\/rsthdf.png 446w\" sizes=\"(max-width: 300px) 100vw, 300px\" \/><\/p>\n<p>S<span style=\"color: #000000;\">omos importadores y representantes de diversas compa\u00f1\u00edas qu\u00edmicas mundiales, como as\u00ed tambi\u00e9n distribuidores de petroleras y qu\u00edmicas nacionales.<\/span><\/p>\n","protected":false},"featured_media":5880,"comment_status":"open","ping_status":"closed","template":"","meta":[],"product_cat":[202],"product_tag":[],"yoast_head":"<!-- This site is optimized with the Yoast SEO plugin v23.0 - https:\/\/yoast.com\/wordpress\/plugins\/seo\/ -->\n<title>FORMIATO DE POTASIO - Perfomance Lube - Petroquimicos<\/title>\n<meta name=\"description\" content=\"Distribuidor de lubricantes de diferentes aplicaciones. Env\u00edos a todo el pa\u00eds. Variedad de productos y stock disponible.FORMIATO DE POTASIO\" \/>\n<meta name=\"robots\" content=\"index, follow, max-snippet:-1, max-image-preview:large, max-video-preview:-1\" \/>\n<link rel=\"canonical\" href=\"https:\/\/pldistribucion.com.ar\/web\/producto\/formiato-de-potasio\/\" \/>\n<meta property=\"og:locale\" content=\"es_ES\" \/>\n<meta property=\"og:type\" content=\"article\" \/>\n<meta property=\"og:title\" content=\"FORMIATO DE POTASIO - Perfomance Lube - Petroquimicos\" \/>\n<meta property=\"og:description\" content=\"Distribuidor de lubricantes de diferentes aplicaciones. Env\u00edos a todo el pa\u00eds. Variedad de productos y stock disponible.FORMIATO DE POTASIO\" \/>\n<meta property=\"og:url\" content=\"https:\/\/pldistribucion.com.ar\/web\/producto\/formiato-de-potasio\/\" \/>\n<meta property=\"og:site_name\" content=\"Perfomance Lube\" \/>\n<meta property=\"article:modified_time\" content=\"2023-06-09T12:08:26+00:00\" \/>\n<meta property=\"og:image\" content=\"https:\/\/pldistribucion.com.ar\/web\/wp-content\/uploads\/hjgkyh-e1681474608210.png\" \/>\n\t<meta property=\"og:image:width\" content=\"412\" \/>\n\t<meta property=\"og:image:height\" content=\"364\" \/>\n\t<meta property=\"og:image:type\" content=\"image\/png\" \/>\n<meta name=\"twitter:card\" content=\"summary_large_image\" \/>\n<meta name=\"twitter:label1\" content=\"Tiempo de lectura\" \/>\n\t<meta name=\"twitter:data1\" content=\"2 minutos\" \/>\n<script type=\"application\/ld+json\" class=\"yoast-schema-graph\">{\"@context\":\"https:\/\/schema.org\",\"@graph\":[{\"@type\":\"WebPage\",\"@id\":\"https:\/\/pldistribucion.com.ar\/web\/producto\/formiato-de-potasio\/\",\"url\":\"https:\/\/pldistribucion.com.ar\/web\/producto\/formiato-de-potasio\/\",\"name\":\"FORMIATO DE POTASIO - Perfomance Lube - Petroquimicos\",\"isPartOf\":{\"@id\":\"https:\/\/pldistribucion.com.ar\/web\/#website\"},\"primaryImageOfPage\":{\"@id\":\"https:\/\/pldistribucion.com.ar\/web\/producto\/formiato-de-potasio\/#primaryimage\"},\"image\":{\"@id\":\"https:\/\/pldistribucion.com.ar\/web\/producto\/formiato-de-potasio\/#primaryimage\"},\"thumbnailUrl\":\"https:\/\/pldistribucion.com.ar\/web\/wp-content\/uploads\/hjgkyh-e1681474608210.png\",\"datePublished\":\"2023-04-14T12:14:23+00:00\",\"dateModified\":\"2023-06-09T12:08:26+00:00\",\"description\":\"Distribuidor de lubricantes de diferentes aplicaciones. Env\u00edos a todo el pa\u00eds. Variedad de productos y stock disponible.FORMIATO DE POTASIO\",\"breadcrumb\":{\"@id\":\"https:\/\/pldistribucion.com.ar\/web\/producto\/formiato-de-potasio\/#breadcrumb\"},\"inLanguage\":\"es\",\"potentialAction\":[{\"@type\":\"ReadAction\",\"target\":[\"https:\/\/pldistribucion.com.ar\/web\/producto\/formiato-de-potasio\/\"]}]},{\"@type\":\"ImageObject\",\"inLanguage\":\"es\",\"@id\":\"https:\/\/pldistribucion.com.ar\/web\/producto\/formiato-de-potasio\/#primaryimage\",\"url\":\"https:\/\/pldistribucion.com.ar\/web\/wp-content\/uploads\/hjgkyh-e1681474608210.png\",\"contentUrl\":\"https:\/\/pldistribucion.com.ar\/web\/wp-content\/uploads\/hjgkyh-e1681474608210.png\",\"width\":412,\"height\":364},{\"@type\":\"BreadcrumbList\",\"@id\":\"https:\/\/pldistribucion.com.ar\/web\/producto\/formiato-de-potasio\/#breadcrumb\",\"itemListElement\":[{\"@type\":\"ListItem\",\"position\":1,\"name\":\"Portada\",\"item\":\"https:\/\/pldistribucion.com.ar\/web\/\"},{\"@type\":\"ListItem\",\"position\":2,\"name\":\"Productos\",\"item\":\"https:\/\/pldistribucion.com.ar\/web\/productos\/\"},{\"@type\":\"ListItem\",\"position\":3,\"name\":\"FORMIATO DE POTASIO\"}]},{\"@type\":\"WebSite\",\"@id\":\"https:\/\/pldistribucion.com.ar\/web\/#website\",\"url\":\"https:\/\/pldistribucion.com.ar\/web\/\",\"name\":\"Perfomance Lube\",\"description\":\"\",\"publisher\":{\"@id\":\"https:\/\/pldistribucion.com.ar\/web\/#organization\"},\"potentialAction\":[{\"@type\":\"SearchAction\",\"target\":{\"@type\":\"EntryPoint\",\"urlTemplate\":\"https:\/\/pldistribucion.com.ar\/web\/?s={search_term_string}\"},\"query-input\":\"required name=search_term_string\"}],\"inLanguage\":\"es\"},{\"@type\":\"Organization\",\"@id\":\"https:\/\/pldistribucion.com.ar\/web\/#organization\",\"name\":\"PERFORMANCE LUBE\",\"url\":\"https:\/\/pldistribucion.com.ar\/web\/\",\"logo\":{\"@type\":\"ImageObject\",\"inLanguage\":\"es\",\"@id\":\"https:\/\/pldistribucion.com.ar\/web\/#\/schema\/logo\/image\/\",\"url\":\"https:\/\/pldistribucion.com.ar\/web\/wp-content\/uploads\/pld_logo_GB-removebg-preview.png\",\"contentUrl\":\"https:\/\/pldistribucion.com.ar\/web\/wp-content\/uploads\/pld_logo_GB-removebg-preview.png\",\"width\":787,\"height\":317,\"caption\":\"PERFORMANCE LUBE\"},\"image\":{\"@id\":\"https:\/\/pldistribucion.com.ar\/web\/#\/schema\/logo\/image\/\"}}]}<\/script>\n<!-- \/ Yoast SEO plugin. -->","yoast_head_json":{"title":"FORMIATO DE POTASIO - Perfomance Lube - Petroquimicos","description":"Distribuidor de lubricantes de diferentes aplicaciones. Env\u00edos a todo el pa\u00eds. Variedad de productos y stock disponible.FORMIATO DE POTASIO","robots":{"index":"index","follow":"follow","max-snippet":"max-snippet:-1","max-image-preview":"max-image-preview:large","max-video-preview":"max-video-preview:-1"},"canonical":"https:\/\/pldistribucion.com.ar\/web\/producto\/formiato-de-potasio\/","og_locale":"es_ES","og_type":"article","og_title":"FORMIATO DE POTASIO - Perfomance Lube - Petroquimicos","og_description":"Distribuidor de lubricantes de diferentes aplicaciones. Env\u00edos a todo el pa\u00eds. Variedad de productos y stock disponible.FORMIATO DE POTASIO","og_url":"https:\/\/pldistribucion.com.ar\/web\/producto\/formiato-de-potasio\/","og_site_name":"Perfomance Lube","article_modified_time":"2023-06-09T12:08:26+00:00","og_image":[{"width":412,"height":364,"url":"https:\/\/pldistribucion.com.ar\/web\/wp-content\/uploads\/hjgkyh-e1681474608210.png","type":"image\/png"}],"twitter_card":"summary_large_image","twitter_misc":{"Tiempo de lectura":"2 minutos"},"schema":{"@context":"https:\/\/schema.org","@graph":[{"@type":"WebPage","@id":"https:\/\/pldistribucion.com.ar\/web\/producto\/formiato-de-potasio\/","url":"https:\/\/pldistribucion.com.ar\/web\/producto\/formiato-de-potasio\/","name":"FORMIATO DE POTASIO - Perfomance Lube - Petroquimicos","isPartOf":{"@id":"https:\/\/pldistribucion.com.ar\/web\/#website"},"primaryImageOfPage":{"@id":"https:\/\/pldistribucion.com.ar\/web\/producto\/formiato-de-potasio\/#primaryimage"},"image":{"@id":"https:\/\/pldistribucion.com.ar\/web\/producto\/formiato-de-potasio\/#primaryimage"},"thumbnailUrl":"https:\/\/pldistribucion.com.ar\/web\/wp-content\/uploads\/hjgkyh-e1681474608210.png","datePublished":"2023-04-14T12:14:23+00:00","dateModified":"2023-06-09T12:08:26+00:00","description":"Distribuidor de lubricantes de diferentes aplicaciones. Env\u00edos a todo el pa\u00eds. Variedad de productos y stock disponible.FORMIATO DE POTASIO","breadcrumb":{"@id":"https:\/\/pldistribucion.com.ar\/web\/producto\/formiato-de-potasio\/#breadcrumb"},"inLanguage":"es","potentialAction":[{"@type":"ReadAction","target":["https:\/\/pldistribucion.com.ar\/web\/producto\/formiato-de-potasio\/"]}]},{"@type":"ImageObject","inLanguage":"es","@id":"https:\/\/pldistribucion.com.ar\/web\/producto\/formiato-de-potasio\/#primaryimage","url":"https:\/\/pldistribucion.com.ar\/web\/wp-content\/uploads\/hjgkyh-e1681474608210.png","contentUrl":"https:\/\/pldistribucion.com.ar\/web\/wp-content\/uploads\/hjgkyh-e1681474608210.png","width":412,"height":364},{"@type":"BreadcrumbList","@id":"https:\/\/pldistribucion.com.ar\/web\/producto\/formiato-de-potasio\/#breadcrumb","itemListElement":[{"@type":"ListItem","position":1,"name":"Portada","item":"https:\/\/pldistribucion.com.ar\/web\/"},{"@type":"ListItem","position":2,"name":"Productos","item":"https:\/\/pldistribucion.com.ar\/web\/productos\/"},{"@type":"ListItem","position":3,"name":"FORMIATO DE POTASIO"}]},{"@type":"WebSite","@id":"https:\/\/pldistribucion.com.ar\/web\/#website","url":"https:\/\/pldistribucion.com.ar\/web\/","name":"Perfomance Lube","description":"","publisher":{"@id":"https:\/\/pldistribucion.com.ar\/web\/#organization"},"potentialAction":[{"@type":"SearchAction","target":{"@type":"EntryPoint","urlTemplate":"https:\/\/pldistribucion.com.ar\/web\/?s={search_term_string}"},"query-input":"required name=search_term_string"}],"inLanguage":"es"},{"@type":"Organization","@id":"https:\/\/pldistribucion.com.ar\/web\/#organization","name":"PERFORMANCE LUBE","url":"https:\/\/pldistribucion.com.ar\/web\/","logo":{"@type":"ImageObject","inLanguage":"es","@id":"https:\/\/pldistribucion.com.ar\/web\/#\/schema\/logo\/image\/","url":"https:\/\/pldistribucion.com.ar\/web\/wp-content\/uploads\/pld_logo_GB-removebg-preview.png","contentUrl":"https:\/\/pldistribucion.com.ar\/web\/wp-content\/uploads\/pld_logo_GB-removebg-preview.png","width":787,"height":317,"caption":"PERFORMANCE LUBE"},"image":{"@id":"https:\/\/pldistribucion.com.ar\/web\/#\/schema\/logo\/image\/"}}]}},"_links":{"self":[{"href":"https:\/\/pldistribucion.com.ar\/web\/wp-json\/wp\/v2\/product\/5877"}],"collection":[{"href":"https:\/\/pldistribucion.com.ar\/web\/wp-json\/wp\/v2\/product"}],"about":[{"href":"https:\/\/pldistribucion.com.ar\/web\/wp-json\/wp\/v2\/types\/product"}],"replies":[{"embeddable":true,"href":"https:\/\/pldistribucion.com.ar\/web\/wp-json\/wp\/v2\/comments?post=5877"}],"wp:featuredmedia":[{"embeddable":true,"href":"https:\/\/pldistribucion.com.ar\/web\/wp-json\/wp\/v2\/media\/5880"}],"wp:attachment":[{"href":"https:\/\/pldistribucion.com.ar\/web\/wp-json\/wp\/v2\/media?parent=5877"}],"wp:term":[{"taxonomy":"product_cat","embeddable":true,"href":"https:\/\/pldistribucion.com.ar\/web\/wp-json\/wp\/v2\/product_cat?post=5877"},{"taxonomy":"product_tag","embeddable":true,"href":"https:\/\/pldistribucion.com.ar\/web\/wp-json\/wp\/v2\/product_tag?post=5877"}],"curies":[{"name":"wp","href":"https:\/\/api.w.org\/{rel}","templated":true}]}}