{"id":5465,"date":"2022-10-26T16:04:00","date_gmt":"2022-10-26T16:04:00","guid":{"rendered":"https:\/\/pldistribucion.com.ar\/web\/?post_type=product&#038;p=5465"},"modified":"2023-05-29T11:25:45","modified_gmt":"2023-05-29T11:25:45","slug":"goodyear-neumatico-kmax-d-295-80-r22-5","status":"publish","type":"product","link":"https:\/\/pldistribucion.com.ar\/web\/producto\/goodyear-neumatico-kmax-d-295-80-r22-5\/","title":{"rendered":"GOODYEAR NEUMATICO KMAX D 295\/80 R22.5"},"content":{"rendered":"<h1><strong><span style=\"font-size: 80%;\">GOODYEAR NEUMATICO KMAX D 295\/80 R22.5<\/span><\/strong><\/h1>\n<p><span style=\"color: #000000;\">GOODYEAR NEUMATICO KMAX D 295\/80 R22.5<\/span><\/p>\n<ul>\n<li><strong><span style=\"background-color: #bce2e6;\">Categor\u00eda: Camiones<\/span><\/strong><\/li>\n<li><strong><span style=\"background-color: #bce2e6;\">Producto ID:\u00a0 \u00a0 \u00a01617<span class=\"product_id\">.<\/span><\/span><\/strong><\/li>\n<\/ul>\n<table class=\"table table-striped\">\n<tbody>\n<tr>\n<th scope=\"row\">Marca<\/th>\n<td>GOODYEAR<\/td>\n<\/tr>\n<tr>\n<th scope=\"row\">Familia \/ Modelo<\/th>\n<td>KMAX D<\/td>\n<\/tr>\n<tr>\n<th scope=\"row\">Medidas<\/th>\n<td>295\/80 R22.5<\/td>\n<\/tr>\n<tr>\n<th scope=\"row\">\u00cdndice de carga\/Vel<\/th>\n<td>152\/148L<\/td>\n<\/tr>\n<tr>\n<th scope=\"row\">Aplicaci\u00f3n<\/th>\n<td>Lineal<\/td>\n<\/tr>\n<tr>\n<th scope=\"row\">Ancho<\/th>\n<td>295<\/td>\n<\/tr>\n<tr>\n<th scope=\"row\">Perfil<\/th>\n<td>80<\/td>\n<\/tr>\n<tr>\n<th scope=\"row\">Aro<\/th>\n<td>22.5<\/td>\n<\/tr>\n<\/tbody>\n<\/table>\n<p><strong>Beneficios:<\/strong><\/p>\n<p><span style=\"color: #000000;\">\u00a1Este neum\u00e1tico para cami\u00f3n Goodyear es el adecuado para sus exigencias! Est\u00e1 especialmente desarrollado para el Eje de propulsi\u00f3n y para el transporte Regional. Las especificaciones de este Goodyear son impresionantes. Su valor de etiquetado es de C en la categor\u00eda de eficiencia de agarre en suelo mojado. En ese segmento, el neum\u00e1tico es bueno. Adem\u00e1s, el neum\u00e1tico, con un ruido de rodadura de 72db, es muy silencioso.<\/span><\/p>\n<p><span style=\"color: #000000;\">El neum\u00e1tico para cami\u00f3n tiene una profundidad de dibujo de 20,4 mm, pesa 61,3 kilogramos y circula mejor con una presi\u00f3n de aire de 9 bar.<\/span><\/p>\n<div class=\"woocommerce-product-details__short-description\">\n<p><strong>Caracter\u00edsticas del neum\u00e1tico:<\/strong><\/p>\n<p><span style=\"color: #000000;\">El neum\u00e1tico Goodyear KMax D Traction fue desarrollado para uso en v\u00edas pavimentadas y sinuosas con aclives y pendientes acentuadas, donde los veh\u00edculos transitan con velocidad variable, en el transporte de cargas y pasajeros.\u00a0Es la condici\u00f3n m\u00e1s representativa en Brasil.\u00a0KMax D Traction proporciona hasta un 5% m\u00e1s KM en el servicio regional, en comparaci\u00f3n con su predecesor.\u00a0Posee tecnolog\u00eda IntelliMax Rib (banda de rodaje con m\u00e1s rayas interconectadas para el m\u00e1ximo kilometraje) y tecnolog\u00eda Duralife (7 a\u00f1os de garant\u00eda con el m\u00e1ximo rendimiento).\u00a0Su capa doble de compuestos proporciona el m\u00e1ximo kilometraje con menor resistencia al rodamiento.\u00a0Indicado exclusivamente para ejes de tracci\u00f3n.<\/span><\/p>\n<hr \/>\n<\/div>\n<div>\n<div><span style=\"color: #000080;\"><a style=\"color: #000080;\" href=\"https:\/\/pldistribucion.com.ar\/web\/categoria-producto\/neumati-cos\/\" target=\"_blank\" rel=\"noopener\"><b>Ver m\u00e1s Neum\u00e1ticos<\/b><\/a><\/span><\/div>\n<div><\/div>\n<div class=\"product_meta\">The Goodyear Tire and Rubber Company es una compa\u00f1\u00eda multinacional fundada en 1898 por Frank Seiberling. Su sede principal est\u00e1 situada en Akron, Estados Unidos. Fabrica neum\u00e1ticos para autom\u00f3viles, camiones, autom\u00f3viles de carreras, aviones, maquinaria agr\u00edcola y maquinaria pesada.<\/div>\n<div><\/div>\n<div><span style=\"color: #000080;\"><strong><a style=\"color: #000080;\" href=\"https:\/\/es.wikipedia.org\/wiki\/Goodyear\" target=\"_blank\" rel=\"noopener\">Conoce m\u00e1s sobre Goodyear<\/a><\/strong><\/span><\/div>\n<\/div>\n<p>&nbsp;<\/p>\n","protected":false},"excerpt":{"rendered":"<p><img loading=\"lazy\" decoding=\"async\" class=\"alignnone wp-image-5453 size-medium\" src=\"https:\/\/pldistribucion.com.ar\/web\/wp-content\/uploads\/historia-logo-goodyear-e1666786221637-300x73.jpg\" alt=\"\" width=\"300\" height=\"73\" srcset=\"https:\/\/pldistribucion.com.ar\/web\/wp-content\/uploads\/historia-logo-goodyear-e1666786221637-300x73.jpg 300w, https:\/\/pldistribucion.com.ar\/web\/wp-content\/uploads\/historia-logo-goodyear-e1666786221637-768x186.jpg 768w, https:\/\/pldistribucion.com.ar\/web\/wp-content\/uploads\/historia-logo-goodyear-e1666786221637-600x145.jpg 600w, https:\/\/pldistribucion.com.ar\/web\/wp-content\/uploads\/historia-logo-goodyear-e1666786221637.jpg 862w\" sizes=\"(max-width: 300px) 100vw, 300px\" \/><\/p>\n<h2 style=\"text-align: left;\"><span style=\"font-size: 75%;\"><strong><a rel=\"noopener noreferrer\" href=\"https:\/\/performancelube.mercadoshops.com.ar\/MLA-1214666618-neumatico-kmax-d-goodyear-29580-r225-aplicacion-lineal-_JM#position=1&#038;search_layout=stack&#038;type=item&#038;tracking_id=bbc8064c-7b0a-4bdf-bbd3-38c8c93e73bd\" target=\"_blank\" class=\"button primary\"  >\n    <span>VER EN TIENDA ?<\/span>\n  <\/a>\n<span style=\"color: #69314d;\">\u00a0<\/span><\/strong><strong>\u00a0<\/strong><\/span><\/h2>\n<p>Goodyear genera Neum\u00e1ticos con mayor rendimiento en kilometros para ejes direccionales y libres de uso en autopistas, rutas pavimentadas donde los veh\u00edculos viajan con velocidad variable, en transportes de carga y pasajeros.<\/p>\n","protected":false},"featured_media":5462,"comment_status":"open","ping_status":"closed","template":"","meta":[],"product_cat":[198],"product_tag":[],"yoast_head":"<!-- This site is optimized with the Yoast SEO plugin v23.0 - https:\/\/yoast.com\/wordpress\/plugins\/seo\/ -->\n<title>GOODYEAR NEUMATICO KMAX D 295\/80 R22.5 - Perfomance Lube - neumaticos<\/title>\n<meta name=\"description\" content=\"Distribuidor de Neum\u00e1ticos de diferentes marcas. Env\u00edos a todo el pa\u00eds. Variedad de productos y stock disponible.\" \/>\n<meta name=\"robots\" content=\"index, follow, max-snippet:-1, max-image-preview:large, max-video-preview:-1\" \/>\n<link rel=\"canonical\" href=\"https:\/\/pldistribucion.com.ar\/web\/producto\/goodyear-neumatico-kmax-d-295-80-r22-5\/\" \/>\n<meta property=\"og:locale\" content=\"es_ES\" \/>\n<meta property=\"og:type\" content=\"article\" \/>\n<meta property=\"og:title\" content=\"GOODYEAR NEUMATICO KMAX D 295\/80 R22.5 - Perfomance Lube - neumaticos\" \/>\n<meta property=\"og:description\" content=\"Distribuidor de Neum\u00e1ticos de diferentes marcas. Env\u00edos a todo el pa\u00eds. Variedad de productos y stock disponible.\" \/>\n<meta property=\"og:url\" content=\"https:\/\/pldistribucion.com.ar\/web\/producto\/goodyear-neumatico-kmax-d-295-80-r22-5\/\" \/>\n<meta property=\"og:site_name\" content=\"Perfomance Lube\" \/>\n<meta property=\"article:modified_time\" content=\"2023-05-29T11:25:45+00:00\" \/>\n<meta property=\"og:image\" content=\"https:\/\/pldistribucion.com.ar\/web\/wp-content\/uploads\/275-80r22-5-kmax-d-768x768-1.jpg\" \/>\n\t<meta property=\"og:image:width\" content=\"768\" \/>\n\t<meta property=\"og:image:height\" content=\"768\" \/>\n\t<meta property=\"og:image:type\" content=\"image\/jpeg\" \/>\n<meta name=\"twitter:card\" content=\"summary_large_image\" \/>\n<meta name=\"twitter:label1\" content=\"Tiempo de lectura\" \/>\n\t<meta name=\"twitter:data1\" content=\"2 minutos\" \/>\n<script type=\"application\/ld+json\" class=\"yoast-schema-graph\">{\"@context\":\"https:\/\/schema.org\",\"@graph\":[{\"@type\":\"WebPage\",\"@id\":\"https:\/\/pldistribucion.com.ar\/web\/producto\/goodyear-neumatico-kmax-d-295-80-r22-5\/\",\"url\":\"https:\/\/pldistribucion.com.ar\/web\/producto\/goodyear-neumatico-kmax-d-295-80-r22-5\/\",\"name\":\"GOODYEAR NEUMATICO KMAX D 295\/80 R22.5 - Perfomance Lube - neumaticos\",\"isPartOf\":{\"@id\":\"https:\/\/pldistribucion.com.ar\/web\/#website\"},\"primaryImageOfPage\":{\"@id\":\"https:\/\/pldistribucion.com.ar\/web\/producto\/goodyear-neumatico-kmax-d-295-80-r22-5\/#primaryimage\"},\"image\":{\"@id\":\"https:\/\/pldistribucion.com.ar\/web\/producto\/goodyear-neumatico-kmax-d-295-80-r22-5\/#primaryimage\"},\"thumbnailUrl\":\"https:\/\/pldistribucion.com.ar\/web\/wp-content\/uploads\/275-80r22-5-kmax-d-768x768-1.jpg\",\"datePublished\":\"2022-10-26T16:04:00+00:00\",\"dateModified\":\"2023-05-29T11:25:45+00:00\",\"description\":\"Distribuidor de Neum\u00e1ticos de diferentes marcas. Env\u00edos a todo el pa\u00eds. Variedad de productos y stock disponible.\",\"breadcrumb\":{\"@id\":\"https:\/\/pldistribucion.com.ar\/web\/producto\/goodyear-neumatico-kmax-d-295-80-r22-5\/#breadcrumb\"},\"inLanguage\":\"es\",\"potentialAction\":[{\"@type\":\"ReadAction\",\"target\":[\"https:\/\/pldistribucion.com.ar\/web\/producto\/goodyear-neumatico-kmax-d-295-80-r22-5\/\"]}]},{\"@type\":\"ImageObject\",\"inLanguage\":\"es\",\"@id\":\"https:\/\/pldistribucion.com.ar\/web\/producto\/goodyear-neumatico-kmax-d-295-80-r22-5\/#primaryimage\",\"url\":\"https:\/\/pldistribucion.com.ar\/web\/wp-content\/uploads\/275-80r22-5-kmax-d-768x768-1.jpg\",\"contentUrl\":\"https:\/\/pldistribucion.com.ar\/web\/wp-content\/uploads\/275-80r22-5-kmax-d-768x768-1.jpg\",\"width\":768,\"height\":768,\"caption\":\"GOODYEAR NEUMATICO KMAX D 275\/80 R22.5\"},{\"@type\":\"BreadcrumbList\",\"@id\":\"https:\/\/pldistribucion.com.ar\/web\/producto\/goodyear-neumatico-kmax-d-295-80-r22-5\/#breadcrumb\",\"itemListElement\":[{\"@type\":\"ListItem\",\"position\":1,\"name\":\"Portada\",\"item\":\"https:\/\/pldistribucion.com.ar\/web\/\"},{\"@type\":\"ListItem\",\"position\":2,\"name\":\"Productos\",\"item\":\"https:\/\/pldistribucion.com.ar\/web\/productos\/\"},{\"@type\":\"ListItem\",\"position\":3,\"name\":\"GOODYEAR NEUMATICO KMAX D 295\/80 R22.5\"}]},{\"@type\":\"WebSite\",\"@id\":\"https:\/\/pldistribucion.com.ar\/web\/#website\",\"url\":\"https:\/\/pldistribucion.com.ar\/web\/\",\"name\":\"Perfomance Lube\",\"description\":\"\",\"publisher\":{\"@id\":\"https:\/\/pldistribucion.com.ar\/web\/#organization\"},\"potentialAction\":[{\"@type\":\"SearchAction\",\"target\":{\"@type\":\"EntryPoint\",\"urlTemplate\":\"https:\/\/pldistribucion.com.ar\/web\/?s={search_term_string}\"},\"query-input\":\"required name=search_term_string\"}],\"inLanguage\":\"es\"},{\"@type\":\"Organization\",\"@id\":\"https:\/\/pldistribucion.com.ar\/web\/#organization\",\"name\":\"PERFORMANCE LUBE\",\"url\":\"https:\/\/pldistribucion.com.ar\/web\/\",\"logo\":{\"@type\":\"ImageObject\",\"inLanguage\":\"es\",\"@id\":\"https:\/\/pldistribucion.com.ar\/web\/#\/schema\/logo\/image\/\",\"url\":\"https:\/\/pldistribucion.com.ar\/web\/wp-content\/uploads\/pld_logo_GB-removebg-preview.png\",\"contentUrl\":\"https:\/\/pldistribucion.com.ar\/web\/wp-content\/uploads\/pld_logo_GB-removebg-preview.png\",\"width\":787,\"height\":317,\"caption\":\"PERFORMANCE LUBE\"},\"image\":{\"@id\":\"https:\/\/pldistribucion.com.ar\/web\/#\/schema\/logo\/image\/\"}}]}<\/script>\n<!-- \/ Yoast SEO plugin. -->","yoast_head_json":{"title":"GOODYEAR NEUMATICO KMAX D 295\/80 R22.5 - Perfomance Lube - neumaticos","description":"Distribuidor de Neum\u00e1ticos de diferentes marcas. Env\u00edos a todo el pa\u00eds. Variedad de productos y stock disponible.","robots":{"index":"index","follow":"follow","max-snippet":"max-snippet:-1","max-image-preview":"max-image-preview:large","max-video-preview":"max-video-preview:-1"},"canonical":"https:\/\/pldistribucion.com.ar\/web\/producto\/goodyear-neumatico-kmax-d-295-80-r22-5\/","og_locale":"es_ES","og_type":"article","og_title":"GOODYEAR NEUMATICO KMAX D 295\/80 R22.5 - Perfomance Lube - neumaticos","og_description":"Distribuidor de Neum\u00e1ticos de diferentes marcas. Env\u00edos a todo el pa\u00eds. Variedad de productos y stock disponible.","og_url":"https:\/\/pldistribucion.com.ar\/web\/producto\/goodyear-neumatico-kmax-d-295-80-r22-5\/","og_site_name":"Perfomance Lube","article_modified_time":"2023-05-29T11:25:45+00:00","og_image":[{"width":768,"height":768,"url":"https:\/\/pldistribucion.com.ar\/web\/wp-content\/uploads\/275-80r22-5-kmax-d-768x768-1.jpg","type":"image\/jpeg"}],"twitter_card":"summary_large_image","twitter_misc":{"Tiempo de lectura":"2 minutos"},"schema":{"@context":"https:\/\/schema.org","@graph":[{"@type":"WebPage","@id":"https:\/\/pldistribucion.com.ar\/web\/producto\/goodyear-neumatico-kmax-d-295-80-r22-5\/","url":"https:\/\/pldistribucion.com.ar\/web\/producto\/goodyear-neumatico-kmax-d-295-80-r22-5\/","name":"GOODYEAR NEUMATICO KMAX D 295\/80 R22.5 - Perfomance Lube - neumaticos","isPartOf":{"@id":"https:\/\/pldistribucion.com.ar\/web\/#website"},"primaryImageOfPage":{"@id":"https:\/\/pldistribucion.com.ar\/web\/producto\/goodyear-neumatico-kmax-d-295-80-r22-5\/#primaryimage"},"image":{"@id":"https:\/\/pldistribucion.com.ar\/web\/producto\/goodyear-neumatico-kmax-d-295-80-r22-5\/#primaryimage"},"thumbnailUrl":"https:\/\/pldistribucion.com.ar\/web\/wp-content\/uploads\/275-80r22-5-kmax-d-768x768-1.jpg","datePublished":"2022-10-26T16:04:00+00:00","dateModified":"2023-05-29T11:25:45+00:00","description":"Distribuidor de Neum\u00e1ticos de diferentes marcas. Env\u00edos a todo el pa\u00eds. Variedad de productos y stock disponible.","breadcrumb":{"@id":"https:\/\/pldistribucion.com.ar\/web\/producto\/goodyear-neumatico-kmax-d-295-80-r22-5\/#breadcrumb"},"inLanguage":"es","potentialAction":[{"@type":"ReadAction","target":["https:\/\/pldistribucion.com.ar\/web\/producto\/goodyear-neumatico-kmax-d-295-80-r22-5\/"]}]},{"@type":"ImageObject","inLanguage":"es","@id":"https:\/\/pldistribucion.com.ar\/web\/producto\/goodyear-neumatico-kmax-d-295-80-r22-5\/#primaryimage","url":"https:\/\/pldistribucion.com.ar\/web\/wp-content\/uploads\/275-80r22-5-kmax-d-768x768-1.jpg","contentUrl":"https:\/\/pldistribucion.com.ar\/web\/wp-content\/uploads\/275-80r22-5-kmax-d-768x768-1.jpg","width":768,"height":768,"caption":"GOODYEAR NEUMATICO KMAX D 275\/80 R22.5"},{"@type":"BreadcrumbList","@id":"https:\/\/pldistribucion.com.ar\/web\/producto\/goodyear-neumatico-kmax-d-295-80-r22-5\/#breadcrumb","itemListElement":[{"@type":"ListItem","position":1,"name":"Portada","item":"https:\/\/pldistribucion.com.ar\/web\/"},{"@type":"ListItem","position":2,"name":"Productos","item":"https:\/\/pldistribucion.com.ar\/web\/productos\/"},{"@type":"ListItem","position":3,"name":"GOODYEAR NEUMATICO KMAX D 295\/80 R22.5"}]},{"@type":"WebSite","@id":"https:\/\/pldistribucion.com.ar\/web\/#website","url":"https:\/\/pldistribucion.com.ar\/web\/","name":"Perfomance Lube","description":"","publisher":{"@id":"https:\/\/pldistribucion.com.ar\/web\/#organization"},"potentialAction":[{"@type":"SearchAction","target":{"@type":"EntryPoint","urlTemplate":"https:\/\/pldistribucion.com.ar\/web\/?s={search_term_string}"},"query-input":"required name=search_term_string"}],"inLanguage":"es"},{"@type":"Organization","@id":"https:\/\/pldistribucion.com.ar\/web\/#organization","name":"PERFORMANCE LUBE","url":"https:\/\/pldistribucion.com.ar\/web\/","logo":{"@type":"ImageObject","inLanguage":"es","@id":"https:\/\/pldistribucion.com.ar\/web\/#\/schema\/logo\/image\/","url":"https:\/\/pldistribucion.com.ar\/web\/wp-content\/uploads\/pld_logo_GB-removebg-preview.png","contentUrl":"https:\/\/pldistribucion.com.ar\/web\/wp-content\/uploads\/pld_logo_GB-removebg-preview.png","width":787,"height":317,"caption":"PERFORMANCE LUBE"},"image":{"@id":"https:\/\/pldistribucion.com.ar\/web\/#\/schema\/logo\/image\/"}}]}},"_links":{"self":[{"href":"https:\/\/pldistribucion.com.ar\/web\/wp-json\/wp\/v2\/product\/5465"}],"collection":[{"href":"https:\/\/pldistribucion.com.ar\/web\/wp-json\/wp\/v2\/product"}],"about":[{"href":"https:\/\/pldistribucion.com.ar\/web\/wp-json\/wp\/v2\/types\/product"}],"replies":[{"embeddable":true,"href":"https:\/\/pldistribucion.com.ar\/web\/wp-json\/wp\/v2\/comments?post=5465"}],"wp:featuredmedia":[{"embeddable":true,"href":"https:\/\/pldistribucion.com.ar\/web\/wp-json\/wp\/v2\/media\/5462"}],"wp:attachment":[{"href":"https:\/\/pldistribucion.com.ar\/web\/wp-json\/wp\/v2\/media?parent=5465"}],"wp:term":[{"taxonomy":"product_cat","embeddable":true,"href":"https:\/\/pldistribucion.com.ar\/web\/wp-json\/wp\/v2\/product_cat?post=5465"},{"taxonomy":"product_tag","embeddable":true,"href":"https:\/\/pldistribucion.com.ar\/web\/wp-json\/wp\/v2\/product_tag?post=5465"}],"curies":[{"name":"wp","href":"https:\/\/api.w.org\/{rel}","templated":true}]}}