{"id":2908,"date":"2022-01-27T16:06:48","date_gmt":"2022-01-27T16:06:48","guid":{"rendered":"https:\/\/pldistribucion.com.ar\/web\/?post_type=product&#038;p=2908"},"modified":"2022-03-29T13:22:23","modified_gmt":"2022-03-29T13:22:23","slug":"carbaflo-790-fuchs","status":"publish","type":"product","link":"https:\/\/pldistribucion.com.ar\/web\/producto\/carbaflo-790-fuchs\/","title":{"rendered":"FUCHS CARBAFLO 790"},"content":{"rendered":"<h1><strong style=\"font-size: 80%;\">FUCHS CARBAFLO 790 \/ Lubricante industrial.<\/strong><\/h1>\n<div class=\"product-description\">\n<h3><span style=\"font-size: 80%;\"><em><span style=\"background-color: #b4e0e0;\"><strong>DESCRIPCI\u00d3N DEL PRODUCTO<\/strong><\/span><\/em><\/span><\/h3>\n<p><span style=\"color: #000000;\">FUCHS CARBAFLO 790\u00a0es un fluido de (PFPE) de bajo peso molecular que contiene \u00fanicamente carbono, fl\u00faor y ox\u00edgeno en su estructura, por lo que comparte su naturaleza inerte y no t\u00f3xica.<\/span><\/p>\n<p><span style=\"color: #000000;\">Como lubricante CARBAFLO tienen un coeficiente de fricci\u00f3n extremadamente bajo, obtienen excelentes propiedades de protecci\u00f3n contra el desgaste y una excelente resistencia de la pel\u00edcula lubricante.}<\/span><\/p>\n<p><span style=\"color: #000000;\">Estos lubricantes son compatibles con elast\u00f3meros y pl\u00e1sticos convencionales, no emulsionan en agua ni se disuelven en combustibles o disolventes convencionales por lo tanto no son inflamables ni oxidantes. Es perfecto para el uso en las condiciones ambientales m\u00e1s dif\u00edciles ya temperaturas extremas.<\/span><\/p>\n<p><span style=\"color: #000000;\"><span style=\"color: black;\">Podemos hablar de un d<\/span>isolvente perforador y limpiador.<\/span><\/p>\n<h3><span style=\"font-size: 80%;\"><em><span style=\"background-color: #b4e0e0;\"><strong>CARACTER\u00cdSTICAS<\/strong><\/span><\/em><\/span><\/h3>\n<ul>\n<li><span style=\"color: #000000;\">Es Libre de CFC, cloro o bromo.<\/span><\/li>\n<li><span style=\"color: #000000;\">Tiene alta resistencia qu\u00edmica y t\u00e9rmica.<\/span><\/li>\n<li><span style=\"color: #000000;\">No es t\u00f3xico, inodoro e incoloro.<\/span><\/li>\n<li><span style=\"color: #000000;\">Es de baja solubilidad en agua.<\/span><\/li>\n<li><span style=\"color: #000000;\">Posee excelentes propiedades diel\u00e9ctricas.<\/span><\/li>\n<li><span style=\"color: #000000;\">No tiene punto de inflamaci\u00f3n.<\/span><\/li>\n<li><span style=\"color: #000000;\">Es de baja viscosidad.<\/span><\/li>\n<li><span style=\"color: #000000;\">No da\u00f1ar\u00e1 ni hinchar\u00e1 pl\u00e1sticos.<\/span><\/li>\n<li><span style=\"color: #000000;\">Reduce el consumo por p\u00e9rdidas generando una evaporaci\u00f3n en comparaci\u00f3n con los disolventes convencionales<\/span><\/li>\n<li><span style=\"color: #000000;\">Tiene eficiencia de transferencia de calor excepcional.<\/span><\/li>\n<\/ul>\n<h3><span style=\"font-size: 80%;\"><em><span style=\"background-color: #b4e0e0;\"><strong>CAMPOS DE APLICACI\u00d3N<\/strong><\/span><\/em><\/span><\/h3>\n<p><span style=\"color: #000000;\">CARBAFLO 790 se utiliza para limpiar equipos altamente sensibles como: equipos de ox\u00edgeno, instrumentos de navegaci\u00f3n, bombas de vac\u00edo, componentes lubricados con cualquier otro producto CARBAFLO, dispositivos electr\u00f3nicos, discos duros de computadora y unidades de disquete \/ CD, espejos, lentes y cabezales l\u00e1ser, equipos anal\u00edticos. dispositivos m\u00e9dicos.<\/span><\/p>\n<p><span style=\"color: #0000ff;\"><strong><a style=\"color: #0000ff;\" href=\"https:\/\/pldistribucion.com.ar\/web\/productos\/?filter_marcas=fuchs\" target=\"_blank\" rel=\"noopener\">Ver m\u00e1s productos FUCHS<\/a><\/strong><\/span><\/p>\n<p><span style=\"color: #000000;\">( Fuchs es un grupo global de origen alem\u00e1n que lleva m\u00e1s de 90 a\u00f1os desarrollando, produciendo y comercializando lubricantes y productos especializados relacionados para una amplia variedad de aplicaciones e industrias. Es el fabricante de lubricantes independiente m\u00e1s grande de Alemania. Mundo, con operaciones en los cinco continentes. Por otro lado, cuenta con productos innovadores de la m\u00e1s alta calidad de los principales fabricantes, con una l\u00ednea completa de productos y soluciones personalizadas, un producto para cada aplicaci\u00f3n).<\/span><\/p>\n<p><span style=\"color: #0000ff;\"><strong><a style=\"color: #0000ff;\" href=\"https:\/\/www.fuchs.com\/\" target=\"_blank\" rel=\"noopener\">Conoce m\u00e1s sobre FUCHS<\/a><\/strong><\/span><\/p>\n<\/div>\n","protected":false},"excerpt":{"rendered":"<p><img loading=\"lazy\" decoding=\"async\" class=\"alignnone size-full wp-image-2880\" src=\"https:\/\/pldistribucion.com.ar\/web\/wp-content\/uploads\/FUCHS-1.png\" alt=\"\" width=\"270\" height=\"180\" \/><\/p>\n<h1>Lubricantes industriales<\/h1>\n<div class=\"csc-textpic-text\">\n<p>Los lubricantes industriales FUCHS pueden contribuir significativamente a mejorar la productividad y la eficiencia, as\u00ed como a reducir el consumo de energ\u00eda, por ejemplo, en sistemas hidr\u00e1ulicos, unidades de engranajes y muchas otras aplicaciones.<\/p>\n<p>Ya sea para generar y transmitir energ\u00eda, reducir o transmitir fuerzas motrices, generar aire refrigerado o comprimido, o para aplicaciones de m\u00e1quinas herramienta y en muchas otras \u00e1reas de la producci\u00f3n, los lubricantes industriales deben realizar tareas clave.<\/p>\n<\/div>\n","protected":false},"featured_media":2896,"comment_status":"open","ping_status":"closed","template":"","meta":[],"product_cat":[16,34],"product_tag":[],"yoast_head":"<!-- This site is optimized with the Yoast SEO plugin v23.0 - https:\/\/yoast.com\/wordpress\/plugins\/seo\/ -->\n<title>FUCHS CARBAFLO 790 - Perfomance Lube - Lubricantes<\/title>\n<meta name=\"description\" content=\"Distribuidor de lubricantes FUCHS de diferentes aplicaciones. Env\u00edos a todo el pa\u00eds. Variedad de productos y stock disponible. CARBAFLO 790 FUCHS\" \/>\n<meta name=\"robots\" content=\"index, follow, max-snippet:-1, max-image-preview:large, max-video-preview:-1\" \/>\n<link rel=\"canonical\" href=\"http:\/\/CARBAFLO790FUCHS\" \/>\n<meta property=\"og:locale\" content=\"es_ES\" \/>\n<meta property=\"og:type\" content=\"article\" \/>\n<meta property=\"og:title\" content=\"FUCHS CARBAFLO 790 - Perfomance Lube - Lubricantes\" \/>\n<meta property=\"og:description\" content=\"Distribuidor de lubricantes FUCHS de diferentes aplicaciones. Env\u00edos a todo el pa\u00eds. Variedad de productos y stock disponible. CARBAFLO 790 FUCHS\" \/>\n<meta property=\"og:url\" content=\"http:\/\/CARBAFLO790FUCHS\" \/>\n<meta property=\"og:site_name\" content=\"Perfomance Lube\" \/>\n<meta property=\"article:modified_time\" content=\"2022-03-29T13:22:23+00:00\" \/>\n<meta property=\"og:image\" content=\"https:\/\/pldistribucion.com.ar\/web\/wp-content\/uploads\/tambor-2.jpg\" \/>\n\t<meta property=\"og:image:width\" content=\"820\" \/>\n\t<meta property=\"og:image:height\" content=\"820\" \/>\n\t<meta property=\"og:image:type\" content=\"image\/jpeg\" \/>\n<meta name=\"twitter:card\" content=\"summary_large_image\" \/>\n<meta name=\"twitter:label1\" content=\"Tiempo de lectura\" \/>\n\t<meta name=\"twitter:data1\" content=\"2 minutos\" \/>\n<script type=\"application\/ld+json\" class=\"yoast-schema-graph\">{\"@context\":\"https:\/\/schema.org\",\"@graph\":[{\"@type\":\"WebPage\",\"@id\":\"https:\/\/pldistribucion.com.ar\/web\/producto\/carbaflo-790-fuchs\/\",\"url\":\"http:\/\/CARBAFLO790FUCHS\",\"name\":\"FUCHS CARBAFLO 790 - Perfomance Lube - Lubricantes\",\"isPartOf\":{\"@id\":\"https:\/\/pldistribucion.com.ar\/web\/#website\"},\"primaryImageOfPage\":{\"@id\":\"http:\/\/CARBAFLO790FUCHS#primaryimage\"},\"image\":{\"@id\":\"http:\/\/CARBAFLO790FUCHS#primaryimage\"},\"thumbnailUrl\":\"https:\/\/pldistribucion.com.ar\/web\/wp-content\/uploads\/tambor-2.jpg\",\"datePublished\":\"2022-01-27T16:06:48+00:00\",\"dateModified\":\"2022-03-29T13:22:23+00:00\",\"description\":\"Distribuidor de lubricantes FUCHS de diferentes aplicaciones. Env\u00edos a todo el pa\u00eds. Variedad de productos y stock disponible. CARBAFLO 790 FUCHS\",\"breadcrumb\":{\"@id\":\"http:\/\/CARBAFLO790FUCHS#breadcrumb\"},\"inLanguage\":\"es\",\"potentialAction\":[{\"@type\":\"ReadAction\",\"target\":[\"http:\/\/CARBAFLO790FUCHS\"]}]},{\"@type\":\"ImageObject\",\"inLanguage\":\"es\",\"@id\":\"http:\/\/CARBAFLO790FUCHS#primaryimage\",\"url\":\"https:\/\/pldistribucion.com.ar\/web\/wp-content\/uploads\/tambor-2.jpg\",\"contentUrl\":\"https:\/\/pldistribucion.com.ar\/web\/wp-content\/uploads\/tambor-2.jpg\",\"width\":820,\"height\":820,\"caption\":\"CARBAFLO 790 FUCHS\"},{\"@type\":\"BreadcrumbList\",\"@id\":\"http:\/\/CARBAFLO790FUCHS#breadcrumb\",\"itemListElement\":[{\"@type\":\"ListItem\",\"position\":1,\"name\":\"Portada\",\"item\":\"https:\/\/pldistribucion.com.ar\/web\/\"},{\"@type\":\"ListItem\",\"position\":2,\"name\":\"Productos\",\"item\":\"https:\/\/pldistribucion.com.ar\/web\/productos\/\"},{\"@type\":\"ListItem\",\"position\":3,\"name\":\"FUCHS CARBAFLO 790\"}]},{\"@type\":\"WebSite\",\"@id\":\"https:\/\/pldistribucion.com.ar\/web\/#website\",\"url\":\"https:\/\/pldistribucion.com.ar\/web\/\",\"name\":\"Perfomance Lube\",\"description\":\"\",\"publisher\":{\"@id\":\"https:\/\/pldistribucion.com.ar\/web\/#organization\"},\"potentialAction\":[{\"@type\":\"SearchAction\",\"target\":{\"@type\":\"EntryPoint\",\"urlTemplate\":\"https:\/\/pldistribucion.com.ar\/web\/?s={search_term_string}\"},\"query-input\":\"required name=search_term_string\"}],\"inLanguage\":\"es\"},{\"@type\":\"Organization\",\"@id\":\"https:\/\/pldistribucion.com.ar\/web\/#organization\",\"name\":\"PERFORMANCE LUBE\",\"url\":\"https:\/\/pldistribucion.com.ar\/web\/\",\"logo\":{\"@type\":\"ImageObject\",\"inLanguage\":\"es\",\"@id\":\"https:\/\/pldistribucion.com.ar\/web\/#\/schema\/logo\/image\/\",\"url\":\"https:\/\/pldistribucion.com.ar\/web\/wp-content\/uploads\/pld_logo_GB-removebg-preview.png\",\"contentUrl\":\"https:\/\/pldistribucion.com.ar\/web\/wp-content\/uploads\/pld_logo_GB-removebg-preview.png\",\"width\":787,\"height\":317,\"caption\":\"PERFORMANCE LUBE\"},\"image\":{\"@id\":\"https:\/\/pldistribucion.com.ar\/web\/#\/schema\/logo\/image\/\"}}]}<\/script>\n<!-- \/ Yoast SEO plugin. -->","yoast_head_json":{"title":"FUCHS CARBAFLO 790 - Perfomance Lube - Lubricantes","description":"Distribuidor de lubricantes FUCHS de diferentes aplicaciones. Env\u00edos a todo el pa\u00eds. Variedad de productos y stock disponible. CARBAFLO 790 FUCHS","robots":{"index":"index","follow":"follow","max-snippet":"max-snippet:-1","max-image-preview":"max-image-preview:large","max-video-preview":"max-video-preview:-1"},"canonical":"http:\/\/CARBAFLO790FUCHS","og_locale":"es_ES","og_type":"article","og_title":"FUCHS CARBAFLO 790 - Perfomance Lube - Lubricantes","og_description":"Distribuidor de lubricantes FUCHS de diferentes aplicaciones. Env\u00edos a todo el pa\u00eds. Variedad de productos y stock disponible. CARBAFLO 790 FUCHS","og_url":"http:\/\/CARBAFLO790FUCHS","og_site_name":"Perfomance Lube","article_modified_time":"2022-03-29T13:22:23+00:00","og_image":[{"width":820,"height":820,"url":"https:\/\/pldistribucion.com.ar\/web\/wp-content\/uploads\/tambor-2.jpg","type":"image\/jpeg"}],"twitter_card":"summary_large_image","twitter_misc":{"Tiempo de lectura":"2 minutos"},"schema":{"@context":"https:\/\/schema.org","@graph":[{"@type":"WebPage","@id":"https:\/\/pldistribucion.com.ar\/web\/producto\/carbaflo-790-fuchs\/","url":"http:\/\/CARBAFLO790FUCHS","name":"FUCHS CARBAFLO 790 - Perfomance Lube - Lubricantes","isPartOf":{"@id":"https:\/\/pldistribucion.com.ar\/web\/#website"},"primaryImageOfPage":{"@id":"http:\/\/CARBAFLO790FUCHS#primaryimage"},"image":{"@id":"http:\/\/CARBAFLO790FUCHS#primaryimage"},"thumbnailUrl":"https:\/\/pldistribucion.com.ar\/web\/wp-content\/uploads\/tambor-2.jpg","datePublished":"2022-01-27T16:06:48+00:00","dateModified":"2022-03-29T13:22:23+00:00","description":"Distribuidor de lubricantes FUCHS de diferentes aplicaciones. Env\u00edos a todo el pa\u00eds. Variedad de productos y stock disponible. CARBAFLO 790 FUCHS","breadcrumb":{"@id":"http:\/\/CARBAFLO790FUCHS#breadcrumb"},"inLanguage":"es","potentialAction":[{"@type":"ReadAction","target":["http:\/\/CARBAFLO790FUCHS"]}]},{"@type":"ImageObject","inLanguage":"es","@id":"http:\/\/CARBAFLO790FUCHS#primaryimage","url":"https:\/\/pldistribucion.com.ar\/web\/wp-content\/uploads\/tambor-2.jpg","contentUrl":"https:\/\/pldistribucion.com.ar\/web\/wp-content\/uploads\/tambor-2.jpg","width":820,"height":820,"caption":"CARBAFLO 790 FUCHS"},{"@type":"BreadcrumbList","@id":"http:\/\/CARBAFLO790FUCHS#breadcrumb","itemListElement":[{"@type":"ListItem","position":1,"name":"Portada","item":"https:\/\/pldistribucion.com.ar\/web\/"},{"@type":"ListItem","position":2,"name":"Productos","item":"https:\/\/pldistribucion.com.ar\/web\/productos\/"},{"@type":"ListItem","position":3,"name":"FUCHS CARBAFLO 790"}]},{"@type":"WebSite","@id":"https:\/\/pldistribucion.com.ar\/web\/#website","url":"https:\/\/pldistribucion.com.ar\/web\/","name":"Perfomance Lube","description":"","publisher":{"@id":"https:\/\/pldistribucion.com.ar\/web\/#organization"},"potentialAction":[{"@type":"SearchAction","target":{"@type":"EntryPoint","urlTemplate":"https:\/\/pldistribucion.com.ar\/web\/?s={search_term_string}"},"query-input":"required name=search_term_string"}],"inLanguage":"es"},{"@type":"Organization","@id":"https:\/\/pldistribucion.com.ar\/web\/#organization","name":"PERFORMANCE LUBE","url":"https:\/\/pldistribucion.com.ar\/web\/","logo":{"@type":"ImageObject","inLanguage":"es","@id":"https:\/\/pldistribucion.com.ar\/web\/#\/schema\/logo\/image\/","url":"https:\/\/pldistribucion.com.ar\/web\/wp-content\/uploads\/pld_logo_GB-removebg-preview.png","contentUrl":"https:\/\/pldistribucion.com.ar\/web\/wp-content\/uploads\/pld_logo_GB-removebg-preview.png","width":787,"height":317,"caption":"PERFORMANCE LUBE"},"image":{"@id":"https:\/\/pldistribucion.com.ar\/web\/#\/schema\/logo\/image\/"}}]}},"_links":{"self":[{"href":"https:\/\/pldistribucion.com.ar\/web\/wp-json\/wp\/v2\/product\/2908"}],"collection":[{"href":"https:\/\/pldistribucion.com.ar\/web\/wp-json\/wp\/v2\/product"}],"about":[{"href":"https:\/\/pldistribucion.com.ar\/web\/wp-json\/wp\/v2\/types\/product"}],"replies":[{"embeddable":true,"href":"https:\/\/pldistribucion.com.ar\/web\/wp-json\/wp\/v2\/comments?post=2908"}],"wp:featuredmedia":[{"embeddable":true,"href":"https:\/\/pldistribucion.com.ar\/web\/wp-json\/wp\/v2\/media\/2896"}],"wp:attachment":[{"href":"https:\/\/pldistribucion.com.ar\/web\/wp-json\/wp\/v2\/media?parent=2908"}],"wp:term":[{"taxonomy":"product_cat","embeddable":true,"href":"https:\/\/pldistribucion.com.ar\/web\/wp-json\/wp\/v2\/product_cat?post=2908"},{"taxonomy":"product_tag","embeddable":true,"href":"https:\/\/pldistribucion.com.ar\/web\/wp-json\/wp\/v2\/product_tag?post=2908"}],"curies":[{"name":"wp","href":"https:\/\/api.w.org\/{rel}","templated":true}]}}