{"id":2641,"date":"2022-01-14T11:15:44","date_gmt":"2022-01-14T11:15:44","guid":{"rendered":"https:\/\/pldistribucion.com.ar\/web\/?post_type=product&#038;p=2641"},"modified":"2022-05-05T12:45:52","modified_gmt":"2022-05-05T12:45:52","slug":"gulf-limpia-casco-y-visera","status":"publish","type":"product","link":"https:\/\/pldistribucion.com.ar\/web\/producto\/gulf-limpia-casco-y-visera\/","title":{"rendered":"GULF LIMPIA CASCO Y VISERA"},"content":{"rendered":"<h1><span style=\"font-size: 80%;\"><em><strong>GULF LIMPIA CASCO Y VISERA<\/strong><\/em><\/span><\/h1>\n<h3><span style=\"background-color: #f2d45a; font-size: 80%;\"><strong>DESCRIPCI\u00d3N DEL PRODUCTO<\/strong><\/span><\/h3>\n<p><span style=\"color: #000000;\">GULF LIMPIA CASCO Y VISERA son pa\u00f1os de Microfibra que permiten una mejor visi\u00f3n y est\u00e1n hechos para ser utilizados sobre cristales y pl\u00e1sticos.<\/span><\/p>\n<div class=\"fl-module fl-module-rich-text fl-node-5e867b5c55439\" data-node=\"5e867b5c55439\">\n<div class=\"fl-module-content fl-node-content\">\n<div class=\"fl-rich-text\">\n<p><span style=\"color: #000000;\">El casco es una pieza fundamental a la hora de conducir motocicletas, pero muchas veces se le da poca importancia a su cuidado y limpieza, pasando por alto toda la contaminaci\u00f3n que est\u00e9 recibe a diario, sea producido por nuestro sudor, la suciedad de la calle o lugares donde se pone, por ello, Gulf te quiere dar 6 tips para tener el casco con buen aspecto, higi\u00e9nico y sin olores..<\/span><\/p>\n<p><span style=\"color: #000000;\">Importante: antes de limpiarlo lee las instrucciones de mantenimiento del fabricante.<\/span><\/p>\n<h4><strong>Limpieza general:<\/strong><\/h4>\n<\/div>\n<\/div>\n<\/div>\n<div class=\"fl-module fl-module-icon fl-node-5e867b5c5543b\" data-node=\"5e867b5c5543b\">\n<div class=\"fl-module-content fl-node-content\">\n<div class=\"fl-icon-wrap\">\n<div id=\"fl-icon-text-5e867b5c5543b\" class=\"fl-icon-text fl-icon-text-wrap\">\n<p><span style=\"color: #000000;\">No usar productos para vidrios en el casco. El visor del casco est\u00e1 hecho de un material muy diferente al vidrio y los qu\u00edmicos podr\u00edan da\u00f1arlo u opacarlo.<\/span><\/p>\n<\/div>\n<\/div>\n<\/div>\n<\/div>\n<div class=\"fl-module fl-module-icon fl-node-5e867b5c5543d\" data-node=\"5e867b5c5543d\">\n<div class=\"fl-module-content fl-node-content\">\n<div class=\"fl-icon-wrap\">\n<div id=\"fl-icon-text-5e867b5c5543d\" class=\"fl-icon-text fl-icon-text-wrap\">\n<p><span style=\"color: #000000;\">Para limpiar la calota se recomienda utilizar un pa\u00f1o con microfibra, jab\u00f3n l\u00edquido de manos y agua tibia.<\/span><\/p>\n<\/div>\n<\/div>\n<\/div>\n<\/div>\n<div class=\"fl-module fl-module-icon fl-node-5e867b5c5543e\" data-node=\"5e867b5c5543e\">\n<div class=\"fl-module-content fl-node-content\">\n<div class=\"fl-icon-wrap\">\n<p><span style=\"color: #000000; font-size: 14.4px;\">Se recomienda utilizar un cepillo de dientes para limpiar los detalles y bordes del casco.<\/span><\/p>\n<\/div>\n<\/div>\n<\/div>\n<div class=\"fl-module fl-module-rich-text fl-node-5e867b5c55440\" data-node=\"5e867b5c55440\">\n<div class=\"fl-module-content fl-node-content\">\n<div class=\"fl-rich-text\">\n<h4><strong>Limpieza profunda:<\/strong><\/h4>\n<\/div>\n<\/div>\n<\/div>\n<div class=\"fl-module fl-module-icon fl-node-5e867c7468491\" data-node=\"5e867c7468491\">\n<div class=\"fl-module-content fl-node-content\">\n<div class=\"fl-icon-wrap\">\n<p><span style=\"color: #000000; font-size: 14.4px;\">Los cascos son f\u00e1ciles de desarmar, sigue las instrucciones del fabricante para no romper pines plasticos. la limpieza profunda se puede hacer cada seis meses.<\/span><\/p>\n<\/div>\n<\/div>\n<\/div>\n<div class=\"fl-module fl-module-icon fl-node-5e867c861faf7\" data-node=\"5e867c861faf7\">\n<div class=\"fl-module-content fl-node-content\">\n<div class=\"fl-icon-wrap\">\n<p><span style=\"color: #000000; font-size: 14.4px;\">Al sacar las espumas sumergelos en agua con jab\u00f3n l\u00edquido, d\u00e9jalo en remojo un par de minutos, luego haz presi\u00f3n para sacar el jab\u00f3n, lavar con abundante agua.<\/span><\/p>\n<\/div>\n<\/div>\n<\/div>\n<div class=\"fl-module fl-module-icon fl-node-5e867c8530f0b\" data-node=\"5e867c8530f0b\">\n<div class=\"fl-module-content fl-node-content\">\n<div class=\"fl-icon-wrap\">\n<div id=\"fl-icon-text-5e867c8530f0b\" class=\"fl-icon-text fl-icon-text-wrap\">\n<p><span style=\"color: #000000;\">No se recomienda secar el interior del casco con una secadora los pegamentos que tiene pierden sus propiedades adhesivas cuando se exponen al calor. Preferiblemente dejar secar a temperatura ambiente.<\/span><\/p>\n<\/div>\n<\/div>\n<\/div>\n<\/div>\n<p><span style=\"color: #000080;\"><strong><a style=\"color: #000080;\" href=\"https:\/\/pldistribucion.com.ar\/web\/categoria-producto\/lubricantes\/?filter_marcas=gulf\">Ver mas productos GULF<\/a><\/strong><\/span><\/p>\n<p><span style=\"color: #000000;\">(Gasolineras Gulf es reconocida mundialmente como una de las marcas m\u00e1s importantes que existen con relaci\u00f3n a la comercializaci\u00f3n de combustibles y lubricantes, sobre todo se destaca como una de las pioneras en la industria, ya que entre otras cosas esta es una empresa que al paso de los a\u00f1os se consagra como una de las m\u00e1s destacadas, esto por la innovaci\u00f3n y la m\u00e1s alta calidad utilizada en sus productos y servicios).<\/span><\/p>\n<div class=\"product-desc\">\n<div>\n<div><span style=\"color: #000080;\"><strong><a style=\"color: #000080;\" href=\"https:\/\/www.gulfoillatam.com\/about-us\/\" target=\"_blank\" rel=\"noopener\">Conoce m\u00e1s sobre GULF<\/a><\/strong><\/span><\/div>\n<\/div>\n<\/div>\n","protected":false},"excerpt":{"rendered":"<p><img loading=\"lazy\" decoding=\"async\" class=\"alignnone size-medium wp-image-2445\" src=\"https:\/\/pldistribucion.com.ar\/web\/wp-content\/uploads\/GULF-1-300x276.png\" alt=\"\" width=\"300\" height=\"276\" srcset=\"https:\/\/pldistribucion.com.ar\/web\/wp-content\/uploads\/GULF-1-300x276.png 300w, https:\/\/pldistribucion.com.ar\/web\/wp-content\/uploads\/GULF-1-600x552.png 600w, https:\/\/pldistribucion.com.ar\/web\/wp-content\/uploads\/GULF-1.png 640w\" sizes=\"(max-width: 300px) 100vw, 300px\" \/><\/p>\n<h3><em>PRODUCTOS GULF<\/em><\/h3>\n<p>Empresa internacional dedicada a la comercializaci\u00f3n de combustible y fabricaci\u00f3n y comercializaci\u00f3n de lubricantes de calidad. La historia comienza en 1901 con la perforaci\u00f3n en Sprindletop, Texas, del primer pozo por obra de Anthony Lucas. En 1907 se fund\u00f3 <b>Gulf<\/b>, una Sociedad petrol\u00edfera norteamericana. Desde entonces, han liderado el comercio minorista de combustible extendiendo la actividad a la construcci\u00f3n de nuevas refiner\u00edas, oleoductos y estaciones de combustible desarrollando la m\u00e1s alta tecnolog\u00eda en refino, formulaci\u00f3n y mezclado de lubricantes.<\/p>\n","protected":false},"featured_media":2642,"comment_status":"open","ping_status":"closed","template":"","meta":[],"product_cat":[16,91],"product_tag":[],"yoast_head":"<!-- This site is optimized with the Yoast SEO plugin v23.0 - https:\/\/yoast.com\/wordpress\/plugins\/seo\/ -->\n<title>GULF LIMPIA CASCO Y VISERA - Perfomance Lube - Lubricantes<\/title>\n<meta name=\"description\" content=\"Distribuidor de lubricantes GULF de diferentes aplicaciones. Env\u00edos a todo el pa\u00eds. Variedad de productos y stock disponible.GULF LIMPIA CASCO Y VISERA\" \/>\n<meta name=\"robots\" content=\"index, follow, max-snippet:-1, max-image-preview:large, max-video-preview:-1\" \/>\n<link rel=\"canonical\" href=\"https:\/\/pldistribucion.com.ar\/web\/producto\/gulf-limpia-casco-y-visera\/\" \/>\n<meta property=\"og:locale\" content=\"es_ES\" \/>\n<meta property=\"og:type\" content=\"article\" \/>\n<meta property=\"og:title\" content=\"GULF LIMPIA CASCO Y VISERA - Perfomance Lube - Lubricantes\" \/>\n<meta property=\"og:description\" content=\"Distribuidor de lubricantes GULF de diferentes aplicaciones. Env\u00edos a todo el pa\u00eds. Variedad de productos y stock disponible.GULF LIMPIA CASCO Y VISERA\" \/>\n<meta property=\"og:url\" content=\"https:\/\/pldistribucion.com.ar\/web\/producto\/gulf-limpia-casco-y-visera\/\" \/>\n<meta property=\"og:site_name\" content=\"Perfomance Lube\" \/>\n<meta property=\"article:modified_time\" content=\"2022-05-05T12:45:52+00:00\" \/>\n<meta property=\"og:image\" content=\"https:\/\/pldistribucion.com.ar\/web\/wp-content\/uploads\/ultima1.jpg\" \/>\n\t<meta property=\"og:image:width\" content=\"222\" \/>\n\t<meta property=\"og:image:height\" content=\"320\" \/>\n\t<meta property=\"og:image:type\" content=\"image\/jpeg\" \/>\n<meta name=\"twitter:card\" content=\"summary_large_image\" \/>\n<meta name=\"twitter:label1\" content=\"Tiempo de lectura\" \/>\n\t<meta name=\"twitter:data1\" content=\"2 minutos\" \/>\n<script type=\"application\/ld+json\" class=\"yoast-schema-graph\">{\"@context\":\"https:\/\/schema.org\",\"@graph\":[{\"@type\":\"WebPage\",\"@id\":\"https:\/\/pldistribucion.com.ar\/web\/producto\/gulf-limpia-casco-y-visera\/\",\"url\":\"https:\/\/pldistribucion.com.ar\/web\/producto\/gulf-limpia-casco-y-visera\/\",\"name\":\"GULF LIMPIA CASCO Y VISERA - Perfomance Lube - Lubricantes\",\"isPartOf\":{\"@id\":\"https:\/\/pldistribucion.com.ar\/web\/#website\"},\"primaryImageOfPage\":{\"@id\":\"https:\/\/pldistribucion.com.ar\/web\/producto\/gulf-limpia-casco-y-visera\/#primaryimage\"},\"image\":{\"@id\":\"https:\/\/pldistribucion.com.ar\/web\/producto\/gulf-limpia-casco-y-visera\/#primaryimage\"},\"thumbnailUrl\":\"https:\/\/pldistribucion.com.ar\/web\/wp-content\/uploads\/ultima1.jpg\",\"datePublished\":\"2022-01-14T11:15:44+00:00\",\"dateModified\":\"2022-05-05T12:45:52+00:00\",\"description\":\"Distribuidor de lubricantes GULF de diferentes aplicaciones. Env\u00edos a todo el pa\u00eds. Variedad de productos y stock disponible.GULF LIMPIA CASCO Y VISERA\",\"breadcrumb\":{\"@id\":\"https:\/\/pldistribucion.com.ar\/web\/producto\/gulf-limpia-casco-y-visera\/#breadcrumb\"},\"inLanguage\":\"es\",\"potentialAction\":[{\"@type\":\"ReadAction\",\"target\":[\"https:\/\/pldistribucion.com.ar\/web\/producto\/gulf-limpia-casco-y-visera\/\"]}]},{\"@type\":\"ImageObject\",\"inLanguage\":\"es\",\"@id\":\"https:\/\/pldistribucion.com.ar\/web\/producto\/gulf-limpia-casco-y-visera\/#primaryimage\",\"url\":\"https:\/\/pldistribucion.com.ar\/web\/wp-content\/uploads\/ultima1.jpg\",\"contentUrl\":\"https:\/\/pldistribucion.com.ar\/web\/wp-content\/uploads\/ultima1.jpg\",\"width\":222,\"height\":320,\"caption\":\"GULF LIMPIA CASCO Y VISERA\"},{\"@type\":\"BreadcrumbList\",\"@id\":\"https:\/\/pldistribucion.com.ar\/web\/producto\/gulf-limpia-casco-y-visera\/#breadcrumb\",\"itemListElement\":[{\"@type\":\"ListItem\",\"position\":1,\"name\":\"Portada\",\"item\":\"https:\/\/pldistribucion.com.ar\/web\/\"},{\"@type\":\"ListItem\",\"position\":2,\"name\":\"Productos\",\"item\":\"https:\/\/pldistribucion.com.ar\/web\/productos\/\"},{\"@type\":\"ListItem\",\"position\":3,\"name\":\"GULF LIMPIA CASCO Y VISERA\"}]},{\"@type\":\"WebSite\",\"@id\":\"https:\/\/pldistribucion.com.ar\/web\/#website\",\"url\":\"https:\/\/pldistribucion.com.ar\/web\/\",\"name\":\"Perfomance Lube\",\"description\":\"\",\"publisher\":{\"@id\":\"https:\/\/pldistribucion.com.ar\/web\/#organization\"},\"potentialAction\":[{\"@type\":\"SearchAction\",\"target\":{\"@type\":\"EntryPoint\",\"urlTemplate\":\"https:\/\/pldistribucion.com.ar\/web\/?s={search_term_string}\"},\"query-input\":\"required name=search_term_string\"}],\"inLanguage\":\"es\"},{\"@type\":\"Organization\",\"@id\":\"https:\/\/pldistribucion.com.ar\/web\/#organization\",\"name\":\"PERFORMANCE LUBE\",\"url\":\"https:\/\/pldistribucion.com.ar\/web\/\",\"logo\":{\"@type\":\"ImageObject\",\"inLanguage\":\"es\",\"@id\":\"https:\/\/pldistribucion.com.ar\/web\/#\/schema\/logo\/image\/\",\"url\":\"https:\/\/pldistribucion.com.ar\/web\/wp-content\/uploads\/pld_logo_GB-removebg-preview.png\",\"contentUrl\":\"https:\/\/pldistribucion.com.ar\/web\/wp-content\/uploads\/pld_logo_GB-removebg-preview.png\",\"width\":787,\"height\":317,\"caption\":\"PERFORMANCE LUBE\"},\"image\":{\"@id\":\"https:\/\/pldistribucion.com.ar\/web\/#\/schema\/logo\/image\/\"}}]}<\/script>\n<!-- \/ Yoast SEO plugin. -->","yoast_head_json":{"title":"GULF LIMPIA CASCO Y VISERA - Perfomance Lube - Lubricantes","description":"Distribuidor de lubricantes GULF de diferentes aplicaciones. Env\u00edos a todo el pa\u00eds. Variedad de productos y stock disponible.GULF LIMPIA CASCO Y VISERA","robots":{"index":"index","follow":"follow","max-snippet":"max-snippet:-1","max-image-preview":"max-image-preview:large","max-video-preview":"max-video-preview:-1"},"canonical":"https:\/\/pldistribucion.com.ar\/web\/producto\/gulf-limpia-casco-y-visera\/","og_locale":"es_ES","og_type":"article","og_title":"GULF LIMPIA CASCO Y VISERA - Perfomance Lube - Lubricantes","og_description":"Distribuidor de lubricantes GULF de diferentes aplicaciones. Env\u00edos a todo el pa\u00eds. Variedad de productos y stock disponible.GULF LIMPIA CASCO Y VISERA","og_url":"https:\/\/pldistribucion.com.ar\/web\/producto\/gulf-limpia-casco-y-visera\/","og_site_name":"Perfomance Lube","article_modified_time":"2022-05-05T12:45:52+00:00","og_image":[{"width":222,"height":320,"url":"https:\/\/pldistribucion.com.ar\/web\/wp-content\/uploads\/ultima1.jpg","type":"image\/jpeg"}],"twitter_card":"summary_large_image","twitter_misc":{"Tiempo de lectura":"2 minutos"},"schema":{"@context":"https:\/\/schema.org","@graph":[{"@type":"WebPage","@id":"https:\/\/pldistribucion.com.ar\/web\/producto\/gulf-limpia-casco-y-visera\/","url":"https:\/\/pldistribucion.com.ar\/web\/producto\/gulf-limpia-casco-y-visera\/","name":"GULF LIMPIA CASCO Y VISERA - Perfomance Lube - Lubricantes","isPartOf":{"@id":"https:\/\/pldistribucion.com.ar\/web\/#website"},"primaryImageOfPage":{"@id":"https:\/\/pldistribucion.com.ar\/web\/producto\/gulf-limpia-casco-y-visera\/#primaryimage"},"image":{"@id":"https:\/\/pldistribucion.com.ar\/web\/producto\/gulf-limpia-casco-y-visera\/#primaryimage"},"thumbnailUrl":"https:\/\/pldistribucion.com.ar\/web\/wp-content\/uploads\/ultima1.jpg","datePublished":"2022-01-14T11:15:44+00:00","dateModified":"2022-05-05T12:45:52+00:00","description":"Distribuidor de lubricantes GULF de diferentes aplicaciones. Env\u00edos a todo el pa\u00eds. Variedad de productos y stock disponible.GULF LIMPIA CASCO Y VISERA","breadcrumb":{"@id":"https:\/\/pldistribucion.com.ar\/web\/producto\/gulf-limpia-casco-y-visera\/#breadcrumb"},"inLanguage":"es","potentialAction":[{"@type":"ReadAction","target":["https:\/\/pldistribucion.com.ar\/web\/producto\/gulf-limpia-casco-y-visera\/"]}]},{"@type":"ImageObject","inLanguage":"es","@id":"https:\/\/pldistribucion.com.ar\/web\/producto\/gulf-limpia-casco-y-visera\/#primaryimage","url":"https:\/\/pldistribucion.com.ar\/web\/wp-content\/uploads\/ultima1.jpg","contentUrl":"https:\/\/pldistribucion.com.ar\/web\/wp-content\/uploads\/ultima1.jpg","width":222,"height":320,"caption":"GULF LIMPIA CASCO Y VISERA"},{"@type":"BreadcrumbList","@id":"https:\/\/pldistribucion.com.ar\/web\/producto\/gulf-limpia-casco-y-visera\/#breadcrumb","itemListElement":[{"@type":"ListItem","position":1,"name":"Portada","item":"https:\/\/pldistribucion.com.ar\/web\/"},{"@type":"ListItem","position":2,"name":"Productos","item":"https:\/\/pldistribucion.com.ar\/web\/productos\/"},{"@type":"ListItem","position":3,"name":"GULF LIMPIA CASCO Y VISERA"}]},{"@type":"WebSite","@id":"https:\/\/pldistribucion.com.ar\/web\/#website","url":"https:\/\/pldistribucion.com.ar\/web\/","name":"Perfomance Lube","description":"","publisher":{"@id":"https:\/\/pldistribucion.com.ar\/web\/#organization"},"potentialAction":[{"@type":"SearchAction","target":{"@type":"EntryPoint","urlTemplate":"https:\/\/pldistribucion.com.ar\/web\/?s={search_term_string}"},"query-input":"required name=search_term_string"}],"inLanguage":"es"},{"@type":"Organization","@id":"https:\/\/pldistribucion.com.ar\/web\/#organization","name":"PERFORMANCE LUBE","url":"https:\/\/pldistribucion.com.ar\/web\/","logo":{"@type":"ImageObject","inLanguage":"es","@id":"https:\/\/pldistribucion.com.ar\/web\/#\/schema\/logo\/image\/","url":"https:\/\/pldistribucion.com.ar\/web\/wp-content\/uploads\/pld_logo_GB-removebg-preview.png","contentUrl":"https:\/\/pldistribucion.com.ar\/web\/wp-content\/uploads\/pld_logo_GB-removebg-preview.png","width":787,"height":317,"caption":"PERFORMANCE LUBE"},"image":{"@id":"https:\/\/pldistribucion.com.ar\/web\/#\/schema\/logo\/image\/"}}]}},"_links":{"self":[{"href":"https:\/\/pldistribucion.com.ar\/web\/wp-json\/wp\/v2\/product\/2641"}],"collection":[{"href":"https:\/\/pldistribucion.com.ar\/web\/wp-json\/wp\/v2\/product"}],"about":[{"href":"https:\/\/pldistribucion.com.ar\/web\/wp-json\/wp\/v2\/types\/product"}],"replies":[{"embeddable":true,"href":"https:\/\/pldistribucion.com.ar\/web\/wp-json\/wp\/v2\/comments?post=2641"}],"wp:featuredmedia":[{"embeddable":true,"href":"https:\/\/pldistribucion.com.ar\/web\/wp-json\/wp\/v2\/media\/2642"}],"wp:attachment":[{"href":"https:\/\/pldistribucion.com.ar\/web\/wp-json\/wp\/v2\/media?parent=2641"}],"wp:term":[{"taxonomy":"product_cat","embeddable":true,"href":"https:\/\/pldistribucion.com.ar\/web\/wp-json\/wp\/v2\/product_cat?post=2641"},{"taxonomy":"product_tag","embeddable":true,"href":"https:\/\/pldistribucion.com.ar\/web\/wp-json\/wp\/v2\/product_tag?post=2641"}],"curies":[{"name":"wp","href":"https:\/\/api.w.org\/{rel}","templated":true}]}}