{"id":2554,"date":"2022-01-11T14:19:05","date_gmt":"2022-01-11T14:19:05","guid":{"rendered":"https:\/\/pldistribucion.com.ar\/web\/?post_type=product&#038;p=2554"},"modified":"2023-05-18T12:22:00","modified_gmt":"2023-05-18T12:22:00","slug":"gulf-drive-fluid-iso-vg-46","status":"publish","type":"product","link":"https:\/\/pldistribucion.com.ar\/web\/producto\/gulf-drive-fluid-iso-vg-46\/","title":{"rendered":"GULF DRIVE FLUID ISO VG 46"},"content":{"rendered":"<h1><span style=\"font-size: 80%;\"><em><strong>GULF DRIVE FLUID ISO VG 46<\/strong><\/em><\/span><\/h1>\n<h3><span style=\"background-color: #f2d45a; font-size: 80%;\"><strong>DESCRIPCI\u00d3N DEL PRODUCTO<\/strong><\/span><\/h3>\n<p><span style=\"color: #000000;\"><span class=\"f121\">GULF DRIVE FLUID ISO VG 46 <strong>\u27a2 <span style=\"color: #000080;\"><a style=\"color: #000080;\" href=\"https:\/\/pldistribucion.com.ar\/web\/wp-content\/uploads\/FICHA-1.pdf\" target=\"_blank\" rel=\"noopener\">Ver ficha t\u00e9cnica<\/a><\/span><\/strong><\/span><\/span><\/p>\n<p><span style=\"color: #000000;\"><span class=\"f121\">Es un lubricante especialmente desarrollado para cubrir las necesidades de sistemas de direcciones hidr<\/span><span class=\"f121\">a\u0301<\/span><span class=\"f121\">ulicas. Tambi<\/span><span class=\"f121\">e\u0301<\/span><span class=\"f121\">n puede ser utilizado en todo sistema hidr<\/span><span class=\"f121\">a\u0301<\/span><span class=\"f121\">ulico que requiera un fluido ISO VG 46 y que cumpla las especificaciones DIN 51524 Part 2-HLP.<\/span><\/span><\/p>\n<div class=\"v122 ps783 s908 c801\">\n<div class=\"v122 ps780 s909 c805\">\n<h3><span style=\"background-color: #f2d45a; font-size: 80%;\"><strong>CARACTER\u00cdSTICAS Y BENEFICIOS<\/strong><\/span><\/h3>\n<ul>\n<li class=\"p78 f119\"><span style=\"color: #000000;\">\u00a0<span class=\"f121\">Elevado\u00a0<\/span><span class=\"f121\">i\u0301<\/span><span class=\"f121\">ndice de viscosidad, que garantiza una adecuada lubricaci<\/span><span class=\"f121\">o\u0301<\/span><span class=\"f121\">n, a<\/span><span class=\"f121\">u\u0301<\/span><span class=\"f121\">n en altas temperaturas de trabajo.<\/span><\/span><\/li>\n<li class=\"p78 f119\"><span style=\"color: #000000;\">\u00a0<span class=\"f121\">Posee una excelente estabilidad a la oxidaci<\/span><span class=\"f121\">o\u0301<\/span><span class=\"f121\">n previniendo, de este modo, el deterioro prematuro del lubricante, a<\/span><span class=\"f121\">u\u0301<\/span><span class=\"f121\">n en presencia de burbujas de aire producto del trabajo y de la alta temperatura.<\/span><\/span><\/li>\n<li class=\"p78 f119\"><span style=\"color: #000000;\">\u00a0<span class=\"f121\">Los aditivos antidesgaste incorporados permiten prolongar la vida\u00a0<\/span><span class=\"f121\">u\u0301<\/span><span class=\"f121\">til de todas las partes del sistema.<\/span><\/span><\/li>\n<li class=\"p78 f119\"><span style=\"color: #000000;\"><span class=\"f121\">El bajo punto de escurrimiento logrado por la incorporaci<\/span><span class=\"f121\">o\u0301<\/span><span class=\"f121\">n de aditivos espec<\/span><span class=\"f121\">i\u0301<\/span><span class=\"f121\">ficos de alta calidad, permite un manejo suave, a<\/span><span class=\"f121\">u\u0301<\/span><span class=\"f121\">n en las rigurosas condiciones invernales.<\/span><\/span><\/li>\n<li class=\"p78 f119\"><span style=\"color: #000000;\">\u00a0<span class=\"f121\">El adecuado equilibrio de aditivos anticorrosivos y antiherrumbre, preservan los componentes met<\/span><span class=\"f121\">a\u0301<\/span><span class=\"f121\">licos, a<\/span><span class=\"f121\">u\u0301<\/span><span class=\"f121\">n en presencia de humedad.<\/span><\/span><\/li>\n<li class=\"p78 f119\"><span style=\"color: #000000;\">\u00a0<span class=\"f121\">Los aditivos antiespuma incorporados evitan la oclusi<\/span><span class=\"f121\">o\u0301<\/span><span class=\"f121\">n de aire en el sistema, como as<\/span><span class=\"f121\">i\u0301<\/span><span class=\"f121\">\u00a0tambi<\/span><span class=\"f121\">e\u0301<\/span><span class=\"f121\">n facilitan la eliminaci<\/span><span class=\"f121\">o\u0301<\/span><span class=\"f121\">n de las burbujas formadas, logrando de esta manera un manejo m<\/span><span class=\"f121\">a\u0301<\/span><span class=\"f121\">s preciso y seguro. Su protecci<\/span><span class=\"f121\">o\u0301<\/span><span class=\"f121\">n tambi<\/span><span class=\"f121\">e\u0301<\/span><span class=\"f121\">n se extiende a las gomas y sellos presentes habitualmente en este tipo de circuitos.<\/span><\/span><\/li>\n<\/ul>\n<\/div>\n<\/div>\n<h3><span style=\"background-color: #f2d45a; font-size: 80%;\"><strong>APLICACIONES<\/strong><\/span><\/h3>\n<ul>\n<li class=\"p78 f119\"><span style=\"color: #000000;\">\u00a0<span class=\"f3\">Sistemas de hidr<\/span><span class=\"f3\">a\u0301<\/span><span class=\"f3\">ulicos de potencia en direcciones hidr<\/span><span class=\"f3\">a\u0301<\/span><span class=\"f3\">ulicas.<\/span><\/span><\/li>\n<li class=\"p78 f119\"><span style=\"color: #000000;\"><span class=\"f3\">Sistemas de fluidos hidr<\/span><span class=\"f3\">a\u0301<\/span><span class=\"f3\">ulicos de transmisi<\/span><span class=\"f3\">o\u0301<\/span><span class=\"f3\">n de energ<\/span><span class=\"f3\">i\u0301<\/span><span class=\"f3\">a y lubricaci<\/span><span class=\"f3\">o\u0301<\/span><span class=\"f3\">n de maquinaria en general.<\/span><\/span><\/li>\n<\/ul>\n<div class=\"v1 ps754 s873 c777\">\n<hr \/>\n<p><span style=\"color: #000080;\"><strong><a style=\"color: #000080;\" href=\"https:\/\/pldistribucion.com.ar\/web\/wp-content\/uploads\/msds_drive_fluid_v2__1.pdf\" target=\"_blank\" rel=\"noopener\">Ver hoja de seguridad<\/a><\/strong><\/span><\/p>\n<\/div>\n<p><span style=\"color: #000080;\"><strong><a style=\"color: #000080;\" href=\"https:\/\/pldistribucion.com.ar\/web\/categoria-producto\/lubricantes\/?filter_marcas=gulf\">Ver m\u00e1s productos GULF<\/a><\/strong><\/span><\/p>\n<p><span style=\"color: #000000;\">( Gasolineras Gulf es reconocida mundialmente como una de las marcas m\u00e1s importantes que existen con relaci\u00f3n a la comercializaci\u00f3n de combustibles y lubricantes, sobre todo se destaca como una de las pioneras en la industria, ya que entre otras cosas esta es una empresa que al paso de los a\u00f1os se consagra como una de las m\u00e1s destacadas, esto por la innovaci\u00f3n y la m\u00e1s alta calidad utilizada en sus productos y servicios )<\/span><\/p>\n<p><span style=\"color: #000080;\"><strong><a style=\"color: #000080;\" href=\"https:\/\/www.gulfoillatam.com\/timeline\/company\/\" target=\"_blank\" rel=\"noopener\">Conoce m\u00e1s sobre GULF<\/a><\/strong><\/span><\/p>\n","protected":false},"excerpt":{"rendered":"<p><img loading=\"lazy\" decoding=\"async\" class=\"alignnone wp-image-2445\" src=\"https:\/\/pldistribucion.com.ar\/web\/wp-content\/uploads\/GULF-1-300x276.png\" alt=\"\" width=\"126\" height=\"116\" srcset=\"https:\/\/pldistribucion.com.ar\/web\/wp-content\/uploads\/GULF-1-300x276.png 300w, https:\/\/pldistribucion.com.ar\/web\/wp-content\/uploads\/GULF-1-600x552.png 600w, https:\/\/pldistribucion.com.ar\/web\/wp-content\/uploads\/GULF-1.png 640w\" sizes=\"(max-width: 126px) 100vw, 126px\" \/><\/p>\n<p><strong>BID\u00d3N X 0.946ml <\/strong><strong>\u27a2<\/strong><\/p>\n<h2 style=\"text-align: left;\"><span style=\"font-size: 75%;\"><strong><a rel=\"noopener noreferrer\" href=\"https:\/\/performancelube.mercadoshops.com.ar\/MLA-930730143-aceite-hidraulico-para-direccion-gulf-drive-fluid-0946ml-_JM#position=5&#038;search_layout=stack&#038;type=item&#038;tracking_id=24986ba7-5185-49a5-9a53-307dc4279ae2#position=1&#038;search_layout=stack&#038;type=item&#038;tracking_id=bbc8064c-7b0a-4bdf-bbd3-38c8c93e73bd\" target=\"_blank\" class=\"button primary\"  >\n    <span>VER EN TIENDA ?<\/span>\n  <\/a>\n<\/strong><\/span><\/h2>\n<p><strong>BALDE X 20L <\/strong><strong>\u27a2<\/strong><\/p>\n<h2 style=\"text-align: left;\"><span style=\"font-size: 75%;\"><strong><a rel=\"noopener noreferrer\" href=\"https:\/\/performancelube.mercadoshops.com.ar\/MLA-836853715-aceite-hidraulico-gulf-fluid-drive-x-20-litros-_JM#position=2&#038;search_layout=stack&#038;type=item&#038;tracking_id=ba3cc7ce-f207-4947-9bfc-aada5636cb7d#position=1&#038;search_layout=stack&#038;type=item&#038;tracking_id=bbc8064c-7b0a-4bdf-bbd3-38c8c93e73bd\" target=\"_blank\" class=\"button primary\"  >\n    <span>VER EN TIENDA ?<\/span>\n  <\/a>\n<\/strong><\/span><\/h2>\n<h4><em>PRODUCTOS GULF<\/em><\/h4>\n<p>Empresa internacional dedicada a la comercializaci\u00f3n de combustible y fabricaci\u00f3n y comercializaci\u00f3n de lubricantes de calidad. Hoy en d\u00eda extendiendo la actividad a la construcci\u00f3n de nuevas refiner\u00edas, oleoductos y estaciones de combustible desarrollando la m\u00e1s alta tecnolog\u00eda en refino, formulaci\u00f3n y mezclado de lubricantes.<\/p>\n","protected":false},"featured_media":2566,"comment_status":"open","ping_status":"closed","template":"","meta":[],"product_cat":[16,34],"product_tag":[],"yoast_head":"<!-- This site is optimized with the Yoast SEO plugin v23.0 - https:\/\/yoast.com\/wordpress\/plugins\/seo\/ -->\n<title>GULF DRIVE FLUID ISO VG 46 - Perfomance Lube - Lubricantes<\/title>\n<meta name=\"description\" content=\"Distribuidor de lubricantes GULF de diferentes aplicaciones. Env\u00edos a todo el pa\u00eds. Variedad de productos y stock disponible.\" \/>\n<meta name=\"robots\" content=\"index, follow, max-snippet:-1, max-image-preview:large, max-video-preview:-1\" \/>\n<link rel=\"canonical\" href=\"https:\/\/pldistribucion.com.ar\/web\/producto\/gulf-drive-fluid-iso-vg-46\/\" \/>\n<meta property=\"og:locale\" content=\"es_ES\" \/>\n<meta property=\"og:type\" content=\"article\" \/>\n<meta property=\"og:title\" content=\"GULF DRIVE FLUID ISO VG 46 - Perfomance Lube - Lubricantes\" \/>\n<meta property=\"og:description\" content=\"Distribuidor de lubricantes GULF de diferentes aplicaciones. Env\u00edos a todo el pa\u00eds. Variedad de productos y stock disponible.\" \/>\n<meta property=\"og:url\" content=\"https:\/\/pldistribucion.com.ar\/web\/producto\/gulf-drive-fluid-iso-vg-46\/\" \/>\n<meta property=\"og:site_name\" content=\"Perfomance Lube\" \/>\n<meta property=\"article:modified_time\" content=\"2023-05-18T12:22:00+00:00\" \/>\n<meta property=\"og:image\" content=\"https:\/\/pldistribucion.com.ar\/web\/wp-content\/uploads\/Imagen1.png-FLUID.png\" \/>\n\t<meta property=\"og:image:width\" content=\"249\" \/>\n\t<meta property=\"og:image:height\" content=\"353\" \/>\n\t<meta property=\"og:image:type\" content=\"image\/png\" \/>\n<meta name=\"twitter:card\" content=\"summary_large_image\" \/>\n<meta name=\"twitter:label1\" content=\"Tiempo de lectura\" \/>\n\t<meta name=\"twitter:data1\" content=\"2 minutos\" \/>\n<script type=\"application\/ld+json\" class=\"yoast-schema-graph\">{\"@context\":\"https:\/\/schema.org\",\"@graph\":[{\"@type\":\"WebPage\",\"@id\":\"https:\/\/pldistribucion.com.ar\/web\/producto\/gulf-drive-fluid-iso-vg-46\/\",\"url\":\"https:\/\/pldistribucion.com.ar\/web\/producto\/gulf-drive-fluid-iso-vg-46\/\",\"name\":\"GULF DRIVE FLUID ISO VG 46 - Perfomance Lube - Lubricantes\",\"isPartOf\":{\"@id\":\"https:\/\/pldistribucion.com.ar\/web\/#website\"},\"primaryImageOfPage\":{\"@id\":\"https:\/\/pldistribucion.com.ar\/web\/producto\/gulf-drive-fluid-iso-vg-46\/#primaryimage\"},\"image\":{\"@id\":\"https:\/\/pldistribucion.com.ar\/web\/producto\/gulf-drive-fluid-iso-vg-46\/#primaryimage\"},\"thumbnailUrl\":\"https:\/\/pldistribucion.com.ar\/web\/wp-content\/uploads\/Imagen1.png-FLUID.png\",\"datePublished\":\"2022-01-11T14:19:05+00:00\",\"dateModified\":\"2023-05-18T12:22:00+00:00\",\"description\":\"Distribuidor de lubricantes GULF de diferentes aplicaciones. Env\u00edos a todo el pa\u00eds. Variedad de productos y stock disponible.\",\"breadcrumb\":{\"@id\":\"https:\/\/pldistribucion.com.ar\/web\/producto\/gulf-drive-fluid-iso-vg-46\/#breadcrumb\"},\"inLanguage\":\"es\",\"potentialAction\":[{\"@type\":\"ReadAction\",\"target\":[\"https:\/\/pldistribucion.com.ar\/web\/producto\/gulf-drive-fluid-iso-vg-46\/\"]}]},{\"@type\":\"ImageObject\",\"inLanguage\":\"es\",\"@id\":\"https:\/\/pldistribucion.com.ar\/web\/producto\/gulf-drive-fluid-iso-vg-46\/#primaryimage\",\"url\":\"https:\/\/pldistribucion.com.ar\/web\/wp-content\/uploads\/Imagen1.png-FLUID.png\",\"contentUrl\":\"https:\/\/pldistribucion.com.ar\/web\/wp-content\/uploads\/Imagen1.png-FLUID.png\",\"width\":249,\"height\":353,\"caption\":\"GULF DRIVE FLUID ISO VG 46\"},{\"@type\":\"BreadcrumbList\",\"@id\":\"https:\/\/pldistribucion.com.ar\/web\/producto\/gulf-drive-fluid-iso-vg-46\/#breadcrumb\",\"itemListElement\":[{\"@type\":\"ListItem\",\"position\":1,\"name\":\"Portada\",\"item\":\"https:\/\/pldistribucion.com.ar\/web\/\"},{\"@type\":\"ListItem\",\"position\":2,\"name\":\"Productos\",\"item\":\"https:\/\/pldistribucion.com.ar\/web\/productos\/\"},{\"@type\":\"ListItem\",\"position\":3,\"name\":\"GULF DRIVE FLUID ISO VG 46\"}]},{\"@type\":\"WebSite\",\"@id\":\"https:\/\/pldistribucion.com.ar\/web\/#website\",\"url\":\"https:\/\/pldistribucion.com.ar\/web\/\",\"name\":\"Perfomance Lube\",\"description\":\"\",\"publisher\":{\"@id\":\"https:\/\/pldistribucion.com.ar\/web\/#organization\"},\"potentialAction\":[{\"@type\":\"SearchAction\",\"target\":{\"@type\":\"EntryPoint\",\"urlTemplate\":\"https:\/\/pldistribucion.com.ar\/web\/?s={search_term_string}\"},\"query-input\":\"required name=search_term_string\"}],\"inLanguage\":\"es\"},{\"@type\":\"Organization\",\"@id\":\"https:\/\/pldistribucion.com.ar\/web\/#organization\",\"name\":\"PERFORMANCE LUBE\",\"url\":\"https:\/\/pldistribucion.com.ar\/web\/\",\"logo\":{\"@type\":\"ImageObject\",\"inLanguage\":\"es\",\"@id\":\"https:\/\/pldistribucion.com.ar\/web\/#\/schema\/logo\/image\/\",\"url\":\"https:\/\/pldistribucion.com.ar\/web\/wp-content\/uploads\/pld_logo_GB-removebg-preview.png\",\"contentUrl\":\"https:\/\/pldistribucion.com.ar\/web\/wp-content\/uploads\/pld_logo_GB-removebg-preview.png\",\"width\":787,\"height\":317,\"caption\":\"PERFORMANCE LUBE\"},\"image\":{\"@id\":\"https:\/\/pldistribucion.com.ar\/web\/#\/schema\/logo\/image\/\"}}]}<\/script>\n<!-- \/ Yoast SEO plugin. -->","yoast_head_json":{"title":"GULF DRIVE FLUID ISO VG 46 - Perfomance Lube - Lubricantes","description":"Distribuidor de lubricantes GULF de diferentes aplicaciones. Env\u00edos a todo el pa\u00eds. Variedad de productos y stock disponible.","robots":{"index":"index","follow":"follow","max-snippet":"max-snippet:-1","max-image-preview":"max-image-preview:large","max-video-preview":"max-video-preview:-1"},"canonical":"https:\/\/pldistribucion.com.ar\/web\/producto\/gulf-drive-fluid-iso-vg-46\/","og_locale":"es_ES","og_type":"article","og_title":"GULF DRIVE FLUID ISO VG 46 - Perfomance Lube - Lubricantes","og_description":"Distribuidor de lubricantes GULF de diferentes aplicaciones. Env\u00edos a todo el pa\u00eds. Variedad de productos y stock disponible.","og_url":"https:\/\/pldistribucion.com.ar\/web\/producto\/gulf-drive-fluid-iso-vg-46\/","og_site_name":"Perfomance Lube","article_modified_time":"2023-05-18T12:22:00+00:00","og_image":[{"width":249,"height":353,"url":"https:\/\/pldistribucion.com.ar\/web\/wp-content\/uploads\/Imagen1.png-FLUID.png","type":"image\/png"}],"twitter_card":"summary_large_image","twitter_misc":{"Tiempo de lectura":"2 minutos"},"schema":{"@context":"https:\/\/schema.org","@graph":[{"@type":"WebPage","@id":"https:\/\/pldistribucion.com.ar\/web\/producto\/gulf-drive-fluid-iso-vg-46\/","url":"https:\/\/pldistribucion.com.ar\/web\/producto\/gulf-drive-fluid-iso-vg-46\/","name":"GULF DRIVE FLUID ISO VG 46 - Perfomance Lube - Lubricantes","isPartOf":{"@id":"https:\/\/pldistribucion.com.ar\/web\/#website"},"primaryImageOfPage":{"@id":"https:\/\/pldistribucion.com.ar\/web\/producto\/gulf-drive-fluid-iso-vg-46\/#primaryimage"},"image":{"@id":"https:\/\/pldistribucion.com.ar\/web\/producto\/gulf-drive-fluid-iso-vg-46\/#primaryimage"},"thumbnailUrl":"https:\/\/pldistribucion.com.ar\/web\/wp-content\/uploads\/Imagen1.png-FLUID.png","datePublished":"2022-01-11T14:19:05+00:00","dateModified":"2023-05-18T12:22:00+00:00","description":"Distribuidor de lubricantes GULF de diferentes aplicaciones. Env\u00edos a todo el pa\u00eds. Variedad de productos y stock disponible.","breadcrumb":{"@id":"https:\/\/pldistribucion.com.ar\/web\/producto\/gulf-drive-fluid-iso-vg-46\/#breadcrumb"},"inLanguage":"es","potentialAction":[{"@type":"ReadAction","target":["https:\/\/pldistribucion.com.ar\/web\/producto\/gulf-drive-fluid-iso-vg-46\/"]}]},{"@type":"ImageObject","inLanguage":"es","@id":"https:\/\/pldistribucion.com.ar\/web\/producto\/gulf-drive-fluid-iso-vg-46\/#primaryimage","url":"https:\/\/pldistribucion.com.ar\/web\/wp-content\/uploads\/Imagen1.png-FLUID.png","contentUrl":"https:\/\/pldistribucion.com.ar\/web\/wp-content\/uploads\/Imagen1.png-FLUID.png","width":249,"height":353,"caption":"GULF DRIVE FLUID ISO VG 46"},{"@type":"BreadcrumbList","@id":"https:\/\/pldistribucion.com.ar\/web\/producto\/gulf-drive-fluid-iso-vg-46\/#breadcrumb","itemListElement":[{"@type":"ListItem","position":1,"name":"Portada","item":"https:\/\/pldistribucion.com.ar\/web\/"},{"@type":"ListItem","position":2,"name":"Productos","item":"https:\/\/pldistribucion.com.ar\/web\/productos\/"},{"@type":"ListItem","position":3,"name":"GULF DRIVE FLUID ISO VG 46"}]},{"@type":"WebSite","@id":"https:\/\/pldistribucion.com.ar\/web\/#website","url":"https:\/\/pldistribucion.com.ar\/web\/","name":"Perfomance Lube","description":"","publisher":{"@id":"https:\/\/pldistribucion.com.ar\/web\/#organization"},"potentialAction":[{"@type":"SearchAction","target":{"@type":"EntryPoint","urlTemplate":"https:\/\/pldistribucion.com.ar\/web\/?s={search_term_string}"},"query-input":"required name=search_term_string"}],"inLanguage":"es"},{"@type":"Organization","@id":"https:\/\/pldistribucion.com.ar\/web\/#organization","name":"PERFORMANCE LUBE","url":"https:\/\/pldistribucion.com.ar\/web\/","logo":{"@type":"ImageObject","inLanguage":"es","@id":"https:\/\/pldistribucion.com.ar\/web\/#\/schema\/logo\/image\/","url":"https:\/\/pldistribucion.com.ar\/web\/wp-content\/uploads\/pld_logo_GB-removebg-preview.png","contentUrl":"https:\/\/pldistribucion.com.ar\/web\/wp-content\/uploads\/pld_logo_GB-removebg-preview.png","width":787,"height":317,"caption":"PERFORMANCE LUBE"},"image":{"@id":"https:\/\/pldistribucion.com.ar\/web\/#\/schema\/logo\/image\/"}}]}},"_links":{"self":[{"href":"https:\/\/pldistribucion.com.ar\/web\/wp-json\/wp\/v2\/product\/2554"}],"collection":[{"href":"https:\/\/pldistribucion.com.ar\/web\/wp-json\/wp\/v2\/product"}],"about":[{"href":"https:\/\/pldistribucion.com.ar\/web\/wp-json\/wp\/v2\/types\/product"}],"replies":[{"embeddable":true,"href":"https:\/\/pldistribucion.com.ar\/web\/wp-json\/wp\/v2\/comments?post=2554"}],"wp:featuredmedia":[{"embeddable":true,"href":"https:\/\/pldistribucion.com.ar\/web\/wp-json\/wp\/v2\/media\/2566"}],"wp:attachment":[{"href":"https:\/\/pldistribucion.com.ar\/web\/wp-json\/wp\/v2\/media?parent=2554"}],"wp:term":[{"taxonomy":"product_cat","embeddable":true,"href":"https:\/\/pldistribucion.com.ar\/web\/wp-json\/wp\/v2\/product_cat?post=2554"},{"taxonomy":"product_tag","embeddable":true,"href":"https:\/\/pldistribucion.com.ar\/web\/wp-json\/wp\/v2\/product_tag?post=2554"}],"curies":[{"name":"wp","href":"https:\/\/api.w.org\/{rel}","templated":true}]}}