{"id":1402,"date":"2021-07-27T13:28:59","date_gmt":"2021-07-27T13:28:59","guid":{"rendered":"https:\/\/pldistribucion.com.ar\/web\/?post_type=product&#038;p=1402"},"modified":"2022-04-01T12:26:56","modified_gmt":"2022-04-01T12:26:56","slug":"mobil-pegasus-805","status":"publish","type":"product","link":"https:\/\/pldistribucion.com.ar\/web\/producto\/mobil-pegasus-805\/","title":{"rendered":"MOBIL PEGASUS 805"},"content":{"rendered":"<h1><span style=\"font-size: 80%;\"><em><strong>MOBIL PEGASUS 805<\/strong><\/em><\/span><\/h1>\n<h3><span style=\"font-size: 80%; background-color: #ddb4e0;\"><em><strong>DESCRIPCI\u00d3N DEL PRODUCTO<\/strong><\/em><\/span><\/h3>\n<p><span style=\"color: #000000;\">Mobil Pegasus 805 es un aceite de motores de gas de rendimiento \u00abpremium\u00bb dise\u00f1ado para cumplir con las rigurosas demandas de los motores actuales de cuatro tiempos y alta potencia, dise\u00f1ados para reducir las emisiones y aumentar el ahorro de energ\u00eda. Adem\u00e1s, estos motores a gas generalmente operan bajo condiciones de alta temperatura y alta carga. <\/span><\/p>\n<p><span style=\"color: #000000;\">Tambi\u00e9n, Mobil Pegasus 805 est\u00e1 fabricado a partir de aceites base de alta calidad y un avanzado sistema de aditivos de bajo contenido en cenizas que proporciona una excepcional estabilidad a la oxidaci\u00f3n, resistencia a la nitraci\u00f3n y estabilidad t\u00e9rmica. Por otro lado, su sistema de detergentes y dispersantes controla la formaci\u00f3n de dep\u00f3sitos de carb\u00f3n, lacas y lodos, lo que resulta en motores m\u00e1s limpios, una mayor vida \u00fatil del aceite y menores costos por consumo de filtros.<\/span><\/p>\n<p><span style=\"color: #000000;\">Adem\u00e1s, Mobil Pegasus 805 tambi\u00e9n est\u00e1 dise\u00f1ado para proporcionar una protecci\u00f3n excepcional contra el rayado y desgaste abrasivo de los pistones y el deterioro de los anillos y camisas. Tambi\u00e9n, exhibe una excelente resistencia a la formaci\u00f3n de espuma, buena demulsibilidad y protecci\u00f3n contra la corrosi\u00f3n. Est\u00e1 formulado con niveles muy bajos de zinc y f\u00f3sforo, por lo que es compatible con motores equipados con convertidores catal\u00edticos.<\/span><\/p>\n<h3><span style=\"font-size: 80%; background-color: #ddb4e0;\"><em><strong>CARACTER\u00cdSTICAS Y BENEFICIOS<\/strong><\/em><\/span><\/h3>\n<p><span style=\"color: #000000;\">Mobil Pegasus 805 est\u00e1 dise\u00f1ado para proporcionar una vida \u00fatil \u00f3ptima del motor y bajos costos de mantenimiento. Cumple con una amplia gama de requisitos de los fabricantes de equipos originales, lo que lo convierte en una excelente opci\u00f3n cuando se utilizan motores de cuatro tiempos de alta velocidad de varios fabricantes de equipos originales. Su exclusiva e innovadora tecnolog\u00eda \u00fanica permite el control del desgaste de los componentes del tren de v\u00e1lvulas y reduce la posibilidad de desgaste abrasivo y rayado y el deterioro acelerado de los pistones y anillos. El resultado final son menores costos para la operaci\u00f3n y mantenimiento de sus motores de gas.<\/span><\/p>\n<h3>Sus principales beneficios son:<\/h3>\n<ul>\n<li><span style=\"color: #000000;\">Motores m\u00e1s limpios.<\/span><\/li>\n<li><span style=\"color: #000000;\">Servicio m\u00e1s prolongado del aceite y el filtro.<\/span><\/li>\n<li><span style=\"color: #000000;\">Mejora el rendimiento del motor.<\/span><\/li>\n<li><span style=\"color: #000000;\">Menor rayado, desgaste y deterioro de los pistones y camisas.<\/span><\/li>\n<li><span style=\"color: #000000;\">Alto nivel de protecci\u00f3n en motores totalmente cargados.<\/span><\/li>\n<li><span style=\"color: #000000;\">Menores costos de mantenimiento.<\/span><\/li>\n<li><span style=\"color: #000000;\">Excelente protecci\u00f3n de los componentes del tren de v\u00e1lvulas.<\/span><\/li>\n<li><span style=\"color: #000000;\">Menores niveles de cenizas en la c\u00e1mara de combusti\u00f3n.<\/span><\/li>\n<li><span style=\"color: #000000;\">Una mejor vida \u00fatil de las buj\u00edas.<\/span><\/li>\n<li><span style=\"color: #000000;\">Protege los componentes internos del motor del agua, refrigerante y materiales \u00e1cidos.<\/span><\/li>\n<li><span style=\"color: #000000;\">Neutraliza los \u00e1cidos formados en la combusti\u00f3n o en la degradaci\u00f3n del aceite.<\/span><\/li>\n<li><span style=\"color: #000000;\">Protege los componentes de los trenes de v\u00e1lvulas.<\/span><\/li>\n<li><span style=\"color: #000000;\">Reduce la formaci\u00f3n de dep\u00f3sitos de cenizas y carb\u00f3n en la c\u00e1mara de combusti\u00f3n.<\/span><\/li>\n<li><span style=\"color: #000000;\">Mejora la vida \u00fatil y el rendimiento de las buj\u00edas.<\/span><\/li>\n<li><span style=\"color: #000000;\">Reduce los costos de reemplazo de los filtros.<\/span><\/li>\n<\/ul>\n<h3><span style=\"font-size: 80%; background-color: #ddb4e0;\"><em><strong>APLICACIONES<\/strong><\/em><\/span><\/h3>\n<ul>\n<li><span style=\"color: #000000;\">Caterpillar, Superior, Waukesha y otros motores de cuatro tiempos turboalimentados, de aspiraci\u00f3n natural y de velocidad. media a alta que requieren aceites con bajo contenido en cenizas.<\/span><\/li>\n<li><span style=\"color: #000000;\">Motores que experimentan desgaste en las caras y asientos de las v\u00e1lvulas.<\/span><\/li>\n<li><span style=\"color: #000000;\">En motores de cuatro tiempos de mezcla pobre y estequiom\u00e9trica.<\/span><\/li>\n<li><span style=\"color: #000000;\">Motores equipados con convertidor catal\u00edtico.<\/span><\/li>\n<li><span style=\"color: #000000;\">Aplicaciones que usan combustibles alternativos que contienen bajos niveles de azufre o cloro<\/span><\/li>\n<li><span style=\"color: #000000;\">En operaciones de recolecci\u00f3n de gas en campo donde se utiliza gas \u00e1cido (bajo contenido de H2S) como combustible.<\/span><\/li>\n<\/ul>\n<p><span style=\"color: #0000ff;\"><strong><a style=\"color: #0000ff;\" href=\"https:\/\/pldistribucion.com.ar\/web\/wp-content\/uploads\/GL-XX-Mobil-Pegasus-805-1.pdf\" target=\"_blank\" rel=\"noopener noreferrer\">Ver ficha t\u00e9cnica \/ <\/a><a style=\"color: #0000ff;\" href=\"https:\/\/pldistribucion.com.ar\/web\/wp-content\/uploads\/S3-1.pdf\" target=\"_blank\" rel=\"noopener\">Ver hoja de seguridad<\/a><\/strong><\/span><\/p>\n<p><span style=\"color: #0000ff;\"><strong><a style=\"color: #0000ff;\" href=\"https:\/\/pldistribucion.com.ar\/web\/categoria-producto\/lubricantes\/?filter_marcas=mobil\">Ver m\u00e1s productos MOBIL<\/a><\/strong><\/span><\/p>\n<p><span style=\"color: #000000;\">( Esta compa\u00f1\u00eda fue fundada en 1870 bajo el nombre de Standard Oil Company por el estadounidense John D. Rockefeller, tomando en 1920 como registro el nombre comercial de \u201cMobiloil\u201d. Debido a esto, el logo de la marca tambi\u00e9n evoluciona y en 1955, se adopta la marca denominativa \u201c<strong>Mobil<\/strong>\u201d, que se coloc\u00f3 dentro de una forma de escudo y desde este tiempo se ha mantenido el esquema de su color caracter\u00edstico en rojo y azul. Desde autom\u00f3viles, motos y camiones hasta aviones y cohetes espaciales: Mobil mueve la industria, la econom\u00eda y los l\u00edmites&#8230;)<\/span><\/p>\n<p><strong><span style=\"color: #0000ff;\"><a style=\"color: #0000ff;\" href=\"https:\/\/www.mobil.com\/en\/\" target=\"_blank\" rel=\"noopener\">Conoce m\u00e1s sobre MOBIL<\/a><\/span><\/strong><\/p>\n","protected":false},"excerpt":{"rendered":"<p><img loading=\"lazy\" decoding=\"async\" class=\"alignnone size-medium wp-image-259\" src=\"https:\/\/pldistribucion.com.ar\/web\/wp-content\/uploads\/Mobil_logo-300x300.jpg\" alt=\"\" width=\"300\" height=\"300\" \/><\/p>\n<h1>Lubricantes MOBIL<\/h1>\n<p><strong>Mobil<\/strong> tiene una l\u00ednea de lubricantes exclusivas para cada segmento de operaci\u00f3n que cumple con las especificaciones mas diversas del mercado, ya sea con Mobil Delvac \u2122 para camiones pesados y livianos, Mobil Super \u2122 para autom\u00f3viles, Mobil Super Moto \u2122 para motos, y Mobil \u2122 para industrias, generamos movimiento para todo tipo de veh\u00edculos y motores.<\/p>\n","protected":false},"featured_media":1123,"comment_status":"open","ping_status":"closed","template":"","meta":[],"product_cat":[16,34],"product_tag":[],"yoast_head":"<!-- This site is optimized with the Yoast SEO plugin v23.0 - https:\/\/yoast.com\/wordpress\/plugins\/seo\/ -->\n<title>MOBIL PEGASUS 805 - Perfomance Lube -Lubricantes<\/title>\n<meta name=\"description\" content=\"Distribuidor de lubricantes MOBIL de diferentes aplicaciones. Env\u00edos a todo el pa\u00eds. Variedad de productos y stock disponible.MOBIL PEGASUS 805\" \/>\n<meta name=\"robots\" content=\"index, follow, max-snippet:-1, max-image-preview:large, max-video-preview:-1\" \/>\n<link rel=\"canonical\" href=\"https:\/\/pldistribucion.com.ar\/web\/producto\/mobil-pegasus-805\/\" \/>\n<meta property=\"og:locale\" content=\"es_ES\" \/>\n<meta property=\"og:type\" content=\"article\" \/>\n<meta property=\"og:title\" content=\"MOBIL PEGASUS 805 - Perfomance Lube -Lubricantes\" \/>\n<meta property=\"og:description\" content=\"Distribuidor de lubricantes MOBIL de diferentes aplicaciones. Env\u00edos a todo el pa\u00eds. Variedad de productos y stock disponible.MOBIL PEGASUS 805\" \/>\n<meta property=\"og:url\" content=\"https:\/\/pldistribucion.com.ar\/web\/producto\/mobil-pegasus-805\/\" \/>\n<meta property=\"og:site_name\" content=\"Perfomance Lube\" \/>\n<meta property=\"article:modified_time\" content=\"2022-04-01T12:26:56+00:00\" \/>\n<meta property=\"og:image\" content=\"https:\/\/pldistribucion.com.ar\/web\/wp-content\/uploads\/mobbb.jpg\" \/>\n\t<meta property=\"og:image:width\" content=\"487\" \/>\n\t<meta property=\"og:image:height\" content=\"589\" \/>\n\t<meta property=\"og:image:type\" content=\"image\/jpeg\" \/>\n<meta name=\"twitter:card\" content=\"summary_large_image\" \/>\n<meta name=\"twitter:label1\" content=\"Tiempo de lectura\" \/>\n\t<meta name=\"twitter:data1\" content=\"3 minutos\" \/>\n<script type=\"application\/ld+json\" class=\"yoast-schema-graph\">{\"@context\":\"https:\/\/schema.org\",\"@graph\":[{\"@type\":\"WebPage\",\"@id\":\"https:\/\/pldistribucion.com.ar\/web\/producto\/mobil-pegasus-805\/\",\"url\":\"https:\/\/pldistribucion.com.ar\/web\/producto\/mobil-pegasus-805\/\",\"name\":\"MOBIL PEGASUS 805 - Perfomance Lube -Lubricantes\",\"isPartOf\":{\"@id\":\"https:\/\/pldistribucion.com.ar\/web\/#website\"},\"primaryImageOfPage\":{\"@id\":\"https:\/\/pldistribucion.com.ar\/web\/producto\/mobil-pegasus-805\/#primaryimage\"},\"image\":{\"@id\":\"https:\/\/pldistribucion.com.ar\/web\/producto\/mobil-pegasus-805\/#primaryimage\"},\"thumbnailUrl\":\"https:\/\/pldistribucion.com.ar\/web\/wp-content\/uploads\/mobbb.jpg\",\"datePublished\":\"2021-07-27T13:28:59+00:00\",\"dateModified\":\"2022-04-01T12:26:56+00:00\",\"description\":\"Distribuidor de lubricantes MOBIL de diferentes aplicaciones. Env\u00edos a todo el pa\u00eds. Variedad de productos y stock disponible.MOBIL PEGASUS 805\",\"breadcrumb\":{\"@id\":\"https:\/\/pldistribucion.com.ar\/web\/producto\/mobil-pegasus-805\/#breadcrumb\"},\"inLanguage\":\"es\",\"potentialAction\":[{\"@type\":\"ReadAction\",\"target\":[\"https:\/\/pldistribucion.com.ar\/web\/producto\/mobil-pegasus-805\/\"]}]},{\"@type\":\"ImageObject\",\"inLanguage\":\"es\",\"@id\":\"https:\/\/pldistribucion.com.ar\/web\/producto\/mobil-pegasus-805\/#primaryimage\",\"url\":\"https:\/\/pldistribucion.com.ar\/web\/wp-content\/uploads\/mobbb.jpg\",\"contentUrl\":\"https:\/\/pldistribucion.com.ar\/web\/wp-content\/uploads\/mobbb.jpg\",\"width\":487,\"height\":589,\"caption\":\"MOBIL GREASE CM-L\"},{\"@type\":\"BreadcrumbList\",\"@id\":\"https:\/\/pldistribucion.com.ar\/web\/producto\/mobil-pegasus-805\/#breadcrumb\",\"itemListElement\":[{\"@type\":\"ListItem\",\"position\":1,\"name\":\"Portada\",\"item\":\"https:\/\/pldistribucion.com.ar\/web\/\"},{\"@type\":\"ListItem\",\"position\":2,\"name\":\"Productos\",\"item\":\"https:\/\/pldistribucion.com.ar\/web\/productos\/\"},{\"@type\":\"ListItem\",\"position\":3,\"name\":\"MOBIL PEGASUS 805\"}]},{\"@type\":\"WebSite\",\"@id\":\"https:\/\/pldistribucion.com.ar\/web\/#website\",\"url\":\"https:\/\/pldistribucion.com.ar\/web\/\",\"name\":\"Perfomance Lube\",\"description\":\"\",\"publisher\":{\"@id\":\"https:\/\/pldistribucion.com.ar\/web\/#organization\"},\"potentialAction\":[{\"@type\":\"SearchAction\",\"target\":{\"@type\":\"EntryPoint\",\"urlTemplate\":\"https:\/\/pldistribucion.com.ar\/web\/?s={search_term_string}\"},\"query-input\":\"required name=search_term_string\"}],\"inLanguage\":\"es\"},{\"@type\":\"Organization\",\"@id\":\"https:\/\/pldistribucion.com.ar\/web\/#organization\",\"name\":\"PERFORMANCE LUBE\",\"url\":\"https:\/\/pldistribucion.com.ar\/web\/\",\"logo\":{\"@type\":\"ImageObject\",\"inLanguage\":\"es\",\"@id\":\"https:\/\/pldistribucion.com.ar\/web\/#\/schema\/logo\/image\/\",\"url\":\"https:\/\/pldistribucion.com.ar\/web\/wp-content\/uploads\/pld_logo_GB-removebg-preview.png\",\"contentUrl\":\"https:\/\/pldistribucion.com.ar\/web\/wp-content\/uploads\/pld_logo_GB-removebg-preview.png\",\"width\":787,\"height\":317,\"caption\":\"PERFORMANCE LUBE\"},\"image\":{\"@id\":\"https:\/\/pldistribucion.com.ar\/web\/#\/schema\/logo\/image\/\"}}]}<\/script>\n<!-- \/ Yoast SEO plugin. -->","yoast_head_json":{"title":"MOBIL PEGASUS 805 - Perfomance Lube -Lubricantes","description":"Distribuidor de lubricantes MOBIL de diferentes aplicaciones. Env\u00edos a todo el pa\u00eds. Variedad de productos y stock disponible.MOBIL PEGASUS 805","robots":{"index":"index","follow":"follow","max-snippet":"max-snippet:-1","max-image-preview":"max-image-preview:large","max-video-preview":"max-video-preview:-1"},"canonical":"https:\/\/pldistribucion.com.ar\/web\/producto\/mobil-pegasus-805\/","og_locale":"es_ES","og_type":"article","og_title":"MOBIL PEGASUS 805 - Perfomance Lube -Lubricantes","og_description":"Distribuidor de lubricantes MOBIL de diferentes aplicaciones. Env\u00edos a todo el pa\u00eds. Variedad de productos y stock disponible.MOBIL PEGASUS 805","og_url":"https:\/\/pldistribucion.com.ar\/web\/producto\/mobil-pegasus-805\/","og_site_name":"Perfomance Lube","article_modified_time":"2022-04-01T12:26:56+00:00","og_image":[{"width":487,"height":589,"url":"https:\/\/pldistribucion.com.ar\/web\/wp-content\/uploads\/mobbb.jpg","type":"image\/jpeg"}],"twitter_card":"summary_large_image","twitter_misc":{"Tiempo de lectura":"3 minutos"},"schema":{"@context":"https:\/\/schema.org","@graph":[{"@type":"WebPage","@id":"https:\/\/pldistribucion.com.ar\/web\/producto\/mobil-pegasus-805\/","url":"https:\/\/pldistribucion.com.ar\/web\/producto\/mobil-pegasus-805\/","name":"MOBIL PEGASUS 805 - Perfomance Lube -Lubricantes","isPartOf":{"@id":"https:\/\/pldistribucion.com.ar\/web\/#website"},"primaryImageOfPage":{"@id":"https:\/\/pldistribucion.com.ar\/web\/producto\/mobil-pegasus-805\/#primaryimage"},"image":{"@id":"https:\/\/pldistribucion.com.ar\/web\/producto\/mobil-pegasus-805\/#primaryimage"},"thumbnailUrl":"https:\/\/pldistribucion.com.ar\/web\/wp-content\/uploads\/mobbb.jpg","datePublished":"2021-07-27T13:28:59+00:00","dateModified":"2022-04-01T12:26:56+00:00","description":"Distribuidor de lubricantes MOBIL de diferentes aplicaciones. Env\u00edos a todo el pa\u00eds. Variedad de productos y stock disponible.MOBIL PEGASUS 805","breadcrumb":{"@id":"https:\/\/pldistribucion.com.ar\/web\/producto\/mobil-pegasus-805\/#breadcrumb"},"inLanguage":"es","potentialAction":[{"@type":"ReadAction","target":["https:\/\/pldistribucion.com.ar\/web\/producto\/mobil-pegasus-805\/"]}]},{"@type":"ImageObject","inLanguage":"es","@id":"https:\/\/pldistribucion.com.ar\/web\/producto\/mobil-pegasus-805\/#primaryimage","url":"https:\/\/pldistribucion.com.ar\/web\/wp-content\/uploads\/mobbb.jpg","contentUrl":"https:\/\/pldistribucion.com.ar\/web\/wp-content\/uploads\/mobbb.jpg","width":487,"height":589,"caption":"MOBIL GREASE CM-L"},{"@type":"BreadcrumbList","@id":"https:\/\/pldistribucion.com.ar\/web\/producto\/mobil-pegasus-805\/#breadcrumb","itemListElement":[{"@type":"ListItem","position":1,"name":"Portada","item":"https:\/\/pldistribucion.com.ar\/web\/"},{"@type":"ListItem","position":2,"name":"Productos","item":"https:\/\/pldistribucion.com.ar\/web\/productos\/"},{"@type":"ListItem","position":3,"name":"MOBIL PEGASUS 805"}]},{"@type":"WebSite","@id":"https:\/\/pldistribucion.com.ar\/web\/#website","url":"https:\/\/pldistribucion.com.ar\/web\/","name":"Perfomance Lube","description":"","publisher":{"@id":"https:\/\/pldistribucion.com.ar\/web\/#organization"},"potentialAction":[{"@type":"SearchAction","target":{"@type":"EntryPoint","urlTemplate":"https:\/\/pldistribucion.com.ar\/web\/?s={search_term_string}"},"query-input":"required name=search_term_string"}],"inLanguage":"es"},{"@type":"Organization","@id":"https:\/\/pldistribucion.com.ar\/web\/#organization","name":"PERFORMANCE LUBE","url":"https:\/\/pldistribucion.com.ar\/web\/","logo":{"@type":"ImageObject","inLanguage":"es","@id":"https:\/\/pldistribucion.com.ar\/web\/#\/schema\/logo\/image\/","url":"https:\/\/pldistribucion.com.ar\/web\/wp-content\/uploads\/pld_logo_GB-removebg-preview.png","contentUrl":"https:\/\/pldistribucion.com.ar\/web\/wp-content\/uploads\/pld_logo_GB-removebg-preview.png","width":787,"height":317,"caption":"PERFORMANCE LUBE"},"image":{"@id":"https:\/\/pldistribucion.com.ar\/web\/#\/schema\/logo\/image\/"}}]}},"_links":{"self":[{"href":"https:\/\/pldistribucion.com.ar\/web\/wp-json\/wp\/v2\/product\/1402"}],"collection":[{"href":"https:\/\/pldistribucion.com.ar\/web\/wp-json\/wp\/v2\/product"}],"about":[{"href":"https:\/\/pldistribucion.com.ar\/web\/wp-json\/wp\/v2\/types\/product"}],"replies":[{"embeddable":true,"href":"https:\/\/pldistribucion.com.ar\/web\/wp-json\/wp\/v2\/comments?post=1402"}],"wp:featuredmedia":[{"embeddable":true,"href":"https:\/\/pldistribucion.com.ar\/web\/wp-json\/wp\/v2\/media\/1123"}],"wp:attachment":[{"href":"https:\/\/pldistribucion.com.ar\/web\/wp-json\/wp\/v2\/media?parent=1402"}],"wp:term":[{"taxonomy":"product_cat","embeddable":true,"href":"https:\/\/pldistribucion.com.ar\/web\/wp-json\/wp\/v2\/product_cat?post=1402"},{"taxonomy":"product_tag","embeddable":true,"href":"https:\/\/pldistribucion.com.ar\/web\/wp-json\/wp\/v2\/product_tag?post=1402"}],"curies":[{"name":"wp","href":"https:\/\/api.w.org\/{rel}","templated":true}]}}